{"id":42819,"date":"2026-04-19T15:29:53","date_gmt":"2026-04-19T15:29:53","guid":{"rendered":"https:\/\/singuli.wpress.me\/index.php\/proizvod\/spirax-s3-g-80w90-mjenjacko-ulje-20-l\/"},"modified":"2026-04-21T00:27:21","modified_gmt":"2026-04-21T00:27:21","slug":"spirax-s3-g-80w90-mjenjacko-ulje-20-l","status":"publish","type":"product","link":"https:\/\/singuli.wpress.me\/index.php\/proizvod\/spirax-s3-g-80w90-mjenjacko-ulje-20-l\/","title":{"rendered":"SPIRAX S3 G 80W90, mjenja\u010dko ulje, 20\u00a0l"},"content":{"rendered":"<p>Visokokvalitetno ulje za ru\u010dne mjenja\u010de za MAN, ZF kao i za druge proizvo\u0111a\u010de originalne opreme. Karakterizira ga dugotrajnost te pobolj\u0161ana svojstva u smislu performansi i zahtjeva za podmazivanjem mjenja\u010da. Omogu\u0107ava dulje intervale izmjene zbog visokih rezervi aditiva kao i visoke oksidacijske stabilnosti. Idealna smi\u010dno-stabilna formulacija daje unaprije\u0111ene karakteristike tecljivosti i promjena brzina pri niskim temperaturama. Smanjeni utjecaj na okoli\u0161 zbog zna\u010dajno ni\u017eeg sadr\u017eaja klora. <\/p>\n<p>Specifikacija: MAN 341 Tip Z2 i 341 tip E2, ZF TE-ML 016A-17A-19A, API GL-4, Eaton (biv\u0161i US), Zadovoljava Isuzu.<\/p>\n","protected":false},"excerpt":{"rendered":"<p>Dulji intervali izmjene<br \/>\nNi\u017ei sadr\u017eaj klora<br \/>\nUlje za ru\u010dne mjenja\u010de<\/p>\n","protected":false},"featured_media":0,"template":"","meta":{"_seopress_robots_primary_cat":"","_seopress_titles_title":"","_seopress_titles_desc":"","_seopress_robots_index":"","iawp_total_views":0},"product_brand":[371],"product_cat":[243,276],"product_tag":[],"class_list":{"0":"post-42819","1":"product","2":"type-product","3":"status-publish","5":"product_brand-spirax","6":"product_cat-automobili-i-motori","7":"product_cat-industrijska-i-specijalna-ulja-243","9":"first","10":"outofstock","11":"shipping-taxable","12":"purchasable","13":"product-type-simple"},"_links":{"self":[{"href":"https:\/\/singuli.wpress.me\/index.php\/wp-json\/wp\/v2\/product\/42819","targetHints":{"allow":["GET"]}}],"collection":[{"href":"https:\/\/singuli.wpress.me\/index.php\/wp-json\/wp\/v2\/product"}],"about":[{"href":"https:\/\/singuli.wpress.me\/index.php\/wp-json\/wp\/v2\/types\/product"}],"version-history":[{"count":0,"href":"https:\/\/singuli.wpress.me\/index.php\/wp-json\/wp\/v2\/product\/42819\/revisions"}],"wp:attachment":[{"href":"https:\/\/singuli.wpress.me\/index.php\/wp-json\/wp\/v2\/media?parent=42819"}],"wp:term":[{"taxonomy":"product_brand","embeddable":true,"href":"https:\/\/singuli.wpress.me\/index.php\/wp-json\/wp\/v2\/product_brand?post=42819"},{"taxonomy":"product_cat","embeddable":true,"href":"https:\/\/singuli.wpress.me\/index.php\/wp-json\/wp\/v2\/product_cat?post=42819"},{"taxonomy":"product_tag","embeddable":true,"href":"https:\/\/singuli.wpress.me\/index.php\/wp-json\/wp\/v2\/product_tag?post=42819"}],"curies":[{"name":"wp","href":"https:\/\/api.w.org\/{rel}","templated":true}]}}