{"id":42827,"date":"2026-04-19T15:29:56","date_gmt":"2026-04-19T15:29:56","guid":{"rendered":"https:\/\/singuli.wpress.me\/index.php\/proizvod\/bison-ljepilo-za-cipele-55-ml\/"},"modified":"2026-04-21T00:27:21","modified_gmt":"2026-04-21T00:27:21","slug":"bison-ljepilo-za-cipele-55-ml","status":"publish","type":"product","link":"https:\/\/singuli.wpress.me\/index.php\/proizvod\/bison-ljepilo-za-cipele-55-ml\/","title":{"rendered":"BISON, ljepilo, za cipele, 55\u00a0ml"},"content":{"rendered":"<p>Super sna\u017eno, kristalno \u010disto, univerzalno kontaktno ljepilo za cipele.<\/p>\n<p>Idealno za lijepljenje mnogih prozirnih materijala, poput pleksiglasa, perspeksa, polikarbonata. Tako\u0111er lijepi (sinteti\u010dku) ko\u017eu, vinil, mekani PVC, pluto, platno, tekstil i mnoge krute i meke sintetike, uklju\u010duju\u0107i PVC, ABS i polistiren. Vrlo pogodno za popravak predmeta kao \u0161to su cipele, torbe, igra\u010dke, korice za knjige, plo\u010dice s imenima i stvaranje ru\u010dnih radova (hobi). Idealno pogodno za lijepljenje PVC obloge za ribnjak.<\/p>\n<p>Nije prikladno za polistirensku  pjenu (Tempex\u00ae), PE, PP, PTFE i vinil.<\/p>\n","protected":false},"excerpt":{"rendered":"<p>Super sna\u017eno<br \/>\nPrikladno za materijale pod naprezanjem<br \/>\nOtporno na vlagu i mraz<\/p>\n","protected":false},"featured_media":0,"template":"","meta":{"_seopress_robots_primary_cat":"","_seopress_titles_title":"","_seopress_titles_desc":"","_seopress_robots_index":"","iawp_total_views":0},"product_brand":[494],"product_cat":[264,238],"product_tag":[],"class_list":{"0":"post-42827","1":"product","2":"type-product","3":"status-publish","5":"product_brand-bison","6":"product_cat-ljepila-i-brtvila-238","7":"product_cat-sve-za-dom","9":"first","10":"outofstock","11":"shipping-taxable","12":"purchasable","13":"product-type-simple"},"_links":{"self":[{"href":"https:\/\/singuli.wpress.me\/index.php\/wp-json\/wp\/v2\/product\/42827","targetHints":{"allow":["GET"]}}],"collection":[{"href":"https:\/\/singuli.wpress.me\/index.php\/wp-json\/wp\/v2\/product"}],"about":[{"href":"https:\/\/singuli.wpress.me\/index.php\/wp-json\/wp\/v2\/types\/product"}],"version-history":[{"count":0,"href":"https:\/\/singuli.wpress.me\/index.php\/wp-json\/wp\/v2\/product\/42827\/revisions"}],"wp:attachment":[{"href":"https:\/\/singuli.wpress.me\/index.php\/wp-json\/wp\/v2\/media?parent=42827"}],"wp:term":[{"taxonomy":"product_brand","embeddable":true,"href":"https:\/\/singuli.wpress.me\/index.php\/wp-json\/wp\/v2\/product_brand?post=42827"},{"taxonomy":"product_cat","embeddable":true,"href":"https:\/\/singuli.wpress.me\/index.php\/wp-json\/wp\/v2\/product_cat?post=42827"},{"taxonomy":"product_tag","embeddable":true,"href":"https:\/\/singuli.wpress.me\/index.php\/wp-json\/wp\/v2\/product_tag?post=42827"}],"curies":[{"name":"wp","href":"https:\/\/api.w.org\/{rel}","templated":true}]}}