{"id":42859,"date":"2026-04-19T15:30:08","date_gmt":"2026-04-19T15:30:08","guid":{"rendered":"https:\/\/singuli.wpress.me\/index.php\/proizvod\/gillette-venus-extra-smooth-zamjenske-britvice-4-kom-2\/"},"modified":"2026-04-20T12:33:49","modified_gmt":"2026-04-20T12:33:49","slug":"gillette-venus-extra-smooth-zamjenske-britvice-4-kom-2","status":"publish","type":"product","link":"https:\/\/singuli.wpress.me\/index.php\/proizvod\/gillette-venus-extra-smooth-zamjenske-britvice-4-kom-2\/","title":{"rendered":"GILLETTE Venus Extra Smooth, zamjenske britvice, 4\u00a0kom"},"content":{"rendered":"<p>O\u0161trice Venusovih brija\u010da i britvica za \u017eene dizajnirane su upravo za \u017eensko tijelo. <\/p>\n<p>Brija\u010d za \u017eene Venus Extra Smooth omogu\u0107uje temeljito, kontrolirano brijanje. <\/p>\n<p>Zamjenske britvice imaju 5 o\u0161trica za iznimno temeljito brijanje. <\/p>\n<p>O\u0161trice \u017eenskog brija\u010da re\u017eu bli\u017ee ko\u017ei za dugotrajnije rezultate glatko\u0107e. Vla\u017ena trakica koja se aktivira u kontaktu s vodom poma\u017ee za\u0161tititi ko\u017eu od posjekotina. <\/p>\n<p>Sve britvice Venus mogu se koristiti sa svim dr\u0161kama Venus (osim Simply Venus i Venus Pubic Hair and Skin).<\/p>\n","protected":false},"excerpt":{"rendered":"<p>Venus Extra Smooth omogu\u0107uje temeljito, kontrolirano brijanje<br \/>\nZamjenske britvice imaju 5 o\u0161trica<br \/>\nOdgovaraju gotovo svim dr\u0161kama aparata za brijanje Venus<\/p>\n","protected":false},"featured_media":0,"template":"","meta":{"_seopress_robots_primary_cat":"","_seopress_titles_title":"","_seopress_titles_desc":"","_seopress_robots_index":"","iawp_total_views":0},"product_brand":[323],"product_cat":[280,192,279],"product_tag":[],"class_list":{"0":"post-42859","1":"product","2":"type-product","3":"status-publish","5":"product_brand-gillette","6":"product_cat-aparati-za-muskarce-279","7":"product_cat-aparati-za-osobnu-njegu","8":"product_cat-brijanje-i-sisanje-192","10":"first","11":"outofstock","12":"shipping-taxable","13":"purchasable","14":"product-type-simple"},"_links":{"self":[{"href":"https:\/\/singuli.wpress.me\/index.php\/wp-json\/wp\/v2\/product\/42859","targetHints":{"allow":["GET"]}}],"collection":[{"href":"https:\/\/singuli.wpress.me\/index.php\/wp-json\/wp\/v2\/product"}],"about":[{"href":"https:\/\/singuli.wpress.me\/index.php\/wp-json\/wp\/v2\/types\/product"}],"version-history":[{"count":0,"href":"https:\/\/singuli.wpress.me\/index.php\/wp-json\/wp\/v2\/product\/42859\/revisions"}],"wp:attachment":[{"href":"https:\/\/singuli.wpress.me\/index.php\/wp-json\/wp\/v2\/media?parent=42859"}],"wp:term":[{"taxonomy":"product_brand","embeddable":true,"href":"https:\/\/singuli.wpress.me\/index.php\/wp-json\/wp\/v2\/product_brand?post=42859"},{"taxonomy":"product_cat","embeddable":true,"href":"https:\/\/singuli.wpress.me\/index.php\/wp-json\/wp\/v2\/product_cat?post=42859"},{"taxonomy":"product_tag","embeddable":true,"href":"https:\/\/singuli.wpress.me\/index.php\/wp-json\/wp\/v2\/product_tag?post=42859"}],"curies":[{"name":"wp","href":"https:\/\/api.w.org\/{rel}","templated":true}]}}