{"id":42864,"date":"2026-04-19T15:30:10","date_gmt":"2026-04-19T15:30:10","guid":{"rendered":"https:\/\/singuli.wpress.me\/index.php\/proizvod\/gillette-mach3-brijac-s-zamjenskim-britvicama-2-kom\/"},"modified":"2026-04-20T12:33:49","modified_gmt":"2026-04-20T12:33:49","slug":"gillette-mach3-brijac-s-zamjenskim-britvicama-2-kom","status":"publish","type":"product","link":"https:\/\/singuli.wpress.me\/index.php\/proizvod\/gillette-mach3-brijac-s-zamjenskim-britvicama-2-kom\/","title":{"rendered":"GILLETTE Mach3, brija\u010d s zamjenskim britvicama, 2\u00a0kom"},"content":{"rendered":"<p>Brija\u010d za mu\u0161karce Gillette Mach3 dizajniran je za precizno, klasi\u010dno brijanje kojem mo\u017eete vjerovati. <\/p>\n<p>Tri o\u0161trice \u010dvr\u0161\u0107e od \u010delika dulje ostaju o\u0161tre (u odnosu na Blue3) \u0161to \u010dini ovaj brija\u010d najboljim brija\u010dem s 3 o\u0161trice na svijetu (izra\u010dun tvrtke Procter &amp; Gamble na temelju Nielsenovih podataka o prodaji mu\u0161kih brija\u010da s 3 o\u0161trice od rujna 2018. do kolovoza 2019.).<\/p>\n","protected":false},"excerpt":{"rendered":"<p>Brija\u010d s 3 \u010deli\u010dne o\u0161trice za klasi\u010dno glatko brijanje<br \/>\nO\u0161trice omogu\u0107uju do 15 brijanja<br \/>\nUravnote\u017een i te\u017eak ergonomski rukohvat<\/p>\n","protected":false},"featured_media":0,"template":"","meta":{"_seopress_robots_primary_cat":"","_seopress_titles_title":"","_seopress_titles_desc":"","_seopress_robots_index":"","iawp_total_views":0},"product_brand":[323],"product_cat":[280,192,279],"product_tag":[],"class_list":{"0":"post-42864","1":"product","2":"type-product","3":"status-publish","5":"product_brand-gillette","6":"product_cat-aparati-za-muskarce-279","7":"product_cat-aparati-za-osobnu-njegu","8":"product_cat-brijanje-i-sisanje-192","10":"first","11":"outofstock","12":"shipping-taxable","13":"purchasable","14":"product-type-simple"},"_links":{"self":[{"href":"https:\/\/singuli.wpress.me\/index.php\/wp-json\/wp\/v2\/product\/42864","targetHints":{"allow":["GET"]}}],"collection":[{"href":"https:\/\/singuli.wpress.me\/index.php\/wp-json\/wp\/v2\/product"}],"about":[{"href":"https:\/\/singuli.wpress.me\/index.php\/wp-json\/wp\/v2\/types\/product"}],"version-history":[{"count":0,"href":"https:\/\/singuli.wpress.me\/index.php\/wp-json\/wp\/v2\/product\/42864\/revisions"}],"wp:attachment":[{"href":"https:\/\/singuli.wpress.me\/index.php\/wp-json\/wp\/v2\/media?parent=42864"}],"wp:term":[{"taxonomy":"product_brand","embeddable":true,"href":"https:\/\/singuli.wpress.me\/index.php\/wp-json\/wp\/v2\/product_brand?post=42864"},{"taxonomy":"product_cat","embeddable":true,"href":"https:\/\/singuli.wpress.me\/index.php\/wp-json\/wp\/v2\/product_cat?post=42864"},{"taxonomy":"product_tag","embeddable":true,"href":"https:\/\/singuli.wpress.me\/index.php\/wp-json\/wp\/v2\/product_tag?post=42864"}],"curies":[{"name":"wp","href":"https:\/\/api.w.org\/{rel}","templated":true}]}}