{"id":42870,"date":"2026-04-19T15:30:12","date_gmt":"2026-04-19T15:30:12","guid":{"rendered":"https:\/\/singuli.wpress.me\/index.php\/proizvod\/medex-propolis-na-bezalkoholnoj-osnovi-kapi-15-ml\/"},"modified":"2026-04-20T12:33:49","modified_gmt":"2026-04-20T12:33:49","slug":"medex-propolis-na-bezalkoholnoj-osnovi-kapi-15-ml","status":"publish","type":"product","link":"https:\/\/singuli.wpress.me\/index.php\/proizvod\/medex-propolis-na-bezalkoholnoj-osnovi-kapi-15-ml\/","title":{"rendered":"MEDEX Propolis na bezalkoholnoj osnovi, kapi, 15\u00a0ml"},"content":{"rendered":"<p>Propolis u bezalkoholnoj otopini primjeren za vanjsku primjenu. Njeguje i \u0161titi usta i usnu sluznicu te obnavlja i \u0161titi ko\u017eu djece i odraslih.   Rije\u010d propolis poti\u010de iz gr\u010dkog jezika i zna\u010di obranu grada. Kao prirodnu za\u0161titu koriste ga i p\u010dele, kojima propolis ve\u0107 45 milijuna godina poma\u017ee u o\u010duvanju njihove vrste i predstavlja temelj njihova zdravlja, jer omogu\u0107uje zdrav razvoj i \u017eivot p\u010dela u ko\u0161nici.<br \/>\nPropolis u bezalkoholnoj otopini \u010duva sva prirodna svojstva propolisa. U proizvodu smo standardizirali sadr\u017eaj klju\u010dnog sastojka propolisa, bioflavonoida, \u010dime smo osigurali stalnu kvalitetu proizvoda. Bioflavonoidi su biljna bojila, koja biljke \u0161tite od mikroorganizama, a njihov sadr\u017eaj odre\u0111uje kvalitetu propolisa.<br \/>\nPropolis u bezalkoholnoj otopini namijenjen je vanjskoj primjeni i pravi je balzam za va\u0161a usta, usnu sluznicu i ko\u017eu, jer ih obnavlja i \u0161titi. Primjeren je i za odrasle i za djecu.<\/p>\n<p>Sadr\u017ei: 10% propolisa u bezalkoholnoj otopini.<\/p>\n<p><span style=\"font-weight: bold\">Uputa za uporabu:<\/span> U tankom sloju 3 puta na dan nanesite 6 kapi na usnu sluznicu pomo\u0107u \u0161tapi\u0107a za u\u0161i ili 3 puta na dan razrijedite 6 kapi s mlakom vodom i grgljati.<\/p>\n","protected":false},"excerpt":{"rendered":"<p>10 % propolisa u bezalkoholnoj otopini<br \/>\nStandardizirana vrijednost bioflavonoida u propolisu<br \/>\nU staklenoj ambala\u017ei koja osigurava i \u010duva kvalitetu proizvoda<\/p>\n","protected":false},"featured_media":0,"template":"","meta":{"_seopress_robots_primary_cat":"","_seopress_titles_title":"","_seopress_titles_desc":"","_seopress_robots_index":"","iawp_total_views":0},"product_brand":[415],"product_cat":[268,269],"product_tag":[],"class_list":{"0":"post-42870","1":"product","2":"type-product","3":"status-publish","5":"product_brand-medex","6":"product_cat-kozmetika-2","7":"product_cat-zastita-koze-268","9":"first","10":"instock","11":"shipping-taxable","12":"purchasable","13":"product-type-simple"},"_links":{"self":[{"href":"https:\/\/singuli.wpress.me\/index.php\/wp-json\/wp\/v2\/product\/42870","targetHints":{"allow":["GET"]}}],"collection":[{"href":"https:\/\/singuli.wpress.me\/index.php\/wp-json\/wp\/v2\/product"}],"about":[{"href":"https:\/\/singuli.wpress.me\/index.php\/wp-json\/wp\/v2\/types\/product"}],"version-history":[{"count":0,"href":"https:\/\/singuli.wpress.me\/index.php\/wp-json\/wp\/v2\/product\/42870\/revisions"}],"wp:attachment":[{"href":"https:\/\/singuli.wpress.me\/index.php\/wp-json\/wp\/v2\/media?parent=42870"}],"wp:term":[{"taxonomy":"product_brand","embeddable":true,"href":"https:\/\/singuli.wpress.me\/index.php\/wp-json\/wp\/v2\/product_brand?post=42870"},{"taxonomy":"product_cat","embeddable":true,"href":"https:\/\/singuli.wpress.me\/index.php\/wp-json\/wp\/v2\/product_cat?post=42870"},{"taxonomy":"product_tag","embeddable":true,"href":"https:\/\/singuli.wpress.me\/index.php\/wp-json\/wp\/v2\/product_tag?post=42870"}],"curies":[{"name":"wp","href":"https:\/\/api.w.org\/{rel}","templated":true}]}}