{"id":42871,"date":"2026-04-19T15:30:12","date_gmt":"2026-04-19T15:30:12","guid":{"rendered":"https:\/\/singuli.wpress.me\/index.php\/proizvod\/tuban-jiggly-slime-tirkizni-200-g\/"},"modified":"2026-04-20T12:33:49","modified_gmt":"2026-04-20T12:33:49","slug":"tuban-jiggly-slime-tirkizni-200-g","status":"publish","type":"product","link":"https:\/\/singuli.wpress.me\/index.php\/proizvod\/tuban-jiggly-slime-tirkizni-200-g\/","title":{"rendered":"TUBAN Jiggly, slime, tirkizni, 200\u00a0g"},"content":{"rendered":"<p>Jiggly Slime 200g  \u2013 kre\u0107e se kao \u017eele i raste\u017ee u svim smjerovima.<\/p>\n<p>Igraj se satima \u2013 raste\u017ei, mjesi, gnje\u010di \u2013 ili napravi slime balon uz pomo\u0107 slamke.<\/p>\n<p>Za\u0161to je jedinstven? Iznimne predivne boje \u2013 super senzorno iskustvo \u2013 idealana za SLIME trikove \u2013 puno opcija za igru \u2013 bez toksi\u010dnih i borax sastojaka! <\/p>\n<p>MADE IN EU<\/p>\n<p>Dob: 6+<\/p>\n","protected":false},"excerpt":{"rendered":"<p>Kreativan set<br \/>\nSuper set za senzoriku<br \/>\nDob: 6+god<\/p>\n","protected":false},"featured_media":0,"template":"","meta":{"_seopress_robots_primary_cat":"","_seopress_titles_title":"","_seopress_titles_desc":"","_seopress_robots_index":"","iawp_total_views":0},"product_brand":[492],"product_cat":[221,291],"product_tag":[],"class_list":{"0":"post-42871","1":"product","2":"type-product","3":"status-publish","5":"product_brand-tuban","6":"product_cat-igracke","7":"product_cat-igracke-za-djecu-221","9":"first","10":"outofstock","11":"shipping-taxable","12":"purchasable","13":"product-type-simple"},"_links":{"self":[{"href":"https:\/\/singuli.wpress.me\/index.php\/wp-json\/wp\/v2\/product\/42871","targetHints":{"allow":["GET"]}}],"collection":[{"href":"https:\/\/singuli.wpress.me\/index.php\/wp-json\/wp\/v2\/product"}],"about":[{"href":"https:\/\/singuli.wpress.me\/index.php\/wp-json\/wp\/v2\/types\/product"}],"version-history":[{"count":0,"href":"https:\/\/singuli.wpress.me\/index.php\/wp-json\/wp\/v2\/product\/42871\/revisions"}],"wp:attachment":[{"href":"https:\/\/singuli.wpress.me\/index.php\/wp-json\/wp\/v2\/media?parent=42871"}],"wp:term":[{"taxonomy":"product_brand","embeddable":true,"href":"https:\/\/singuli.wpress.me\/index.php\/wp-json\/wp\/v2\/product_brand?post=42871"},{"taxonomy":"product_cat","embeddable":true,"href":"https:\/\/singuli.wpress.me\/index.php\/wp-json\/wp\/v2\/product_cat?post=42871"},{"taxonomy":"product_tag","embeddable":true,"href":"https:\/\/singuli.wpress.me\/index.php\/wp-json\/wp\/v2\/product_tag?post=42871"}],"curies":[{"name":"wp","href":"https:\/\/api.w.org\/{rel}","templated":true}]}}