{"id":42916,"date":"2026-04-19T15:30:26","date_gmt":"2026-04-19T15:30:26","guid":{"rendered":"https:\/\/singuli.wpress.me\/index.php\/proizvod\/mr-muscle-sredstvo-za-ciscenje-pecnica-300-ml\/"},"modified":"2026-04-20T12:33:49","modified_gmt":"2026-04-20T12:33:49","slug":"mr-muscle-sredstvo-za-ciscenje-pecnica-300-ml","status":"publish","type":"product","link":"https:\/\/singuli.wpress.me\/index.php\/proizvod\/mr-muscle-sredstvo-za-ciscenje-pecnica-300-ml\/","title":{"rendered":"MR. MUSCLE, sredstvo za \u010di\u0161\u0107enje, pe\u0107nica, 300\u00a0ml"},"content":{"rendered":"<p>Mr. Muscle\u00ae \u010cista\u010d pe\u0107nica je efikasno sredstvo za \u010di\u0161\u0107enje najtvrdokornijih mrlja unutar pe\u0107nice. <\/p>\n<p>Upute za uporabu:<br \/>\n1. Za\u0161titite ruke tijekom sprejanja i \u010di\u0161\u0107enja.<br \/>\n2. Isklju\u010dite pe\u0107nicu iz struje.<br \/>\n3. Dobro protresite limenku prije i za vrijeme upotrebe. Dr\u017eite limenku uvijek u uspravnom polo\u017eaju.<br \/>\n4. Poprskajte sve unutarnje povr\u0161ine, uklju\u010duju\u0107i i staklena vrata s udaljenosti 20-30 cm. Ne prskajte po za\u0161titnoj gumi, kontrolnom svijetlu i grija\u010dima!<br \/>\n5. Zatvorite vrata pe\u0107nice i ostavite da proizvod djeluje 30 min, ne dulje.<br \/>\n6. Temeljito obri\u0161ite vla\u017enom krpom ili spu\u017evom, izbjegavaju\u0107i kontakt s o\u010dima i ko\u017eom. Izbjegavati kapanje ili prskanje.<br \/>\n7. Obavezno provjerite pe\u0107nicu prije nego je ponovno uklju\u010dite u struju ili upalite kontrolno svijetlo.<br \/>\n8. Ukoliko je potrebno, ponovite proces, npr. u slu\u010daju tvrdokornih mrlja ili zape\u010dene masno\u0107e.<br \/>\n9. Nakon uporabe vratite natrag sigurnosni zatvara\u010d. Ne koristite za pe\u0107nice koje se same \u010diste, mikrovalne pe\u0107nice, ugrijane pe\u0107nice, vanjske povr\u0161ine, krom, aluminij, cink, bakar, plasti\u010dne ili polirane\/lakirane povr\u0161ine. Nije namijenjeno za vanjske dijelove pe\u0107nice.<\/p>\n","protected":false},"excerpt":{"rendered":"<p>Uklanja tvrdokorne masno\u0107e<br \/>\nNe ostavlja neugodne mirise<br \/>\nDjeluje za 30 minuta<\/p>\n","protected":false},"featured_media":0,"template":"","meta":{"_seopress_robots_primary_cat":"","_seopress_titles_title":"","_seopress_titles_desc":"","_seopress_robots_index":"","iawp_total_views":0},"product_brand":[794],"product_cat":[284,238],"product_tag":[],"class_list":{"0":"post-42916","1":"product","2":"type-product","3":"status-publish","5":"product_brand-mr-muscle","6":"product_cat-sredstva-za-ciscenje-238","7":"product_cat-sve-za-dom","9":"first","10":"instock","11":"shipping-taxable","12":"purchasable","13":"product-type-simple"},"_links":{"self":[{"href":"https:\/\/singuli.wpress.me\/index.php\/wp-json\/wp\/v2\/product\/42916","targetHints":{"allow":["GET"]}}],"collection":[{"href":"https:\/\/singuli.wpress.me\/index.php\/wp-json\/wp\/v2\/product"}],"about":[{"href":"https:\/\/singuli.wpress.me\/index.php\/wp-json\/wp\/v2\/types\/product"}],"version-history":[{"count":0,"href":"https:\/\/singuli.wpress.me\/index.php\/wp-json\/wp\/v2\/product\/42916\/revisions"}],"wp:attachment":[{"href":"https:\/\/singuli.wpress.me\/index.php\/wp-json\/wp\/v2\/media?parent=42916"}],"wp:term":[{"taxonomy":"product_brand","embeddable":true,"href":"https:\/\/singuli.wpress.me\/index.php\/wp-json\/wp\/v2\/product_brand?post=42916"},{"taxonomy":"product_cat","embeddable":true,"href":"https:\/\/singuli.wpress.me\/index.php\/wp-json\/wp\/v2\/product_cat?post=42916"},{"taxonomy":"product_tag","embeddable":true,"href":"https:\/\/singuli.wpress.me\/index.php\/wp-json\/wp\/v2\/product_tag?post=42916"}],"curies":[{"name":"wp","href":"https:\/\/api.w.org\/{rel}","templated":true}]}}