{"id":42937,"date":"2026-04-19T15:30:36","date_gmt":"2026-04-19T15:30:36","guid":{"rendered":"https:\/\/singuli.wpress.me\/index.php\/proizvod\/old-spice-citron-dezodorans-u-spreju-150-ml-2\/"},"modified":"2026-04-20T12:33:50","modified_gmt":"2026-04-20T12:33:50","slug":"old-spice-citron-dezodorans-u-spreju-150-ml-2","status":"publish","type":"product","link":"https:\/\/singuli.wpress.me\/index.php\/proizvod\/old-spice-citron-dezodorans-u-spreju-150-ml-2\/","title":{"rendered":"OLD SPICE Citron, dezodorans u spreju, 150\u00a0ml"},"content":{"rendered":"<p>Antiperspirantni dezodorans u spreju Old Spice Citron zna da su tvoje \u017eelje jednostavne: igrati video-igrice u vise\u0107oj le\u017ealjci usred d\u017eungle, dok majmuni cijede limetu u tvoja usta, a prekrasna \u017eena s fakultetskom diplomom prstima prolazi kroz tvoju kosu. <\/p>\n<p>Zahvaljuju\u0107i antiperspirantnom dezodoransu u spreju Old Spice mo\u017ee\u0161 izdr\u017eati do 48 sati. <\/p>\n<p>Bori se protiv prekomjernog znojenja i neugodnog mirisa ispod pazuha. Samo mu\u017eevnost.<\/p>\n","protected":false},"excerpt":{"rendered":"<p>Odr\u017eava svje\u017einu do 48 sati<br \/>\nBori se protiv prekomjernog znojenja i neugodnog mirisa ispod pazuha<br \/>\nDermatolo\u0161ki ispitano<\/p>\n","protected":false},"featured_media":0,"template":"","meta":{"_seopress_robots_primary_cat":"","_seopress_titles_title":"","_seopress_titles_desc":"","_seopress_robots_index":"","iawp_total_views":0},"product_brand":[448],"product_cat":[268,278],"product_tag":[],"class_list":{"0":"post-42937","1":"product","2":"type-product","3":"status-publish","5":"product_brand-old-spice","6":"product_cat-kozmetika-2","7":"product_cat-njega-tijela-268","9":"first","10":"outofstock","11":"shipping-taxable","12":"purchasable","13":"product-type-simple"},"_links":{"self":[{"href":"https:\/\/singuli.wpress.me\/index.php\/wp-json\/wp\/v2\/product\/42937","targetHints":{"allow":["GET"]}}],"collection":[{"href":"https:\/\/singuli.wpress.me\/index.php\/wp-json\/wp\/v2\/product"}],"about":[{"href":"https:\/\/singuli.wpress.me\/index.php\/wp-json\/wp\/v2\/types\/product"}],"version-history":[{"count":0,"href":"https:\/\/singuli.wpress.me\/index.php\/wp-json\/wp\/v2\/product\/42937\/revisions"}],"wp:attachment":[{"href":"https:\/\/singuli.wpress.me\/index.php\/wp-json\/wp\/v2\/media?parent=42937"}],"wp:term":[{"taxonomy":"product_brand","embeddable":true,"href":"https:\/\/singuli.wpress.me\/index.php\/wp-json\/wp\/v2\/product_brand?post=42937"},{"taxonomy":"product_cat","embeddable":true,"href":"https:\/\/singuli.wpress.me\/index.php\/wp-json\/wp\/v2\/product_cat?post=42937"},{"taxonomy":"product_tag","embeddable":true,"href":"https:\/\/singuli.wpress.me\/index.php\/wp-json\/wp\/v2\/product_tag?post=42937"}],"curies":[{"name":"wp","href":"https:\/\/api.w.org\/{rel}","templated":true}]}}