{"id":42940,"date":"2026-04-19T15:30:37","date_gmt":"2026-04-19T15:30:37","guid":{"rendered":"https:\/\/singuli.wpress.me\/index.php\/proizvod\/olly-ball-lopta\/"},"modified":"2026-04-20T12:33:50","modified_gmt":"2026-04-20T12:33:50","slug":"olly-ball-lopta","status":"publish","type":"product","link":"https:\/\/singuli.wpress.me\/index.php\/proizvod\/olly-ball-lopta\/","title":{"rendered":"OLLY BALL, lopta"},"content":{"rendered":"<p>OLLY BALL\u00ae Budi aktivan ove zime uz obitelj i prijatelje &#8211; jedinstvena lopta OLLY BALL\u00ae!<br \/>\nLak\u0161a od 30g, apsorbira udarce sa specijalno patentiranom KrunchCOR\u00ae kontrukcijom! Zaigraj se loptom u ku\u0107i, stanu, bilo kojem zatvorenom prostoru \u2013 bez obzira na vrijeme ili doba dana! Dodaj loptu na lude na\u010dine i \u010dak je oboji i ukrasi pastelama ili markerima!<\/p>\n<p>Ne\u0107e razbiti prozore.<br \/>\nSlobodno udari ovaj visoko otporni materijal koji se koristi u izradi zmajeva.<br \/>\nMo\u017ee se obojati.<br \/>\nPogodna za svakoga, izuzetno lagana i otporna.<br \/>\nLagano se napu\u0161e ili ispu\u0161e sa uklju\u010denom slamkom u pakiranju.<br \/>\n30 cm velika kad je napuhana!<br \/>\nTe\u017ei 20.2 g.<br \/>\nVeli\u010dina pakiranja 23.5 x 6.3 x 23 cm.<\/p>\n","protected":false},"excerpt":{"rendered":"<p>Lopta lak\u0161a od 30g, apsorbira udarce sa specijalno patentiranom KrunchCOR\u00ae kontrukcijom<br \/>\nNe\u0107e razbiti prozore<br \/>\nDob: 0+ god<\/p>\n","protected":false},"featured_media":0,"template":"","meta":{"_seopress_robots_primary_cat":"","_seopress_titles_title":"","_seopress_titles_desc":"","_seopress_robots_index":"","iawp_total_views":0},"product_brand":[887],"product_cat":[290,221],"product_tag":[],"class_list":{"0":"post-42940","1":"product","2":"type-product","3":"status-publish","5":"product_brand-olly-ball","6":"product_cat-drustvene-igre-221","7":"product_cat-igracke","9":"first","10":"outofstock","11":"shipping-taxable","12":"purchasable","13":"product-type-simple"},"_links":{"self":[{"href":"https:\/\/singuli.wpress.me\/index.php\/wp-json\/wp\/v2\/product\/42940","targetHints":{"allow":["GET"]}}],"collection":[{"href":"https:\/\/singuli.wpress.me\/index.php\/wp-json\/wp\/v2\/product"}],"about":[{"href":"https:\/\/singuli.wpress.me\/index.php\/wp-json\/wp\/v2\/types\/product"}],"version-history":[{"count":0,"href":"https:\/\/singuli.wpress.me\/index.php\/wp-json\/wp\/v2\/product\/42940\/revisions"}],"wp:attachment":[{"href":"https:\/\/singuli.wpress.me\/index.php\/wp-json\/wp\/v2\/media?parent=42940"}],"wp:term":[{"taxonomy":"product_brand","embeddable":true,"href":"https:\/\/singuli.wpress.me\/index.php\/wp-json\/wp\/v2\/product_brand?post=42940"},{"taxonomy":"product_cat","embeddable":true,"href":"https:\/\/singuli.wpress.me\/index.php\/wp-json\/wp\/v2\/product_cat?post=42940"},{"taxonomy":"product_tag","embeddable":true,"href":"https:\/\/singuli.wpress.me\/index.php\/wp-json\/wp\/v2\/product_tag?post=42940"}],"curies":[{"name":"wp","href":"https:\/\/api.w.org\/{rel}","templated":true}]}}