{"id":42957,"date":"2026-04-20T00:25:57","date_gmt":"2026-04-20T00:25:57","guid":{"rendered":"https:\/\/singuli.wpress.me\/index.php\/proizvod\/always-ultra-sensitive-normal-plus-higijenski-ulosci-20-kom\/"},"modified":"2026-04-20T12:33:50","modified_gmt":"2026-04-20T12:33:50","slug":"always-ultra-sensitive-normal-plus-higijenski-ulosci-20-kom","status":"publish","type":"product","link":"https:\/\/singuli.wpress.me\/index.php\/proizvod\/always-ultra-sensitive-normal-plus-higijenski-ulosci-20-kom\/","title":{"rendered":"ALWAYS Ultra Sensitive Normal Plus, higijenski ulo\u0161ci, 20\u00a0kom"},"content":{"rendered":"<p>Povr\u0161inski sloj mekan poput pamuka i jedinstvene zone koje osiguravaju dodatnu udobnost za va\u0161u osjetljivu ko\u017eu. Idealno za dane s mjese\u010dnicom uobi\u010dajenog intenziteta. S krilcima koja pru\u017eaju dodatnu bo\u010dnu za\u0161titu i poma\u017eu zadr\u017eati higijenski ulo\u017eak na mjestu. Higijenski ulo\u0161ci s krilcima Always Ultra Sensitive Normal Plus (Veli\u010dina 1) najbolji su izbor me\u0111u ulo\u0161cima Always Sensitive za dane sa slabom ili srednje jakom mjese\u010dnicom.<\/p>\n","protected":false},"excerpt":{"rendered":"<p>S krilcima koja poma\u017eu da ulo\u017eak ostane na mjestu.<br \/>\nJastu\u010di\u0107i su pojedina\u010dno zapakirani radi lak\u0161eg no\u0161enja.<br \/>\nZa dane s laganim do srednje jakim mjese\u010dnicama.<\/p>\n","protected":false},"featured_media":42958,"template":"","meta":{"_seopress_robots_primary_cat":"","_seopress_titles_title":"","_seopress_titles_desc":"","_seopress_robots_index":"","iawp_total_views":0},"product_brand":[449],"product_cat":[211,288],"product_tag":[],"class_list":{"0":"post-42957","1":"product","2":"type-product","3":"status-publish","4":"has-post-thumbnail","6":"product_brand-always","7":"product_cat-njega-majke-i-djeteta","8":"product_cat-zenska-higijena-211","10":"first","11":"instock","12":"shipping-taxable","13":"purchasable","14":"product-type-simple"},"_links":{"self":[{"href":"https:\/\/singuli.wpress.me\/index.php\/wp-json\/wp\/v2\/product\/42957","targetHints":{"allow":["GET"]}}],"collection":[{"href":"https:\/\/singuli.wpress.me\/index.php\/wp-json\/wp\/v2\/product"}],"about":[{"href":"https:\/\/singuli.wpress.me\/index.php\/wp-json\/wp\/v2\/types\/product"}],"version-history":[{"count":0,"href":"https:\/\/singuli.wpress.me\/index.php\/wp-json\/wp\/v2\/product\/42957\/revisions"}],"wp:featuredmedia":[{"embeddable":true,"href":"https:\/\/singuli.wpress.me\/index.php\/wp-json\/wp\/v2\/media\/42958"}],"wp:attachment":[{"href":"https:\/\/singuli.wpress.me\/index.php\/wp-json\/wp\/v2\/media?parent=42957"}],"wp:term":[{"taxonomy":"product_brand","embeddable":true,"href":"https:\/\/singuli.wpress.me\/index.php\/wp-json\/wp\/v2\/product_brand?post=42957"},{"taxonomy":"product_cat","embeddable":true,"href":"https:\/\/singuli.wpress.me\/index.php\/wp-json\/wp\/v2\/product_cat?post=42957"},{"taxonomy":"product_tag","embeddable":true,"href":"https:\/\/singuli.wpress.me\/index.php\/wp-json\/wp\/v2\/product_tag?post=42957"}],"curies":[{"name":"wp","href":"https:\/\/api.w.org\/{rel}","templated":true}]}}