{"id":43042,"date":"2026-04-20T00:26:32","date_gmt":"2026-04-20T00:26:32","guid":{"rendered":"https:\/\/singuli.wpress.me\/index.php\/proizvod\/natureta-senf-tuba-180-g\/"},"modified":"2026-04-20T12:33:50","modified_gmt":"2026-04-20T12:33:50","slug":"natureta-senf-tuba-180-g","status":"publish","type":"product","link":"https:\/\/singuli.wpress.me\/index.php\/proizvod\/natureta-senf-tuba-180-g\/","title":{"rendered":"NATURETA, senf, tuba, 180\u00a0g"},"content":{"rendered":"<p>Sa senfom mo\u017eete pripremiti izvrsne umake i pe\u010denja za gurmane, ali najbolje ide uz hrenovke i kobasice. <\/p>\n<p>Rije\u010d je o univerzalnom umaku koji budi na\u0161e percepcije i poja\u010dava okus. <\/p>\n<p>Bio je poznat ve\u0107 u srednjem vijeku, kada je bio jedan od rijetkih za\u010dina. <\/p>\n<p>Senf je jedan od prvih proizvoda Ete Kamnik, a to je receptura i priprema koja ima tradiciju jo\u0161 od 1923. godine.<\/p>\n","protected":false},"excerpt":{"rendered":"<p>Receptura s tradicijom od 1923. godine<br \/>\nIzvrstan okus<br \/>\nOdli\u010dno se sla\u017ee u raznim kombinacijama<\/p>\n","protected":false},"featured_media":43043,"template":"","meta":{"_seopress_robots_primary_cat":"","_seopress_titles_title":"","_seopress_titles_desc":"","_seopress_robots_index":"","iawp_total_views":0},"product_brand":[811],"product_cat":[261,299],"product_tag":[],"class_list":{"0":"post-43042","1":"product","2":"type-product","3":"status-publish","4":"has-post-thumbnail","6":"product_brand-natureta","7":"product_cat-hrana-i-pice","8":"product_cat-konzervirana-i-gotova-hrana-261","10":"first","11":"outofstock","12":"shipping-taxable","13":"purchasable","14":"product-type-simple"},"_links":{"self":[{"href":"https:\/\/singuli.wpress.me\/index.php\/wp-json\/wp\/v2\/product\/43042","targetHints":{"allow":["GET"]}}],"collection":[{"href":"https:\/\/singuli.wpress.me\/index.php\/wp-json\/wp\/v2\/product"}],"about":[{"href":"https:\/\/singuli.wpress.me\/index.php\/wp-json\/wp\/v2\/types\/product"}],"version-history":[{"count":0,"href":"https:\/\/singuli.wpress.me\/index.php\/wp-json\/wp\/v2\/product\/43042\/revisions"}],"wp:featuredmedia":[{"embeddable":true,"href":"https:\/\/singuli.wpress.me\/index.php\/wp-json\/wp\/v2\/media\/43043"}],"wp:attachment":[{"href":"https:\/\/singuli.wpress.me\/index.php\/wp-json\/wp\/v2\/media?parent=43042"}],"wp:term":[{"taxonomy":"product_brand","embeddable":true,"href":"https:\/\/singuli.wpress.me\/index.php\/wp-json\/wp\/v2\/product_brand?post=43042"},{"taxonomy":"product_cat","embeddable":true,"href":"https:\/\/singuli.wpress.me\/index.php\/wp-json\/wp\/v2\/product_cat?post=43042"},{"taxonomy":"product_tag","embeddable":true,"href":"https:\/\/singuli.wpress.me\/index.php\/wp-json\/wp\/v2\/product_tag?post=43042"}],"curies":[{"name":"wp","href":"https:\/\/api.w.org\/{rel}","templated":true}]}}