{"id":43159,"date":"2026-04-20T00:27:44","date_gmt":"2026-04-20T00:27:44","guid":{"rendered":"https:\/\/singuli.wpress.me\/index.php\/proizvod\/twistshake-tour-djecja-kolica-crna\/"},"modified":"2026-04-20T12:33:50","modified_gmt":"2026-04-20T12:33:50","slug":"twistshake-tour-djecja-kolica-crna","status":"publish","type":"product","link":"https:\/\/singuli.wpress.me\/index.php\/proizvod\/twistshake-tour-djecja-kolica-crna\/","title":{"rendered":"TWISTSHAKE Tour, dje\u010dja kolica, crna"},"content":{"rendered":"<p>Elegantna i svestrana kolica koja uvijek odu\u0161eve svojim novim trendom! S kolicima Twistshake Tour \u0107ete svijet otkrivati trendovski, funkcionalno i udobno. Kolica su jednostavna za manevriranje i \u010dine vo\u017enju va\u0161eg mali\u0161ana jako udobnom. Kota\u010di imaju mekanu amortizaciju i punjeni su posebnom pjenom za udobniju vo\u017enju. Prednje kota\u010de je mogu\u0107e blokirati za sigurniju vo\u017enju. Kolica imaju brz sistem ko\u010denja \u2013 ko\u010dnica se aktivira u predjelu izme\u0111u zadnjih kota\u010da jednostavno s jednom nogom. Sa svojim promi\u0161ljenim i lakim dizajnom mo\u017eete kolica jednostavno sklapati bez uklanjanja sjedala. Kolica mo\u017eete jednostavno nositi okolo s pametnom ru\u010dicom.<\/p>\n","protected":false},"excerpt":{"rendered":"<p>Elegantna i svestrana<br \/>\nFunkcionalna i udobna<br \/>\nBrz sistem ko\u010denja<\/p>\n","protected":false},"featured_media":43160,"template":"","meta":{"_seopress_robots_primary_cat":"","_seopress_titles_title":"","_seopress_titles_desc":"","_seopress_robots_index":"","iawp_total_views":0},"product_brand":[433],"product_cat":[211,286,287],"product_tag":[],"class_list":{"0":"post-43159","1":"product","2":"type-product","3":"status-publish","4":"has-post-thumbnail","6":"product_brand-twistshake","7":"product_cat-njega-majke-i-djeteta","8":"product_cat-oprema-za-bebe-211","9":"product_cat-za-bebe-286","11":"first","12":"outofstock","13":"shipping-taxable","14":"purchasable","15":"product-type-simple"},"_links":{"self":[{"href":"https:\/\/singuli.wpress.me\/index.php\/wp-json\/wp\/v2\/product\/43159","targetHints":{"allow":["GET"]}}],"collection":[{"href":"https:\/\/singuli.wpress.me\/index.php\/wp-json\/wp\/v2\/product"}],"about":[{"href":"https:\/\/singuli.wpress.me\/index.php\/wp-json\/wp\/v2\/types\/product"}],"version-history":[{"count":0,"href":"https:\/\/singuli.wpress.me\/index.php\/wp-json\/wp\/v2\/product\/43159\/revisions"}],"wp:featuredmedia":[{"embeddable":true,"href":"https:\/\/singuli.wpress.me\/index.php\/wp-json\/wp\/v2\/media\/43160"}],"wp:attachment":[{"href":"https:\/\/singuli.wpress.me\/index.php\/wp-json\/wp\/v2\/media?parent=43159"}],"wp:term":[{"taxonomy":"product_brand","embeddable":true,"href":"https:\/\/singuli.wpress.me\/index.php\/wp-json\/wp\/v2\/product_brand?post=43159"},{"taxonomy":"product_cat","embeddable":true,"href":"https:\/\/singuli.wpress.me\/index.php\/wp-json\/wp\/v2\/product_cat?post=43159"},{"taxonomy":"product_tag","embeddable":true,"href":"https:\/\/singuli.wpress.me\/index.php\/wp-json\/wp\/v2\/product_tag?post=43159"}],"curies":[{"name":"wp","href":"https:\/\/api.w.org\/{rel}","templated":true}]}}