{"id":43193,"date":"2026-04-20T00:27:58","date_gmt":"2026-04-20T00:27:58","guid":{"rendered":"https:\/\/singuli.wpress.me\/index.php\/proizvod\/jar-naturals-bergamont-dumbir-tekuci-deterdzent-za-pranje-suda-650-ml\/"},"modified":"2026-04-20T12:33:51","modified_gmt":"2026-04-20T12:33:51","slug":"jar-naturals-bergamont-dumbir-tekuci-deterdzent-za-pranje-suda-650-ml","status":"publish","type":"product","link":"https:\/\/singuli.wpress.me\/index.php\/proizvod\/jar-naturals-bergamont-dumbir-tekuci-deterdzent-za-pranje-suda-650-ml\/","title":{"rendered":"JAR Naturals Bergamont &amp; \u0110umbir, teku\u0107i deterd\u017eent za pranje su\u0111a, 650\u00a0ml"},"content":{"rendered":"<p>Teku\u0107i deterd\u017eent za pranje posu\u0111a Jar Naturals pru\u017ea dobro poznatu Jarovu originalnu snagu \u010di\u0161\u0107enja i 100% prirodan miris bergamota iz Kalabrije i \u0111umbira. <\/p>\n<p>Formulu je dermatolo\u0161ki odobrilo udru\u017eenje Skin Health Alliance. Bo\u010dica je napravljena od 100% reciklirane plastike (osim \u010depa i naljepnice).<\/p>\n","protected":false},"excerpt":{"rendered":"<p>2 u 1: nemilosrdan prema masno\u0107i, nje\u017ean prema rukama<br \/>\nSvaka kap \u010disti veliku koli\u010dinu prljavog posu\u0111a<br \/>\nSna\u017ena formula Jara s lako\u0107om uklanja masno\u0107u sa svih vrsta posu\u0111a<\/p>\n","protected":false},"featured_media":43194,"template":"","meta":{"_seopress_robots_primary_cat":"","_seopress_titles_title":"","_seopress_titles_desc":"","_seopress_robots_index":"","iawp_total_views":0},"product_brand":[454],"product_cat":[314,238],"product_tag":[],"class_list":{"0":"post-43193","1":"product","2":"type-product","3":"status-publish","4":"has-post-thumbnail","6":"product_brand-jar","7":"product_cat-pranje-posuda-238","8":"product_cat-sve-za-dom","10":"first","11":"outofstock","12":"shipping-taxable","13":"purchasable","14":"product-type-simple"},"_links":{"self":[{"href":"https:\/\/singuli.wpress.me\/index.php\/wp-json\/wp\/v2\/product\/43193","targetHints":{"allow":["GET"]}}],"collection":[{"href":"https:\/\/singuli.wpress.me\/index.php\/wp-json\/wp\/v2\/product"}],"about":[{"href":"https:\/\/singuli.wpress.me\/index.php\/wp-json\/wp\/v2\/types\/product"}],"version-history":[{"count":0,"href":"https:\/\/singuli.wpress.me\/index.php\/wp-json\/wp\/v2\/product\/43193\/revisions"}],"wp:featuredmedia":[{"embeddable":true,"href":"https:\/\/singuli.wpress.me\/index.php\/wp-json\/wp\/v2\/media\/43194"}],"wp:attachment":[{"href":"https:\/\/singuli.wpress.me\/index.php\/wp-json\/wp\/v2\/media?parent=43193"}],"wp:term":[{"taxonomy":"product_brand","embeddable":true,"href":"https:\/\/singuli.wpress.me\/index.php\/wp-json\/wp\/v2\/product_brand?post=43193"},{"taxonomy":"product_cat","embeddable":true,"href":"https:\/\/singuli.wpress.me\/index.php\/wp-json\/wp\/v2\/product_cat?post=43193"},{"taxonomy":"product_tag","embeddable":true,"href":"https:\/\/singuli.wpress.me\/index.php\/wp-json\/wp\/v2\/product_tag?post=43193"}],"curies":[{"name":"wp","href":"https:\/\/api.w.org\/{rel}","templated":true}]}}