{"id":43202,"date":"2026-04-20T00:28:01","date_gmt":"2026-04-20T00:28:01","guid":{"rendered":"https:\/\/singuli.wpress.me\/index.php\/proizvod\/swiffer-suhi-brisac-poda-suho-20-kom\/"},"modified":"2026-04-20T12:33:51","modified_gmt":"2026-04-20T12:33:51","slug":"swiffer-suhi-brisac-poda-suho-20-kom","status":"publish","type":"product","link":"https:\/\/singuli.wpress.me\/index.php\/proizvod\/swiffer-suhi-brisac-poda-suho-20-kom\/","title":{"rendered":"SWIFFER, suhi brisa\u010d poda, suho, 20\u00a0kom"},"content":{"rendered":"<p>Swiffer Sweeper Multi-Surface krpa za suho \u010di\u0161\u0107enje s dodatkom ima duboke teksturirane rubove koji hvataju i zaklju\u010davaju prljav\u0161tinu, pra\u0161inu, kosu i alergene* kako bi va\u0161i podovi bili \u010disti i bez ne\u010disto\u0107a. <\/p>\n<p>Koristite sa Swiffer Sweep, Swiffer Sweep+Vac i Swiffer Sweep+ Trap.<\/p>\n","protected":false},"excerpt":{"rendered":"<p>Teksturirani rubovi<br \/>\nJednostavno kori\u0161tenje<br \/>\nZahva\u0107aju prljav\u0161tinu, pra\u0161inu, kosu i alergene<\/p>\n","protected":false},"featured_media":43203,"template":"","meta":{"_seopress_robots_primary_cat":"","_seopress_titles_title":"","_seopress_titles_desc":"","_seopress_robots_index":"","iawp_total_views":0},"product_brand":[514],"product_cat":[274,238],"product_tag":[],"class_list":{"0":"post-43202","1":"product","2":"type-product","3":"status-publish","4":"has-post-thumbnail","6":"product_brand-swiffer","7":"product_cat-kucanski-pribor-238","8":"product_cat-sve-za-dom","10":"first","11":"outofstock","12":"shipping-taxable","13":"purchasable","14":"product-type-simple"},"_links":{"self":[{"href":"https:\/\/singuli.wpress.me\/index.php\/wp-json\/wp\/v2\/product\/43202","targetHints":{"allow":["GET"]}}],"collection":[{"href":"https:\/\/singuli.wpress.me\/index.php\/wp-json\/wp\/v2\/product"}],"about":[{"href":"https:\/\/singuli.wpress.me\/index.php\/wp-json\/wp\/v2\/types\/product"}],"version-history":[{"count":0,"href":"https:\/\/singuli.wpress.me\/index.php\/wp-json\/wp\/v2\/product\/43202\/revisions"}],"wp:featuredmedia":[{"embeddable":true,"href":"https:\/\/singuli.wpress.me\/index.php\/wp-json\/wp\/v2\/media\/43203"}],"wp:attachment":[{"href":"https:\/\/singuli.wpress.me\/index.php\/wp-json\/wp\/v2\/media?parent=43202"}],"wp:term":[{"taxonomy":"product_brand","embeddable":true,"href":"https:\/\/singuli.wpress.me\/index.php\/wp-json\/wp\/v2\/product_brand?post=43202"},{"taxonomy":"product_cat","embeddable":true,"href":"https:\/\/singuli.wpress.me\/index.php\/wp-json\/wp\/v2\/product_cat?post=43202"},{"taxonomy":"product_tag","embeddable":true,"href":"https:\/\/singuli.wpress.me\/index.php\/wp-json\/wp\/v2\/product_tag?post=43202"}],"curies":[{"name":"wp","href":"https:\/\/api.w.org\/{rel}","templated":true}]}}