{"id":43301,"date":"2026-04-20T00:28:52","date_gmt":"2026-04-20T00:28:52","guid":{"rendered":"https:\/\/singuli.wpress.me\/index.php\/proizvod\/spirax-s4-atf-hdx-transmisijsko-ulje-209-l\/"},"modified":"2026-04-20T12:33:51","modified_gmt":"2026-04-20T12:33:51","slug":"spirax-s4-atf-hdx-transmisijsko-ulje-209-l","status":"publish","type":"product","link":"https:\/\/singuli.wpress.me\/index.php\/proizvod\/spirax-s4-atf-hdx-transmisijsko-ulje-209-l\/","title":{"rendered":"SPIRAX S4 ATF HDX, transmisijsko ulje, 209\u00a0l"},"content":{"rendered":"<p>Vrhunska sintetska teku\u0107ina za automatske mjenja\u010de prikladna za \u0161iroki raspon primjena u te\u0161ko optere\u0107enim vozilima kao i kod transmisija osobnih vozila. Karakteristike samog ulja su ugla\u0111eno mijenjanje brzina, izvrsna tecljivost na niskim temperaturama, smi\u010dna stabilnost, za\u0161tita od tro\u0161enja, maksimalna iskori\u0161tenost intervala zamjene ulja, oksidacijska stabilnost pri visokim temperaturama. Glavne primjene su za automatske mjenja\u010de, hidrauli\u010dke sustave, servo upravlja\u010de i odre\u0111ene ru\u010dne mjenja\u010de. <\/p>\n<p>Specifikacija: ZF TE-ML 03D, 04D, 14B, 17C, MAN 339 TIP Z2 I V2, Mercedes Benz 236.9, Volvo 97341:39, Voith 55.6336.XX<\/p>\n","protected":false},"excerpt":{"rendered":"<p>Izvrsna tecljivost na niskim temperaturama<br \/>\nGlavne primjene su za automatske mjenja\u010de, hidrauli\u010dke sustave, servo upravlja\u010de i odre\u0111ene ru\u010dne mjenja\u010de<br \/>\nTeku\u0107ina za automatske mjenja\u010de<\/p>\n","protected":false},"featured_media":43302,"template":"","meta":{"_seopress_robots_primary_cat":"","_seopress_titles_title":"","_seopress_titles_desc":"","_seopress_robots_index":"","iawp_total_views":0},"product_brand":[371],"product_cat":[243,276],"product_tag":[],"class_list":{"0":"post-43301","1":"product","2":"type-product","3":"status-publish","4":"has-post-thumbnail","6":"product_brand-spirax","7":"product_cat-automobili-i-motori","8":"product_cat-industrijska-i-specijalna-ulja-243","10":"first","11":"outofstock","12":"shipping-taxable","13":"purchasable","14":"product-type-simple"},"_links":{"self":[{"href":"https:\/\/singuli.wpress.me\/index.php\/wp-json\/wp\/v2\/product\/43301","targetHints":{"allow":["GET"]}}],"collection":[{"href":"https:\/\/singuli.wpress.me\/index.php\/wp-json\/wp\/v2\/product"}],"about":[{"href":"https:\/\/singuli.wpress.me\/index.php\/wp-json\/wp\/v2\/types\/product"}],"version-history":[{"count":0,"href":"https:\/\/singuli.wpress.me\/index.php\/wp-json\/wp\/v2\/product\/43301\/revisions"}],"wp:featuredmedia":[{"embeddable":true,"href":"https:\/\/singuli.wpress.me\/index.php\/wp-json\/wp\/v2\/media\/43302"}],"wp:attachment":[{"href":"https:\/\/singuli.wpress.me\/index.php\/wp-json\/wp\/v2\/media?parent=43301"}],"wp:term":[{"taxonomy":"product_brand","embeddable":true,"href":"https:\/\/singuli.wpress.me\/index.php\/wp-json\/wp\/v2\/product_brand?post=43301"},{"taxonomy":"product_cat","embeddable":true,"href":"https:\/\/singuli.wpress.me\/index.php\/wp-json\/wp\/v2\/product_cat?post=43301"},{"taxonomy":"product_tag","embeddable":true,"href":"https:\/\/singuli.wpress.me\/index.php\/wp-json\/wp\/v2\/product_tag?post=43301"}],"curies":[{"name":"wp","href":"https:\/\/api.w.org\/{rel}","templated":true}]}}