{"id":43309,"date":"2026-04-20T00:28:57","date_gmt":"2026-04-20T00:28:57","guid":{"rendered":"https:\/\/singuli.wpress.me\/index.php\/proizvod\/oral-b-professional-regenerate-enamel-zubna-pasta-svakodnevna-zastita-75-ml\/"},"modified":"2026-04-20T12:33:51","modified_gmt":"2026-04-20T12:33:51","slug":"oral-b-professional-regenerate-enamel-zubna-pasta-svakodnevna-zastita-75-ml","status":"publish","type":"product","link":"https:\/\/singuli.wpress.me\/index.php\/proizvod\/oral-b-professional-regenerate-enamel-zubna-pasta-svakodnevna-zastita-75-ml\/","title":{"rendered":"ORAL-B Professional Regenerate Enamel, zubna pasta, svakodnevna za\u0161tita, 75\u00a0ml"},"content":{"rendered":"<p>Caklina je vanjski sloj zuba koji \u0161titi njegove osjetljive unutarnje slojeve. <\/p>\n<p>Mineralizacija cakline klju\u010dna je kako bi zubi ostali sna\u017eni. <\/p>\n<p>Zubna pasta Oral-B Professional Regenerate Enamel remineralizira povr\u0161inu zubi kako bi pomogla u njihovu ja\u010danju te za\u0161titila zubnu caklinu od utjecaja kiselina.<\/p>\n","protected":false},"excerpt":{"rendered":"<p>Svakodnevna za\u0161tita<br \/>\nRemineralizacija povr\u0161ine zubi<br \/>\nZa\u0161tita zubne cakline od utjecaja kiselina<\/p>\n","protected":false},"featured_media":43310,"template":"","meta":{"_seopress_robots_primary_cat":"","_seopress_titles_title":"","_seopress_titles_desc":"","_seopress_robots_index":"","iawp_total_views":0},"product_brand":[423],"product_cat":[268,309,320],"product_tag":[],"class_list":{"0":"post-43309","1":"product","2":"type-product","3":"status-publish","4":"has-post-thumbnail","6":"product_brand-oral-b-2","7":"product_cat-kozmetika-2","8":"product_cat-oralna-higijena-268","9":"product_cat-paste-za-zube-309","11":"first","12":"outofstock","13":"shipping-taxable","14":"purchasable","15":"product-type-simple"},"_links":{"self":[{"href":"https:\/\/singuli.wpress.me\/index.php\/wp-json\/wp\/v2\/product\/43309","targetHints":{"allow":["GET"]}}],"collection":[{"href":"https:\/\/singuli.wpress.me\/index.php\/wp-json\/wp\/v2\/product"}],"about":[{"href":"https:\/\/singuli.wpress.me\/index.php\/wp-json\/wp\/v2\/types\/product"}],"version-history":[{"count":0,"href":"https:\/\/singuli.wpress.me\/index.php\/wp-json\/wp\/v2\/product\/43309\/revisions"}],"wp:featuredmedia":[{"embeddable":true,"href":"https:\/\/singuli.wpress.me\/index.php\/wp-json\/wp\/v2\/media\/43310"}],"wp:attachment":[{"href":"https:\/\/singuli.wpress.me\/index.php\/wp-json\/wp\/v2\/media?parent=43309"}],"wp:term":[{"taxonomy":"product_brand","embeddable":true,"href":"https:\/\/singuli.wpress.me\/index.php\/wp-json\/wp\/v2\/product_brand?post=43309"},{"taxonomy":"product_cat","embeddable":true,"href":"https:\/\/singuli.wpress.me\/index.php\/wp-json\/wp\/v2\/product_cat?post=43309"},{"taxonomy":"product_tag","embeddable":true,"href":"https:\/\/singuli.wpress.me\/index.php\/wp-json\/wp\/v2\/product_tag?post=43309"}],"curies":[{"name":"wp","href":"https:\/\/api.w.org\/{rel}","templated":true}]}}