{"id":43357,"date":"2026-04-20T00:29:19","date_gmt":"2026-04-20T00:29:19","guid":{"rendered":"https:\/\/singuli.wpress.me\/index.php\/proizvod\/domo-do238s-my-vac-rucni-usisavac\/"},"modified":"2026-04-21T00:27:23","modified_gmt":"2026-04-21T00:27:23","slug":"domo-do238s-my-vac-rucni-usisavac","status":"publish","type":"product","link":"https:\/\/singuli.wpress.me\/index.php\/proizvod\/domo-do238s-my-vac-rucni-usisavac\/","title":{"rendered":"DOMO DO238S My Vac, ru\u010dni usisava\u010d"},"content":{"rendered":"<p>Domo DO238S ru\u010dni usisava\u010d odlikuje se visokim performansama uz zadr\u017eavanje malih dimenzija i niske te\u017eine. Motor napaja sna\u017ena moderna Li-Ion baterija koja se mo\u017ee puniti pomo\u0107u standardnog USB kabela ili pomo\u0107u adaptera za punjenje (oba uklju\u010dena).<br \/>\nDodatna oprema za usisava\u010d uklju\u010duje i duga\u010dku mlaznicu 2 u 1 s \u010detkom za pra\u0161inu. Mini usisava\u010d je prakti\u010dan za brzo \u010di\u0161\u0107enje automobila ili kao pomo\u0107nik na putovanju. Usisava\u010d ugra\u0111en u stalak odgovarat \u0107e i va\u0161em dnevnom boravku, gdje \u0107e slu\u017eiti kao ru\u010dni usisava\u010d za brzo skupljanje mrvica i sl.<\/p>\n","protected":false},"excerpt":{"rendered":"<p>Jednostavan za putovanje i za pohranu, u uredu ili u autu<br \/>\nUklonjivi filteri u spremniku za pra\u0161inu za jednostavno \u010di\u0161\u0107enje<br \/>\nUklju\u010duje 2 u 1 \u010detku za pra\u0161inu, USB kabel i adapter<\/p>\n","protected":false},"featured_media":43358,"template":"","meta":{"_seopress_robots_primary_cat":"","_seopress_titles_title":"","_seopress_titles_desc":"","_seopress_robots_index":"","iawp_total_views":0},"product_brand":[255],"product_cat":[160,271],"product_tag":[],"class_list":{"0":"post-43357","1":"product","2":"type-product","3":"status-publish","4":"has-post-thumbnail","6":"product_brand-domo","7":"product_cat-mali-kucanski-aparati","8":"product_cat-usisavaci-i-ciscenje-160","10":"first","11":"outofstock","12":"shipping-taxable","13":"purchasable","14":"product-type-simple"},"_links":{"self":[{"href":"https:\/\/singuli.wpress.me\/index.php\/wp-json\/wp\/v2\/product\/43357","targetHints":{"allow":["GET"]}}],"collection":[{"href":"https:\/\/singuli.wpress.me\/index.php\/wp-json\/wp\/v2\/product"}],"about":[{"href":"https:\/\/singuli.wpress.me\/index.php\/wp-json\/wp\/v2\/types\/product"}],"version-history":[{"count":0,"href":"https:\/\/singuli.wpress.me\/index.php\/wp-json\/wp\/v2\/product\/43357\/revisions"}],"wp:featuredmedia":[{"embeddable":true,"href":"https:\/\/singuli.wpress.me\/index.php\/wp-json\/wp\/v2\/media\/43358"}],"wp:attachment":[{"href":"https:\/\/singuli.wpress.me\/index.php\/wp-json\/wp\/v2\/media?parent=43357"}],"wp:term":[{"taxonomy":"product_brand","embeddable":true,"href":"https:\/\/singuli.wpress.me\/index.php\/wp-json\/wp\/v2\/product_brand?post=43357"},{"taxonomy":"product_cat","embeddable":true,"href":"https:\/\/singuli.wpress.me\/index.php\/wp-json\/wp\/v2\/product_cat?post=43357"},{"taxonomy":"product_tag","embeddable":true,"href":"https:\/\/singuli.wpress.me\/index.php\/wp-json\/wp\/v2\/product_tag?post=43357"}],"curies":[{"name":"wp","href":"https:\/\/api.w.org\/{rel}","templated":true}]}}