{"id":43378,"date":"2026-04-20T00:29:28","date_gmt":"2026-04-20T00:29:28","guid":{"rendered":"https:\/\/singuli.wpress.me\/index.php\/proizvod\/braun-8453cc-brijac-sivi\/"},"modified":"2026-04-20T12:33:51","modified_gmt":"2026-04-20T12:33:51","slug":"braun-8453cc-brijac-sivi","status":"publish","type":"product","link":"https:\/\/singuli.wpress.me\/index.php\/proizvod\/braun-8453cc-brijac-sivi\/","title":{"rendered":"BRAUN 8453cc, brija\u010d, sivi"},"content":{"rendered":"<p>Braun Series 8 8453cc, elektri\u010dni brija\u0107i aparat za mu\u0161karce, glava 3+1 s preciznim trimerom, soni\u010dna tehnologija i glava prilagodljiva za 40\u00b0, jedinica 5-in-1 SmartCare Center, za mokro i suho brijanje, s baterijom koja traje 60 minuta<\/p>\n<p>Istaknute zna\u010dajke:<\/p>\n<p>&#8211; Braun Series 8 donosi potpuno novo iskustvo brijanja: radi se o elektri\u010dnom brija\u0107em aparatu za mu\u0161karce koji pru\u017ea izuzetno mo\u0107no, ali i nje\u017eno brijanje.  <\/p>\n<p>&#8211; Poma\u017ee uhvatiti vi\u0161e dla\u010dica: Braunova jedinstvena soni\u010dna tehnologija s 10.000 mikrovibracija poma\u017ee da brija\u0107i aparat lijepo klizi po ko\u017ei.  <\/p>\n<p>&#8211; Nova razina temeljitosti \u010dak i na kompliciranijim podru\u010djima: glava prilagodljiva za 40\u00b0 i fleksibilne o\u0161trice automatski se prilago\u0111avaju konturama za temeljitost i nje\u017eno brijanje na svakom dijelu lica.  <\/p>\n<p>&#8211; Jedinica 5-in-1 SmartCare Center: pametno bira program \u010di\u0161\u0107enja, automatski puni i higijenski \u010disti, podmazuje i su\u0161i va\u0161 brija\u0107i aparat \u2013 za brija\u0107i aparat kao nov jednim pritiskom na gumb.<\/p>\n<p>&#8211; Proizvedeno u Njema\u010dkoj: ovaj elektri\u010dni brija\u0107i aparat za mu\u0161karce 100% je vodootporan i mo\u017ee se koristiti s pjenom i gelom te \u010dak i pod tu\u0161em.<\/p>\n<p>Dobro do\u0161li na potpuno novu razinu brijanja<br \/>\n&#8211; Uz Braun Series 8 vi\u0161e ne morate birati izme\u0111u temeljitosti brijanja i nje\u017enosti prema ko\u017ei.<br \/>\n&#8211; Inovativna soni\u010dna tehnologija s 10.000 mikrovibracija poma\u017ee uhvatiti vi\u0161e dla\u010dica dok bria\u0107i aparat nje\u017eno klizi po ko\u017ei.  <br \/>\n&#8211; Osmi\u0161ljen tako da pru\u017ei na\u0161e najtemeljitije brijanje bez pristajanja na kompromise po pitanju ugodnosti za ko\u017eu, Braun Series 8 va\u0161a je prvoklasna ulaznica za potpuno novu razinu brijanja.<\/p>\n<p>Obe\u0107anje tehnologije na kojoj po\u010diva Series 8<br \/>\n&#8211; Mo\u0107no, ali i nje\u017eno brijanje.<br \/>\n&#8211; Intuitivna upotreba, do najsitnijeg detalja.<br \/>\n&#8211; Proizvedeno u Njema\u010dkoj, dizajnirano da traje do 7 godina.<\/p>\n<p>Temeljito posvuda<br \/>\nKompaktna pokretljiva glava s nagibom do 40\u00b0 lijepo se i temeljito prilago\u0111ava konturama lica, pru\u017eaju\u0107i nje\u017eno i temeljito brijanje \u010dak i na te\u0161ko dostupnim mjestima.<\/p>\n<p>Mo\u0107no, ali i nje\u017eno brijanje \u2013 \u010dak i za gustu bradu<br \/>\nBraunova jedinstvena soni\u010dna tehnologija uz pomo\u0107 10.000 mikrovibracija nje\u017eno hvata vi\u0161e dla\u010dica, dok tehnologija AutoSense osigurava mo\u0107no brijanje \u010dak i najgu\u0161\u0107ih brada.<\/p>\n<p>Precizno brijanje i podrezivanje<br \/>\nPodre\u017eite dulje dla\u010dice preciznim trimerom. Prekida\u010d za preciznost zaklju\u010dava glavu brija\u0107eg aparata i olak\u0161ava hvatanje kompliciranijih dla\u010dica \u2013 nude\u0107i nenadma\u0161nu preciznost i kontrolu.<\/p>\n<p>Za brija\u0107i aparat kao nov<br \/>\nJednim pritiskom na gumb jedinica 5-in-1 SmartCare Center pametno odabire odgovaraju\u0107i program \u010di\u0161\u0107enja, automatski puni i higijenski \u010disti te podmazuje i su\u0161i va\u0161 brija\u0107i aparat.<\/p>\n<p>Osvje\u017eavaju\u0107e iskustvo<br \/>\nSeries 8 je 100% vodootporan, pa ga mo\u017eete koristiti s pjenom, gelom ili \u010dak i pod tu\u0161em za nje\u017eno i osvje\u017eavaju\u0107e iskustvo brijanja.<\/p>\n<p>Mo\u0107na, dugotrajna baterija<br \/>\nMo\u0107na litij-ionska baterija pru\u017ea do 60 minuta brijanja, a ima i mogu\u0107nost 5-minutnog brzog punjenja za brzinsko brijanje.<\/p>\n<p>Opis proizvoda<br \/>\nOtkrijte potpuno novu razinu brijanja uz Braun Series 8, elektri\u010dni brija\u0107i aparat za mu\u0161karce koji pru\u017ea izuzetno mo\u0107no, ali i nje\u017eno brijanje. Kod njega je na djelu Braunova jedinstvena soni\u010dna tehnologija s 10.000 mikrovibracija koje poma\u017eu uhvatiti vi\u0161e dla\u010dica dok brija\u0107i aparat lijepo klizi po ko\u017ei. Tu je i glava prilagodljiva za 40\u00b0 te fleksibilne o\u0161trice koje se prilago\u0111avaju konturama lica osiguravaju\u0107i temeljito brijanje \u010dak i na zahtjevnijim podru\u010djima. A jedinica 5-in-1 SmartCare Center brine o tome da brija\u0107i aparat bude kao nov, svakoga dana.<\/p>\n<p>Sadr\u017eaj pakiranja<br \/>\n1x elektri\u010dni brija\u0107i aparat<br \/>\n1x jedinica 5-in-1 SmartCare Center<br \/>\n1x patrona za \u010di\u0161\u0107enje<br \/>\n1x \u010detkica za \u010di\u0161\u0107enje<br \/>\n1x kabel za punjenje<br \/>\n1x korisni\u010dki priru\u010dnik<\/p>\n","protected":false},"excerpt":{"rendered":"<p>Elektri\u010dni aparat za brijanje sa zvu\u010dnom tehnologijom<br \/>\nZa mokru i suhu upotrebu, s trajanjem baterije od 60 minuta<br \/>\nJedinica 5-in-1 SmartCare Center<\/p>\n","protected":false},"featured_media":43379,"template":"","meta":{"_seopress_robots_primary_cat":"","_seopress_titles_title":"","_seopress_titles_desc":"","_seopress_robots_index":"","iawp_total_views":0},"product_brand":[144],"product_cat":[280,192,279],"product_tag":[],"class_list":{"0":"post-43378","1":"product","2":"type-product","3":"status-publish","4":"has-post-thumbnail","6":"product_brand-braun","7":"product_cat-aparati-za-muskarce-279","8":"product_cat-aparati-za-osobnu-njegu","9":"product_cat-brijanje-i-sisanje-192","11":"first","12":"outofstock","13":"shipping-taxable","14":"purchasable","15":"product-type-simple"},"_links":{"self":[{"href":"https:\/\/singuli.wpress.me\/index.php\/wp-json\/wp\/v2\/product\/43378","targetHints":{"allow":["GET"]}}],"collection":[{"href":"https:\/\/singuli.wpress.me\/index.php\/wp-json\/wp\/v2\/product"}],"about":[{"href":"https:\/\/singuli.wpress.me\/index.php\/wp-json\/wp\/v2\/types\/product"}],"version-history":[{"count":0,"href":"https:\/\/singuli.wpress.me\/index.php\/wp-json\/wp\/v2\/product\/43378\/revisions"}],"wp:featuredmedia":[{"embeddable":true,"href":"https:\/\/singuli.wpress.me\/index.php\/wp-json\/wp\/v2\/media\/43379"}],"wp:attachment":[{"href":"https:\/\/singuli.wpress.me\/index.php\/wp-json\/wp\/v2\/media?parent=43378"}],"wp:term":[{"taxonomy":"product_brand","embeddable":true,"href":"https:\/\/singuli.wpress.me\/index.php\/wp-json\/wp\/v2\/product_brand?post=43378"},{"taxonomy":"product_cat","embeddable":true,"href":"https:\/\/singuli.wpress.me\/index.php\/wp-json\/wp\/v2\/product_cat?post=43378"},{"taxonomy":"product_tag","embeddable":true,"href":"https:\/\/singuli.wpress.me\/index.php\/wp-json\/wp\/v2\/product_tag?post=43378"}],"curies":[{"name":"wp","href":"https:\/\/api.w.org\/{rel}","templated":true}]}}