{"id":43434,"date":"2026-04-20T00:29:53","date_gmt":"2026-04-20T00:29:53","guid":{"rendered":"https:\/\/singuli.wpress.me\/index.php\/proizvod\/gadinia-s3-40-motorno-ulje-209-l\/"},"modified":"2026-04-20T12:33:51","modified_gmt":"2026-04-20T12:33:51","slug":"gadinia-s3-40-motorno-ulje-209-l","status":"publish","type":"product","link":"https:\/\/singuli.wpress.me\/index.php\/proizvod\/gadinia-s3-40-motorno-ulje-209-l\/","title":{"rendered":"GADINIA S3 40, motorno ulje, 209\u00a0l"},"content":{"rendered":"<p>Visokokvalitetno vi\u0161enamjensko ulje posebno dizajnirano za podmazivanje glavnih i pomo\u0107nih brodskih motora koji za pogon koriste destilatna dizelska goriva sa sadr\u017eajem sumpora do 1.0 % m\/m i biodizel. Novo formulirana Shell Gadinia S3 40 tako\u0111er je pogodna za uporabu u aplikacijama koje se obi\u010dno nalaze na brodu kao \u0161to su mjenja\u010di, kva\u010dila i statvene cijevi. Pru\u017ea produljeni vijek trajanja ulja, za\u0161titu motora, podnosi ve\u0107a optere\u0107enja motora i ve\u0107u sigurnost za za\u0161titu visoko optere\u0107enih le\u017eajeva, a u slu\u010daju zaga\u0111anja vode ima pobolj\u0161anu otpornost na vodu i odvajanje u separatorima.<\/p>\n<p>Specifikacija: Yanmar, Daihatsu, MTU CAT I, Simplex B&amp;V, Reintjes, Siemens\/Flender, Renk, Rheine.<\/p>\n","protected":false},"excerpt":{"rendered":"<p>Ulje za srednjehodne\/\u010detverotaktne brodske motore<br \/>\nPogodna za uporabu u brodskim mjenja\u010dima, kva\u010dilima i statvenim cijevima<br \/>\nOksidacijska otpornost<\/p>\n","protected":false},"featured_media":43435,"template":"","meta":{"_seopress_robots_primary_cat":"","_seopress_titles_title":"","_seopress_titles_desc":"","_seopress_robots_index":"","iawp_total_views":0},"product_brand":[498],"product_cat":[243,276],"product_tag":[],"class_list":{"0":"post-43434","1":"product","2":"type-product","3":"status-publish","4":"has-post-thumbnail","6":"product_brand-gadinia","7":"product_cat-automobili-i-motori","8":"product_cat-industrijska-i-specijalna-ulja-243","10":"first","11":"outofstock","12":"shipping-taxable","13":"purchasable","14":"product-type-simple"},"_links":{"self":[{"href":"https:\/\/singuli.wpress.me\/index.php\/wp-json\/wp\/v2\/product\/43434","targetHints":{"allow":["GET"]}}],"collection":[{"href":"https:\/\/singuli.wpress.me\/index.php\/wp-json\/wp\/v2\/product"}],"about":[{"href":"https:\/\/singuli.wpress.me\/index.php\/wp-json\/wp\/v2\/types\/product"}],"version-history":[{"count":0,"href":"https:\/\/singuli.wpress.me\/index.php\/wp-json\/wp\/v2\/product\/43434\/revisions"}],"wp:featuredmedia":[{"embeddable":true,"href":"https:\/\/singuli.wpress.me\/index.php\/wp-json\/wp\/v2\/media\/43435"}],"wp:attachment":[{"href":"https:\/\/singuli.wpress.me\/index.php\/wp-json\/wp\/v2\/media?parent=43434"}],"wp:term":[{"taxonomy":"product_brand","embeddable":true,"href":"https:\/\/singuli.wpress.me\/index.php\/wp-json\/wp\/v2\/product_brand?post=43434"},{"taxonomy":"product_cat","embeddable":true,"href":"https:\/\/singuli.wpress.me\/index.php\/wp-json\/wp\/v2\/product_cat?post=43434"},{"taxonomy":"product_tag","embeddable":true,"href":"https:\/\/singuli.wpress.me\/index.php\/wp-json\/wp\/v2\/product_tag?post=43434"}],"curies":[{"name":"wp","href":"https:\/\/api.w.org\/{rel}","templated":true}]}}