{"id":43446,"date":"2026-04-20T00:29:57","date_gmt":"2026-04-20T00:29:57","guid":{"rendered":"https:\/\/singuli.wpress.me\/index.php\/proizvod\/meglio-manitoba-sredstvo-za-odmascivanje-limun-750-ml\/"},"modified":"2026-04-20T12:33:51","modified_gmt":"2026-04-20T12:33:51","slug":"meglio-manitoba-sredstvo-za-odmascivanje-limun-750-ml","status":"publish","type":"product","link":"https:\/\/singuli.wpress.me\/index.php\/proizvod\/meglio-manitoba-sredstvo-za-odmascivanje-limun-750-ml\/","title":{"rendered":"MEGLIO Manitoba, sredstvo za odma\u0161\u010divanje, limun, 750\u00a0ml"},"content":{"rendered":"<p>Otapa masno\u0107u i uklanja prljav\u0161tinu u trenu uz svje\u017e miris limuna, zahvaljuju\u0107i koncentriranoj formuli brzog djelovanja. <\/p>\n<p>Pogodan je za kori\u0161tenje na raznim povr\u0161inama.<\/p>\n","protected":false},"excerpt":{"rendered":"<p>Otapa masno\u0107u<br \/>\nUklanja prljav\u0161tinu<br \/>\nBrzo djelovanje<\/p>\n","protected":false},"featured_media":43447,"template":"","meta":{"_seopress_robots_primary_cat":"","_seopress_titles_title":"","_seopress_titles_desc":"","_seopress_robots_index":"","iawp_total_views":0},"product_brand":[890],"product_cat":[284,238],"product_tag":[],"class_list":{"0":"post-43446","1":"product","2":"type-product","3":"status-publish","4":"has-post-thumbnail","6":"product_brand-meglio","7":"product_cat-sredstva-za-ciscenje-238","8":"product_cat-sve-za-dom","10":"first","11":"instock","12":"shipping-taxable","13":"purchasable","14":"product-type-simple"},"_links":{"self":[{"href":"https:\/\/singuli.wpress.me\/index.php\/wp-json\/wp\/v2\/product\/43446","targetHints":{"allow":["GET"]}}],"collection":[{"href":"https:\/\/singuli.wpress.me\/index.php\/wp-json\/wp\/v2\/product"}],"about":[{"href":"https:\/\/singuli.wpress.me\/index.php\/wp-json\/wp\/v2\/types\/product"}],"version-history":[{"count":0,"href":"https:\/\/singuli.wpress.me\/index.php\/wp-json\/wp\/v2\/product\/43446\/revisions"}],"wp:featuredmedia":[{"embeddable":true,"href":"https:\/\/singuli.wpress.me\/index.php\/wp-json\/wp\/v2\/media\/43447"}],"wp:attachment":[{"href":"https:\/\/singuli.wpress.me\/index.php\/wp-json\/wp\/v2\/media?parent=43446"}],"wp:term":[{"taxonomy":"product_brand","embeddable":true,"href":"https:\/\/singuli.wpress.me\/index.php\/wp-json\/wp\/v2\/product_brand?post=43446"},{"taxonomy":"product_cat","embeddable":true,"href":"https:\/\/singuli.wpress.me\/index.php\/wp-json\/wp\/v2\/product_cat?post=43446"},{"taxonomy":"product_tag","embeddable":true,"href":"https:\/\/singuli.wpress.me\/index.php\/wp-json\/wp\/v2\/product_tag?post=43446"}],"curies":[{"name":"wp","href":"https:\/\/api.w.org\/{rel}","templated":true}]}}