{"id":43517,"date":"2026-04-20T00:30:26","date_gmt":"2026-04-20T00:30:26","guid":{"rendered":"https:\/\/singuli.wpress.me\/index.php\/proizvod\/oral-b-ed-17-4-oxyjet-zamjenska-mlaznica-oralnog-tusa-4-kom\/"},"modified":"2026-04-20T12:33:52","modified_gmt":"2026-04-20T12:33:52","slug":"oral-b-ed-17-4-oxyjet-zamjenska-mlaznica-oralnog-tusa-4-kom","status":"publish","type":"product","link":"https:\/\/singuli.wpress.me\/index.php\/proizvod\/oral-b-ed-17-4-oxyjet-zamjenska-mlaznica-oralnog-tusa-4-kom\/","title":{"rendered":"ORAL-B ED 17-4 Oxyjet, zamjenska mlaznica oralnog tu\u0161a, 4\u00a0kom"},"content":{"rendered":"<p>ED17\u20134 Jets nastavak za elektri\u010dnu \u010detkicu Braun nadogra\u0111uje naprednu tehnologiju osciliraju\u0107e glave. Zamjenska mlaznica za oralni tu\u0161 je kompatibilna sa svim Oral-B oralnim tu\u0161evima.<\/p>\n","protected":false},"excerpt":{"rendered":"<p>Ciljano \u010di\u0161\u0107enje mikromjehuri\u0107ima<br \/>\nU kompletu su 4 nastavka<br \/>\nPrilago\u0111eno zubnom tu\u0161u Oral-B Professional Care Oxyjet<\/p>\n","protected":false},"featured_media":43518,"template":"","meta":{"_seopress_robots_primary_cat":"","_seopress_titles_title":"","_seopress_titles_desc":"","_seopress_robots_index":"","iawp_total_views":0},"product_brand":[423],"product_cat":[268,309],"product_tag":[],"class_list":{"0":"post-43517","1":"product","2":"type-product","3":"status-publish","4":"has-post-thumbnail","6":"product_brand-oral-b-2","7":"product_cat-kozmetika-2","8":"product_cat-oralna-higijena-268","10":"first","11":"outofstock","12":"shipping-taxable","13":"purchasable","14":"product-type-simple"},"_links":{"self":[{"href":"https:\/\/singuli.wpress.me\/index.php\/wp-json\/wp\/v2\/product\/43517","targetHints":{"allow":["GET"]}}],"collection":[{"href":"https:\/\/singuli.wpress.me\/index.php\/wp-json\/wp\/v2\/product"}],"about":[{"href":"https:\/\/singuli.wpress.me\/index.php\/wp-json\/wp\/v2\/types\/product"}],"version-history":[{"count":0,"href":"https:\/\/singuli.wpress.me\/index.php\/wp-json\/wp\/v2\/product\/43517\/revisions"}],"wp:featuredmedia":[{"embeddable":true,"href":"https:\/\/singuli.wpress.me\/index.php\/wp-json\/wp\/v2\/media\/43518"}],"wp:attachment":[{"href":"https:\/\/singuli.wpress.me\/index.php\/wp-json\/wp\/v2\/media?parent=43517"}],"wp:term":[{"taxonomy":"product_brand","embeddable":true,"href":"https:\/\/singuli.wpress.me\/index.php\/wp-json\/wp\/v2\/product_brand?post=43517"},{"taxonomy":"product_cat","embeddable":true,"href":"https:\/\/singuli.wpress.me\/index.php\/wp-json\/wp\/v2\/product_cat?post=43517"},{"taxonomy":"product_tag","embeddable":true,"href":"https:\/\/singuli.wpress.me\/index.php\/wp-json\/wp\/v2\/product_tag?post=43517"}],"curies":[{"name":"wp","href":"https:\/\/api.w.org\/{rel}","templated":true}]}}