{"id":43569,"date":"2026-04-20T00:31:08","date_gmt":"2026-04-20T00:31:08","guid":{"rendered":"https:\/\/singuli.wpress.me\/index.php\/proizvod\/twistshake-set-bocica-pastel-roza\/"},"modified":"2026-04-20T12:33:52","modified_gmt":"2026-04-20T12:33:52","slug":"twistshake-set-bocica-pastel-roza","status":"publish","type":"product","link":"https:\/\/singuli.wpress.me\/index.php\/proizvod\/twistshake-set-bocica-pastel-roza\/","title":{"rendered":"TWISTSHAKE, set bo\u010dica, pastel roza"},"content":{"rendered":"<p>Twistshake set bo\u010dica u rozoj boji sadr\u017ei:<br \/>\n1x Anti-colic bo\u010dica za bebe 330 ml (pastel roza)<br \/>\n1x Anti-colic bo\u010dica za bebe 260 ml (bijela)<br \/>\n1x Anti-colic bo\u010dica za bebe 180 ml (pastel roza)<br \/>\n1x Mini bo\u010dica 230 ml (bijela)<br \/>\n4x duda (roza, ljubi\u010dasta, siva, bijela)<br \/>\n1x kop\u010da za dudu (bijela)<br \/>\n1x prsten za grickanje 2+m (pastel rozi)<br \/>\n6x punjive vre\u0107ice za hranu<\/p>\n","protected":false},"excerpt":{"rendered":"<p>Bez BPA, BPF i BPS \u2013\u00a0 sigurno za dijete i za vas<br \/>\nIzra\u0111eno od premium materijala<br \/>\nOdli\u010dna kvaliteta<\/p>\n","protected":false},"featured_media":43570,"template":"","meta":{"_seopress_robots_primary_cat":"","_seopress_titles_title":"","_seopress_titles_desc":"","_seopress_robots_index":"","iawp_total_views":0},"product_brand":[433],"product_cat":[211,286,287],"product_tag":[],"class_list":{"0":"post-43569","1":"product","2":"type-product","3":"status-publish","4":"has-post-thumbnail","6":"product_brand-twistshake","7":"product_cat-njega-majke-i-djeteta","8":"product_cat-oprema-za-bebe-211","9":"product_cat-za-bebe-286","11":"first","12":"instock","13":"shipping-taxable","14":"purchasable","15":"product-type-simple"},"_links":{"self":[{"href":"https:\/\/singuli.wpress.me\/index.php\/wp-json\/wp\/v2\/product\/43569","targetHints":{"allow":["GET"]}}],"collection":[{"href":"https:\/\/singuli.wpress.me\/index.php\/wp-json\/wp\/v2\/product"}],"about":[{"href":"https:\/\/singuli.wpress.me\/index.php\/wp-json\/wp\/v2\/types\/product"}],"version-history":[{"count":0,"href":"https:\/\/singuli.wpress.me\/index.php\/wp-json\/wp\/v2\/product\/43569\/revisions"}],"wp:featuredmedia":[{"embeddable":true,"href":"https:\/\/singuli.wpress.me\/index.php\/wp-json\/wp\/v2\/media\/43570"}],"wp:attachment":[{"href":"https:\/\/singuli.wpress.me\/index.php\/wp-json\/wp\/v2\/media?parent=43569"}],"wp:term":[{"taxonomy":"product_brand","embeddable":true,"href":"https:\/\/singuli.wpress.me\/index.php\/wp-json\/wp\/v2\/product_brand?post=43569"},{"taxonomy":"product_cat","embeddable":true,"href":"https:\/\/singuli.wpress.me\/index.php\/wp-json\/wp\/v2\/product_cat?post=43569"},{"taxonomy":"product_tag","embeddable":true,"href":"https:\/\/singuli.wpress.me\/index.php\/wp-json\/wp\/v2\/product_tag?post=43569"}],"curies":[{"name":"wp","href":"https:\/\/api.w.org\/{rel}","templated":true}]}}