{"id":43664,"date":"2026-04-20T00:31:48","date_gmt":"2026-04-20T00:31:48","guid":{"rendered":"https:\/\/singuli.wpress.me\/index.php\/proizvod\/mr-proper-mountain-spring-visenamjensko-sredstvo-za-ciscenje-1-5-l\/"},"modified":"2026-04-20T12:33:52","modified_gmt":"2026-04-20T12:33:52","slug":"mr-proper-mountain-spring-visenamjensko-sredstvo-za-ciscenje-1-5-l","status":"publish","type":"product","link":"https:\/\/singuli.wpress.me\/index.php\/proizvod\/mr-proper-mountain-spring-visenamjensko-sredstvo-za-ciscenje-1-5-l\/","title":{"rendered":"MR. PROPER Mountain Spring, vi\u0161enamjensko sredstvo za \u010di\u0161\u0107enje, 1.5\u00a0l"},"content":{"rendered":"<p><span style=\"font-weight: bold\">Vi\u0161enamjensko sredstvo za \u010di\u0161\u0107enje Mr. Proper<\/span> savr\u0161eno je za \u010di\u0161\u0107enje gotovo svih tvrdih povr\u0161ina u va\u0161em domu. <\/p>\n<p>Upotrijebite ga za sudoper, masne povr\u0161ine \u0161tednjaka, \u010dak i za \u010di\u0161\u0107enje podova. <\/p>\n<p>Mr Proper uklanja prljav\u0161tinu i masno\u0107e, a ne ostavlja tragove pranja zahvaljuju\u0107i sastojcima biljnog porijekla u svojoj formuli (12 % ukupne koli\u010dine povr\u0161inski aktivnih tvari koje su podlo\u017ene preradi). <\/p>\n<p>Otkrijte na\u0161 najbolji sjaj do sad. Neka va\u0161 dom miri\u0161e svje\u017ee zahvaljuju\u0107i ugodnom dodanom mirisu Morning Dew.<\/p>\n","protected":false},"excerpt":{"rendered":"<p>Ostavlja najbolji sjaj do sad, ali ne i grube ostatke<br \/>\nUklanja prljav\u0161tinu, masno\u0107e i naslage u cijelom domu<br \/>\nSa sastojcima biljnog porijekla<\/p>\n","protected":false},"featured_media":43665,"template":"","meta":{"_seopress_robots_primary_cat":"","_seopress_titles_title":"","_seopress_titles_desc":"","_seopress_robots_index":"","iawp_total_views":0},"product_brand":[521],"product_cat":[274,238],"product_tag":[],"class_list":{"0":"post-43664","1":"product","2":"type-product","3":"status-publish","4":"has-post-thumbnail","6":"product_brand-mr-proper","7":"product_cat-kucanski-pribor-238","8":"product_cat-sve-za-dom","10":"first","11":"outofstock","12":"shipping-taxable","13":"purchasable","14":"product-type-simple"},"_links":{"self":[{"href":"https:\/\/singuli.wpress.me\/index.php\/wp-json\/wp\/v2\/product\/43664","targetHints":{"allow":["GET"]}}],"collection":[{"href":"https:\/\/singuli.wpress.me\/index.php\/wp-json\/wp\/v2\/product"}],"about":[{"href":"https:\/\/singuli.wpress.me\/index.php\/wp-json\/wp\/v2\/types\/product"}],"version-history":[{"count":0,"href":"https:\/\/singuli.wpress.me\/index.php\/wp-json\/wp\/v2\/product\/43664\/revisions"}],"wp:featuredmedia":[{"embeddable":true,"href":"https:\/\/singuli.wpress.me\/index.php\/wp-json\/wp\/v2\/media\/43665"}],"wp:attachment":[{"href":"https:\/\/singuli.wpress.me\/index.php\/wp-json\/wp\/v2\/media?parent=43664"}],"wp:term":[{"taxonomy":"product_brand","embeddable":true,"href":"https:\/\/singuli.wpress.me\/index.php\/wp-json\/wp\/v2\/product_brand?post=43664"},{"taxonomy":"product_cat","embeddable":true,"href":"https:\/\/singuli.wpress.me\/index.php\/wp-json\/wp\/v2\/product_cat?post=43664"},{"taxonomy":"product_tag","embeddable":true,"href":"https:\/\/singuli.wpress.me\/index.php\/wp-json\/wp\/v2\/product_tag?post=43664"}],"curies":[{"name":"wp","href":"https:\/\/api.w.org\/{rel}","templated":true}]}}