{"id":43725,"date":"2026-04-20T00:32:08","date_gmt":"2026-04-20T00:32:08","guid":{"rendered":"https:\/\/singuli.wpress.me\/index.php\/proizvod\/ariel-all-in-1-kapsule-31-kom\/"},"modified":"2026-04-20T12:33:52","modified_gmt":"2026-04-20T12:33:52","slug":"ariel-all-in-1-kapsule-31-kom","status":"publish","type":"product","link":"https:\/\/singuli.wpress.me\/index.php\/proizvod\/ariel-all-in-1-kapsule-31-kom\/","title":{"rendered":"ARIEL All-in-1, kapsule, 31\u00a0kom"},"content":{"rendered":"<p>Ariel, marka koju preporu\u010duju Whirlpool, Electrolux, Candy i Beko, predstavlja kapsule deterd\u017eenta za pranje rublja Ariel All-in-1 PODS u varijanti Sensitive Skin kao idealno rje\u0161enje za dubinsko \u010di\u0161\u0107enje va\u0161e odje\u0107e uz zajam\u010denu 100% Arielovu u\u010dinkovitost (u usporedbi s prethodnim deterd\u017eentom Ariel Sensitive) ako imate osjetljivu ko\u017eu. Dermatolo\u0161ki testirana formula koju je odobrio ECARF sadr\u017ei 0% bojila, a miris je posebno kreiran kako bi imao ni\u017eu razinu alergena. Me\u0111utim, premda je nje\u017ena prema ko\u017ei, iznimno je nemilosrdna prema mrljama: kapsule za pranje rublja Ariel All-in-1 PODS pru\u017eaju va\u0161oj odje\u0107i pouzdanu Arielovu \u010disto\u0107u, \u010dak i pri pranju na niskim temperaturama zahvaljuju\u0107i njihovoj jedinstvenoj tehnologiji COOL CLEAN. Uz to, Arielove kapsule za pranje rublja sada mogu pridonijeti i smanjenju plasti\u010dnog otpada zahvaljuju\u0107i svojoj kartonskoj kutiji ECOCLIC koja se mo\u017ee reciklirati ((PL)(HU)(CZ)(SK)(SI)(EE)(LT)(LV)). Sadr\u017ei maksimalno samo 5% plastike i osmi\u0161ljena je za o\u010duvanje kapsula PODS. Upozorenje: proizvod mo\u017ee biti \u0161tetan i mo\u017ee prouzro\u010diti te\u0161ku ozljedu. Kapsule deterd\u017eenta za pranje rublja Ariel All-in-1 PODS obavezno \u010duvajte izvan dohvata djece. Za vi\u0161e informacija posjetite keepcapsfromkids.eu.<\/p>\n","protected":false},"excerpt":{"rendered":"<p>Nemilosrdan prema mrljama<br \/>\nPouzdana Arielova \u010disto\u0107a na ni\u017eim temperaturama<br \/>\nFormula za osjetljivu ko\u017eu<\/p>\n","protected":false},"featured_media":43726,"template":"","meta":{"_seopress_robots_primary_cat":"","_seopress_titles_title":"","_seopress_titles_desc":"","_seopress_robots_index":"","iawp_total_views":0},"product_brand":[427],"product_cat":[283,238],"product_tag":[],"class_list":{"0":"post-43725","1":"product","2":"type-product","3":"status-publish","4":"has-post-thumbnail","6":"product_brand-ariel","7":"product_cat-pranje-rublja-238","8":"product_cat-sve-za-dom","10":"first","11":"outofstock","12":"shipping-taxable","13":"purchasable","14":"product-type-simple"},"_links":{"self":[{"href":"https:\/\/singuli.wpress.me\/index.php\/wp-json\/wp\/v2\/product\/43725","targetHints":{"allow":["GET"]}}],"collection":[{"href":"https:\/\/singuli.wpress.me\/index.php\/wp-json\/wp\/v2\/product"}],"about":[{"href":"https:\/\/singuli.wpress.me\/index.php\/wp-json\/wp\/v2\/types\/product"}],"version-history":[{"count":0,"href":"https:\/\/singuli.wpress.me\/index.php\/wp-json\/wp\/v2\/product\/43725\/revisions"}],"wp:featuredmedia":[{"embeddable":true,"href":"https:\/\/singuli.wpress.me\/index.php\/wp-json\/wp\/v2\/media\/43726"}],"wp:attachment":[{"href":"https:\/\/singuli.wpress.me\/index.php\/wp-json\/wp\/v2\/media?parent=43725"}],"wp:term":[{"taxonomy":"product_brand","embeddable":true,"href":"https:\/\/singuli.wpress.me\/index.php\/wp-json\/wp\/v2\/product_brand?post=43725"},{"taxonomy":"product_cat","embeddable":true,"href":"https:\/\/singuli.wpress.me\/index.php\/wp-json\/wp\/v2\/product_cat?post=43725"},{"taxonomy":"product_tag","embeddable":true,"href":"https:\/\/singuli.wpress.me\/index.php\/wp-json\/wp\/v2\/product_tag?post=43725"}],"curies":[{"name":"wp","href":"https:\/\/api.w.org\/{rel}","templated":true}]}}