{"id":43751,"date":"2026-04-20T00:32:19","date_gmt":"2026-04-20T00:32:19","guid":{"rendered":"https:\/\/singuli.wpress.me\/index.php\/proizvod\/disney-minnie-plisana-igracka-xl\/"},"modified":"2026-04-20T12:33:52","modified_gmt":"2026-04-20T12:33:52","slug":"disney-minnie-plisana-igracka-xl","status":"publish","type":"product","link":"https:\/\/singuli.wpress.me\/index.php\/proizvod\/disney-minnie-plisana-igracka-xl\/","title":{"rendered":"DISNEY Minnie, pli\u0161ana igra\u010dka, XL"},"content":{"rendered":"<p>Nova predivna Disney pli\u0161anka, mekana i neodoljiva za sve generacije! <span style=\"font-weight: bold\">Super velika Minnie<\/span> u rozoj haljini veli\u010dine 60 cm izra\u0111ena od najkvalitetnijih materijala i prikladna za mali\u0161ane od najranije dobi. Dob: 0+<\/p>\n","protected":false},"excerpt":{"rendered":"<p>Sigurna za najmla\u0111e<br \/>\nVeli\u010dine 60 cm<br \/>\nDob: 0+ god<\/p>\n","protected":false},"featured_media":43752,"template":"","meta":{"_seopress_robots_primary_cat":"","_seopress_titles_title":"","_seopress_titles_desc":"","_seopress_robots_index":"","iawp_total_views":0},"product_brand":[522],"product_cat":[221,291],"product_tag":[],"class_list":{"0":"post-43751","1":"product","2":"type-product","3":"status-publish","4":"has-post-thumbnail","6":"product_brand-disney","7":"product_cat-igracke","8":"product_cat-igracke-za-djecu-221","10":"first","11":"outofstock","12":"shipping-taxable","13":"purchasable","14":"product-type-simple"},"_links":{"self":[{"href":"https:\/\/singuli.wpress.me\/index.php\/wp-json\/wp\/v2\/product\/43751","targetHints":{"allow":["GET"]}}],"collection":[{"href":"https:\/\/singuli.wpress.me\/index.php\/wp-json\/wp\/v2\/product"}],"about":[{"href":"https:\/\/singuli.wpress.me\/index.php\/wp-json\/wp\/v2\/types\/product"}],"version-history":[{"count":0,"href":"https:\/\/singuli.wpress.me\/index.php\/wp-json\/wp\/v2\/product\/43751\/revisions"}],"wp:featuredmedia":[{"embeddable":true,"href":"https:\/\/singuli.wpress.me\/index.php\/wp-json\/wp\/v2\/media\/43752"}],"wp:attachment":[{"href":"https:\/\/singuli.wpress.me\/index.php\/wp-json\/wp\/v2\/media?parent=43751"}],"wp:term":[{"taxonomy":"product_brand","embeddable":true,"href":"https:\/\/singuli.wpress.me\/index.php\/wp-json\/wp\/v2\/product_brand?post=43751"},{"taxonomy":"product_cat","embeddable":true,"href":"https:\/\/singuli.wpress.me\/index.php\/wp-json\/wp\/v2\/product_cat?post=43751"},{"taxonomy":"product_tag","embeddable":true,"href":"https:\/\/singuli.wpress.me\/index.php\/wp-json\/wp\/v2\/product_tag?post=43751"}],"curies":[{"name":"wp","href":"https:\/\/api.w.org\/{rel}","templated":true}]}}