{"id":43884,"date":"2026-04-20T00:33:06","date_gmt":"2026-04-20T00:33:06","guid":{"rendered":"https:\/\/singuli.wpress.me\/index.php\/proizvod\/laica-ks1034-breakfast-kuhinjska-vaga\/"},"modified":"2026-04-20T12:33:53","modified_gmt":"2026-04-20T12:33:53","slug":"laica-ks1034-breakfast-kuhinjska-vaga","status":"publish","type":"product","link":"https:\/\/singuli.wpress.me\/index.php\/proizvod\/laica-ks1034-breakfast-kuhinjska-vaga\/","title":{"rendered":"LAICA KS1034 Breakfast, kuhinjska vaga"},"content":{"rendered":"<p>Digitalna kuhinjska vaga s LCD ekranom i staklenom povr\u0161inom odlikuje se TARA funkcijom, velikim LCD ekranom i ugodnim dizajnom, \u0161to \u0107e je u\u010diniti estetskim dodatkom va\u0161oj kuhinji.<\/p>\n","protected":false},"excerpt":{"rendered":"<p>Digitalna kuhinjska vaga s LCD zaslonom.<br \/>\nS povr\u0161inom od kaljenog stakla.<br \/>\nMaksimalno optere\u0107enje je 5 kg.<\/p>\n","protected":false},"featured_media":43885,"template":"","meta":{"_seopress_robots_primary_cat":"","_seopress_titles_title":"","_seopress_titles_desc":"","_seopress_robots_index":"","iawp_total_views":0},"product_brand":[148],"product_cat":[266,265,160],"product_tag":[],"class_list":{"0":"post-43884","1":"product","2":"type-product","3":"status-publish","4":"has-post-thumbnail","6":"product_brand-laica","7":"product_cat-aparati-za-kuhanje-265","8":"product_cat-kuhinjski-aparati-160","9":"product_cat-mali-kucanski-aparati","11":"first","12":"outofstock","13":"shipping-taxable","14":"purchasable","15":"product-type-simple"},"_links":{"self":[{"href":"https:\/\/singuli.wpress.me\/index.php\/wp-json\/wp\/v2\/product\/43884","targetHints":{"allow":["GET"]}}],"collection":[{"href":"https:\/\/singuli.wpress.me\/index.php\/wp-json\/wp\/v2\/product"}],"about":[{"href":"https:\/\/singuli.wpress.me\/index.php\/wp-json\/wp\/v2\/types\/product"}],"version-history":[{"count":0,"href":"https:\/\/singuli.wpress.me\/index.php\/wp-json\/wp\/v2\/product\/43884\/revisions"}],"wp:featuredmedia":[{"embeddable":true,"href":"https:\/\/singuli.wpress.me\/index.php\/wp-json\/wp\/v2\/media\/43885"}],"wp:attachment":[{"href":"https:\/\/singuli.wpress.me\/index.php\/wp-json\/wp\/v2\/media?parent=43884"}],"wp:term":[{"taxonomy":"product_brand","embeddable":true,"href":"https:\/\/singuli.wpress.me\/index.php\/wp-json\/wp\/v2\/product_brand?post=43884"},{"taxonomy":"product_cat","embeddable":true,"href":"https:\/\/singuli.wpress.me\/index.php\/wp-json\/wp\/v2\/product_cat?post=43884"},{"taxonomy":"product_tag","embeddable":true,"href":"https:\/\/singuli.wpress.me\/index.php\/wp-json\/wp\/v2\/product_tag?post=43884"}],"curies":[{"name":"wp","href":"https:\/\/api.w.org\/{rel}","templated":true}]}}