{"id":43930,"date":"2026-04-20T00:33:25","date_gmt":"2026-04-20T00:33:25","guid":{"rendered":"https:\/\/singuli.wpress.me\/index.php\/proizvod\/domo-do9241kr-kuhinjski-robot-bijeli\/"},"modified":"2026-04-20T12:33:53","modified_gmt":"2026-04-20T12:33:53","slug":"domo-do9241kr-kuhinjski-robot-bijeli","status":"publish","type":"product","link":"https:\/\/singuli.wpress.me\/index.php\/proizvod\/domo-do9241kr-kuhinjski-robot-bijeli\/","title":{"rendered":"DOMO DO9241KR, kuhinjski robot, bijeli"},"content":{"rendered":"<p>S Domo DO9241KR mo\u017eete podesiti \u017eeljenu brzinu mije\u0161anja prema vrsti pripreme sa 6 postavki. Kuhinjski stroj uklju\u010duje 3 razli\u010dita nastavka. Kukica za tijesto mo\u017ee se koristiti za mije\u0161anje tijesta za kola\u010de. S pjenja\u010dom mo\u017eete brzo umutite bjelanjke za meringue ili slatko vrhnje. Zahvaljuju\u0107i prozirnom poklopcu protiv prskanja, mo\u017eete pratiti proces mije\u0161anja i sprije\u010diti da sadr\u017eaj zaprlja va\u0161 pult.<\/p>\n<p>Sofisticirani dizajn<br \/>\n&#8211; Kuhinjski robot brine se za mije\u0161enje dizanog tijesta, mu\u0107enje bjelanjaka i mije\u0161anje finog tijesta za kola\u010de.<br \/>\n&#8211; Ure\u0111aj u atraktivnom sivo-bijelom dizajnu opremljen je radnom posudom od \u010dvrste plastike ukupne zapremine 4 litre. U opremi je i prozirni poklopac s otvorom. Ostatak sastojaka mo\u017eete dodati i nakon pokretanja robota i ne morate brinuti ho\u0107ete li cijelu kuhinju ukrasiti tijestom.<br \/>\n&#8211; Baza je opremljena nogama s prakti\u010dnim vakuumskim \u010da\u0161icama. Ure\u0111aj tako cijelo vrijeme ostaje na mjestu.<\/p>\n<p>Mije\u0161ajte, tucite i gnje\u010dite<br \/>\n&#8211; U\u010dinkovitost osigurava sna\u017ean motor od 600 W s bezstupanjskom kontrolom brzine. Na ovaj na\u010din mo\u017eete umutiti npr. \u010dvrsti snijeg od bjelanjaka.<br \/>\n&#8211; U paketu \u0107ete prona\u0107i 3 dodatka. Za pripremu tijesta s kvascem mo\u017eete koristiti metalnu kuku za mije\u0161enje. Plasti\u010dna pjenja\u010da za mije\u0161anje prikladna je za rad s keksima, a s inox pjenja\u010dom u trenu \u0107ete umutiti \u0161lag za cijelu obitelj. Mijenjanje priklju\u010daka vrlo je jednostavno i brzo.<br \/>\n&#8211; Ure\u0111aj je tako\u0111er opremljen planetarnim sustavom mije\u0161anja. Stoga bez problema obra\u0111uje sirovine koje se lijepe na stijenke radne posude.<\/p>\n<p>Jednostavna kontrola<br \/>\n&#8211; Imate strujni kabel du\u017eine 98 cm, kojim lako mo\u017eete do\u0107i i do udaljenijih uti\u010dnica. Sigurnosna brava sprje\u010dava pokretanje stroja u sklopljenom polo\u017eaju, \u0161to bi moglo dovesti do smo\u010denja kuhinjskog pulta od tijesta.<br \/>\n&#8211; Svi upravlja\u010dki elementi nalaze se u neposrednoj blizini radnog spremnika. Mo\u017eete birati izme\u0111u ukupno 6 postavki. Podesite intenzitet laganim pomicanjem okretne tipke.<\/p>\n","protected":false},"excerpt":{"rendered":"<p>Za mije\u0161enje dizanog tijesta, mu\u0107enje bjelanjaka i mije\u0161enje finog tijesta za kola\u010de<br \/>\nSa 6 postavki prilagodite \u017eeljenu brzinu mije\u0161anja prema vrsti pripreme<br \/>\nUklju\u010duje: kuku za tijesto, pjenja\u010du i nastavak za mu\u0107enje<\/p>\n","protected":false},"featured_media":43931,"template":"","meta":{"_seopress_robots_primary_cat":"","_seopress_titles_title":"","_seopress_titles_desc":"","_seopress_robots_index":"","iawp_total_views":0},"product_brand":[255],"product_cat":[192,267],"product_tag":[],"class_list":{"0":"post-43930","1":"product","2":"type-product","3":"status-publish","4":"has-post-thumbnail","6":"product_brand-domo","7":"product_cat-aparati-za-osobnu-njegu","8":"product_cat-zdravstveni-uredaji-192","10":"first","11":"outofstock","12":"shipping-taxable","13":"purchasable","14":"product-type-simple"},"_links":{"self":[{"href":"https:\/\/singuli.wpress.me\/index.php\/wp-json\/wp\/v2\/product\/43930","targetHints":{"allow":["GET"]}}],"collection":[{"href":"https:\/\/singuli.wpress.me\/index.php\/wp-json\/wp\/v2\/product"}],"about":[{"href":"https:\/\/singuli.wpress.me\/index.php\/wp-json\/wp\/v2\/types\/product"}],"version-history":[{"count":0,"href":"https:\/\/singuli.wpress.me\/index.php\/wp-json\/wp\/v2\/product\/43930\/revisions"}],"wp:featuredmedia":[{"embeddable":true,"href":"https:\/\/singuli.wpress.me\/index.php\/wp-json\/wp\/v2\/media\/43931"}],"wp:attachment":[{"href":"https:\/\/singuli.wpress.me\/index.php\/wp-json\/wp\/v2\/media?parent=43930"}],"wp:term":[{"taxonomy":"product_brand","embeddable":true,"href":"https:\/\/singuli.wpress.me\/index.php\/wp-json\/wp\/v2\/product_brand?post=43930"},{"taxonomy":"product_cat","embeddable":true,"href":"https:\/\/singuli.wpress.me\/index.php\/wp-json\/wp\/v2\/product_cat?post=43930"},{"taxonomy":"product_tag","embeddable":true,"href":"https:\/\/singuli.wpress.me\/index.php\/wp-json\/wp\/v2\/product_tag?post=43930"}],"curies":[{"name":"wp","href":"https:\/\/api.w.org\/{rel}","templated":true}]}}