{"id":43985,"date":"2026-04-20T00:33:43","date_gmt":"2026-04-20T00:33:43","guid":{"rendered":"https:\/\/singuli.wpress.me\/index.php\/proizvod\/bison-sprej-za-ciscenje-cleaner-400-ml\/"},"modified":"2026-04-20T12:33:53","modified_gmt":"2026-04-20T12:33:53","slug":"bison-sprej-za-ciscenje-cleaner-400-ml","status":"publish","type":"product","link":"https:\/\/singuli.wpress.me\/index.php\/proizvod\/bison-sprej-za-ciscenje-cleaner-400-ml\/","title":{"rendered":"BISON, sprej za \u010di\u0161\u0107enje, Cleaner, 400\u00a0ml"},"content":{"rendered":"<p>Za \u010di\u0161\u0107enje i odma\u0161\u0107ivanje metala. Uklanja ulje, prljav\u0161tinu, masno\u0107u, vosak, katran, trajne flomastere, ugljenu pra\u0161inu i pra\u0161inu s naplataka, me\u0111u ostalim. <\/p>\n<p>Tako\u0111er za uklanjanje nestvrdnutih ostataka 2-komponentnog ljepila, boje, silikonskih brtvila i poliuretanske pjene.<\/p>\n","protected":false},"excerpt":{"rendered":"<p>Za \u010di\u0161\u0107enje i odma\u0161\u0107ivanje metala<br \/>\nJednostavno kori\u0161tenje<br \/>\nUklanja razne mrlje i nestvrdnute ostatke ljepila<\/p>\n","protected":false},"featured_media":43986,"template":"","meta":{"_seopress_robots_primary_cat":"","_seopress_titles_title":"","_seopress_titles_desc":"","_seopress_robots_index":"","iawp_total_views":0},"product_brand":[494],"product_cat":[284,238],"product_tag":[],"class_list":{"0":"post-43985","1":"product","2":"type-product","3":"status-publish","4":"has-post-thumbnail","6":"product_brand-bison","7":"product_cat-sredstva-za-ciscenje-238","8":"product_cat-sve-za-dom","10":"first","11":"instock","12":"shipping-taxable","13":"purchasable","14":"product-type-simple"},"_links":{"self":[{"href":"https:\/\/singuli.wpress.me\/index.php\/wp-json\/wp\/v2\/product\/43985","targetHints":{"allow":["GET"]}}],"collection":[{"href":"https:\/\/singuli.wpress.me\/index.php\/wp-json\/wp\/v2\/product"}],"about":[{"href":"https:\/\/singuli.wpress.me\/index.php\/wp-json\/wp\/v2\/types\/product"}],"version-history":[{"count":0,"href":"https:\/\/singuli.wpress.me\/index.php\/wp-json\/wp\/v2\/product\/43985\/revisions"}],"wp:featuredmedia":[{"embeddable":true,"href":"https:\/\/singuli.wpress.me\/index.php\/wp-json\/wp\/v2\/media\/43986"}],"wp:attachment":[{"href":"https:\/\/singuli.wpress.me\/index.php\/wp-json\/wp\/v2\/media?parent=43985"}],"wp:term":[{"taxonomy":"product_brand","embeddable":true,"href":"https:\/\/singuli.wpress.me\/index.php\/wp-json\/wp\/v2\/product_brand?post=43985"},{"taxonomy":"product_cat","embeddable":true,"href":"https:\/\/singuli.wpress.me\/index.php\/wp-json\/wp\/v2\/product_cat?post=43985"},{"taxonomy":"product_tag","embeddable":true,"href":"https:\/\/singuli.wpress.me\/index.php\/wp-json\/wp\/v2\/product_tag?post=43985"}],"curies":[{"name":"wp","href":"https:\/\/api.w.org\/{rel}","templated":true}]}}