{"id":43989,"date":"2026-04-20T00:33:45","date_gmt":"2026-04-20T00:33:45","guid":{"rendered":"https:\/\/singuli.wpress.me\/index.php\/proizvod\/domo-pizza-kamen\/"},"modified":"2026-04-20T12:33:53","modified_gmt":"2026-04-20T12:33:53","slug":"domo-pizza-kamen","status":"publish","type":"product","link":"https:\/\/singuli.wpress.me\/index.php\/proizvod\/domo-pizza-kamen\/","title":{"rendered":"DOMO, pizza kamen"},"content":{"rendered":"<p>Prikladno za kori\u0161tenje na razli\u010ditim vrstama izvora topline, npr. tradicionalna pe\u0107nica ili ro\u0161tilj. Zahvaljuju\u0107i posebnom materijalu hrana zadr\u017eava sav svoj okus i okus je jo\u0161 bolji. Kamen ne zahtjeva masno\u010du, tako da je pe\u010denje na njemu zdravije. Kamen se brzo zagrijava i dugo zadr\u017eava toplinu. Kamen stavljajte samo na podmeta\u010d otporan na toplinu, nikako izravno na stol. <\/p>\n","protected":false},"excerpt":{"rendered":"<p>Pogodno za kori\u0161tenje na raznim izvorima topline; npr. tradicionalne pe\u0107nice, ro\u0161tilj<br \/>\nHrana \u010duva sav svoj okus<br \/>\nKamen se brzo zagrijava i dugo zadr\u017eava toplinu<\/p>\n","protected":false},"featured_media":43990,"template":"","meta":{"_seopress_robots_primary_cat":"","_seopress_titles_title":"","_seopress_titles_desc":"","_seopress_robots_index":"","iawp_total_views":0},"product_brand":[255],"product_cat":[266,265,160],"product_tag":[],"class_list":{"0":"post-43989","1":"product","2":"type-product","3":"status-publish","4":"has-post-thumbnail","6":"product_brand-domo","7":"product_cat-aparati-za-kuhanje-265","8":"product_cat-kuhinjski-aparati-160","9":"product_cat-mali-kucanski-aparati","11":"first","12":"outofstock","13":"shipping-taxable","14":"purchasable","15":"product-type-simple"},"_links":{"self":[{"href":"https:\/\/singuli.wpress.me\/index.php\/wp-json\/wp\/v2\/product\/43989","targetHints":{"allow":["GET"]}}],"collection":[{"href":"https:\/\/singuli.wpress.me\/index.php\/wp-json\/wp\/v2\/product"}],"about":[{"href":"https:\/\/singuli.wpress.me\/index.php\/wp-json\/wp\/v2\/types\/product"}],"version-history":[{"count":0,"href":"https:\/\/singuli.wpress.me\/index.php\/wp-json\/wp\/v2\/product\/43989\/revisions"}],"wp:featuredmedia":[{"embeddable":true,"href":"https:\/\/singuli.wpress.me\/index.php\/wp-json\/wp\/v2\/media\/43990"}],"wp:attachment":[{"href":"https:\/\/singuli.wpress.me\/index.php\/wp-json\/wp\/v2\/media?parent=43989"}],"wp:term":[{"taxonomy":"product_brand","embeddable":true,"href":"https:\/\/singuli.wpress.me\/index.php\/wp-json\/wp\/v2\/product_brand?post=43989"},{"taxonomy":"product_cat","embeddable":true,"href":"https:\/\/singuli.wpress.me\/index.php\/wp-json\/wp\/v2\/product_cat?post=43989"},{"taxonomy":"product_tag","embeddable":true,"href":"https:\/\/singuli.wpress.me\/index.php\/wp-json\/wp\/v2\/product_tag?post=43989"}],"curies":[{"name":"wp","href":"https:\/\/api.w.org\/{rel}","templated":true}]}}