{"id":44157,"date":"2026-04-20T00:34:50","date_gmt":"2026-04-20T00:34:50","guid":{"rendered":"https:\/\/singuli.wpress.me\/index.php\/proizvod\/karlovacko-svijetlo-ledeno-pivo-20x0-5l\/"},"modified":"2026-04-20T12:33:54","modified_gmt":"2026-04-20T12:33:54","slug":"karlovacko-svijetlo-ledeno-pivo-20x0-5l","status":"publish","type":"product","link":"https:\/\/singuli.wpress.me\/index.php\/proizvod\/karlovacko-svijetlo-ledeno-pivo-20x0-5l\/","title":{"rendered":"KARLOVA\u010cKO Svijetlo Ledeno, pivo, 20&#215;0.5l"},"content":{"rendered":"<p>Spas za ljetne vru\u0107ine dolazi u obliku novog piva. Karlova\u010dko Ledeno proizvedeno je kori\u0161tenjem najsuvremenijih metoda \u2013 filtriranjem tik do to\u010dke smrzavanja \u2013 \u010dime je postignuta savr\u0161ena pitkost bez gubitka punog okusa piva. Uz atraktivan dizajn i etiketu s termo efektom koja ukazuje na idealnu temperaturu konzumacije, ovo je pivo savr\u0161eno za sve prilike u kojima ti treba pravo osvje\u017eenje.<\/p>\n<div><\/div>\n","protected":false},"excerpt":{"rendered":"<p>Lager pivo punog okusa<br \/>\nManji postotak alkohola<br \/>\nAlkohol: 4,0% vol.<\/p>\n","protected":false},"featured_media":44158,"template":"","meta":{"_seopress_robots_primary_cat":"","_seopress_titles_title":"","_seopress_titles_desc":"","_seopress_robots_index":"","iawp_total_views":0},"product_brand":[526],"product_cat":[298,261],"product_tag":[],"class_list":{"0":"post-44157","1":"product","2":"type-product","3":"status-publish","4":"has-post-thumbnail","6":"product_brand-karlovacko","7":"product_cat-alkoholna-pica-261","8":"product_cat-hrana-i-pice","10":"first","11":"outofstock","12":"shipping-taxable","13":"purchasable","14":"product-type-simple"},"_links":{"self":[{"href":"https:\/\/singuli.wpress.me\/index.php\/wp-json\/wp\/v2\/product\/44157","targetHints":{"allow":["GET"]}}],"collection":[{"href":"https:\/\/singuli.wpress.me\/index.php\/wp-json\/wp\/v2\/product"}],"about":[{"href":"https:\/\/singuli.wpress.me\/index.php\/wp-json\/wp\/v2\/types\/product"}],"version-history":[{"count":0,"href":"https:\/\/singuli.wpress.me\/index.php\/wp-json\/wp\/v2\/product\/44157\/revisions"}],"wp:featuredmedia":[{"embeddable":true,"href":"https:\/\/singuli.wpress.me\/index.php\/wp-json\/wp\/v2\/media\/44158"}],"wp:attachment":[{"href":"https:\/\/singuli.wpress.me\/index.php\/wp-json\/wp\/v2\/media?parent=44157"}],"wp:term":[{"taxonomy":"product_brand","embeddable":true,"href":"https:\/\/singuli.wpress.me\/index.php\/wp-json\/wp\/v2\/product_brand?post=44157"},{"taxonomy":"product_cat","embeddable":true,"href":"https:\/\/singuli.wpress.me\/index.php\/wp-json\/wp\/v2\/product_cat?post=44157"},{"taxonomy":"product_tag","embeddable":true,"href":"https:\/\/singuli.wpress.me\/index.php\/wp-json\/wp\/v2\/product_tag?post=44157"}],"curies":[{"name":"wp","href":"https:\/\/api.w.org\/{rel}","templated":true}]}}