{"id":44198,"date":"2026-04-20T00:35:13","date_gmt":"2026-04-20T00:35:13","guid":{"rendered":"https:\/\/singuli.wpress.me\/index.php\/proizvod\/domo-do457fr-friteza-3-l\/"},"modified":"2026-04-21T00:27:26","modified_gmt":"2026-04-21T00:27:26","slug":"domo-do457fr-friteza-3-l","status":"publish","type":"product","link":"https:\/\/singuli.wpress.me\/index.php\/proizvod\/domo-do457fr-friteza-3-l\/","title":{"rendered":"DOMO DO457FR, friteza, 3\u00a0l"},"content":{"rendered":"<p>S ovom fantasti\u010dnom fritezom iz Doma svaki put dobivate savr\u0161ene hrskave rezultate. Kapacitet od 3 litre i 2000 W, visoki napon za vrlo brzo zagrijavanje. Ima toplinski izolirane ru\u010dke, za\u0161titu od pra\u0161ine i uklonjivu zdjelu od nehr\u0111aju\u0107eg \u010delika. Podesivi i uklonjivi termostat i indikator temperature. Kreirajte prekrasne ukusne obroke s Domo fritezom.<\/p>\n","protected":false},"excerpt":{"rendered":"<p>Friteza s hladnim zonama<br \/>\nIma toplinski izolirane ru\u010dke, za\u0161titu od pra\u0161ine i uklonjivu posudu<br \/>\nKu\u0107i\u0161te i spremnik izra\u0111eni su od nehr\u0111aju\u0107eg \u010delika<\/p>\n","protected":false},"featured_media":44199,"template":"","meta":{"_seopress_robots_primary_cat":"","_seopress_titles_title":"","_seopress_titles_desc":"","_seopress_robots_index":"","iawp_total_views":0},"product_brand":[255],"product_cat":[266,265,160],"product_tag":[],"class_list":{"0":"post-44198","1":"product","2":"type-product","3":"status-publish","4":"has-post-thumbnail","6":"product_brand-domo","7":"product_cat-aparati-za-kuhanje-265","8":"product_cat-kuhinjski-aparati-160","9":"product_cat-mali-kucanski-aparati","11":"first","12":"outofstock","13":"shipping-taxable","14":"purchasable","15":"product-type-simple"},"_links":{"self":[{"href":"https:\/\/singuli.wpress.me\/index.php\/wp-json\/wp\/v2\/product\/44198","targetHints":{"allow":["GET"]}}],"collection":[{"href":"https:\/\/singuli.wpress.me\/index.php\/wp-json\/wp\/v2\/product"}],"about":[{"href":"https:\/\/singuli.wpress.me\/index.php\/wp-json\/wp\/v2\/types\/product"}],"version-history":[{"count":0,"href":"https:\/\/singuli.wpress.me\/index.php\/wp-json\/wp\/v2\/product\/44198\/revisions"}],"wp:featuredmedia":[{"embeddable":true,"href":"https:\/\/singuli.wpress.me\/index.php\/wp-json\/wp\/v2\/media\/44199"}],"wp:attachment":[{"href":"https:\/\/singuli.wpress.me\/index.php\/wp-json\/wp\/v2\/media?parent=44198"}],"wp:term":[{"taxonomy":"product_brand","embeddable":true,"href":"https:\/\/singuli.wpress.me\/index.php\/wp-json\/wp\/v2\/product_brand?post=44198"},{"taxonomy":"product_cat","embeddable":true,"href":"https:\/\/singuli.wpress.me\/index.php\/wp-json\/wp\/v2\/product_cat?post=44198"},{"taxonomy":"product_tag","embeddable":true,"href":"https:\/\/singuli.wpress.me\/index.php\/wp-json\/wp\/v2\/product_tag?post=44198"}],"curies":[{"name":"wp","href":"https:\/\/api.w.org\/{rel}","templated":true}]}}