{"id":44223,"date":"2026-04-20T00:35:22","date_gmt":"2026-04-20T00:35:22","guid":{"rendered":"https:\/\/singuli.wpress.me\/index.php\/proizvod\/becutan-sensitive-mlijeko-200-ml\/"},"modified":"2026-04-21T00:27:26","modified_gmt":"2026-04-21T00:27:26","slug":"becutan-sensitive-mlijeko-200-ml","status":"publish","type":"product","link":"https:\/\/singuli.wpress.me\/index.php\/proizvod\/becutan-sensitive-mlijeko-200-ml\/","title":{"rendered":"BECUTAN Sensitive, mlijeko, 200\u00a0ml"},"content":{"rendered":"<p>Ovaj proizvod sadr\u017ei kombinaciju sastojaka prirodnog porijekla, poput shea maslaca, bademovog ulja i glicerina, koji lako prodiru u povr\u0161inske slojeve i omogu\u0107uju duboku hidrataciju ko\u017ee. U kombinaciji s emolijensima, ovi sastojci sudjeluju u odr\u017eavanju i za\u0161titi povr\u0161inskog sloja ko\u017ee te doprinose njezi cijelog tijela.<\/p>\n<p>Visokokvalitetna formula posebno je namijenjena njezi osjetljive bebine i dje\u010dje ko\u017ee koja je sklona iritacijama, suhim dijelovima i lak\u0161em nadra\u017eivanju u odnosu na normalnu ko\u017eu. Proizvod je klini\u010dki i dermatolo\u0161ki testiran u laboratoriju u Europskoj uniji (Italija) pod nadzorom dermatologa.<\/p>\n","protected":false},"excerpt":{"rendered":"<p>Sadr\u017ei shea maslac, bademovo ulje i glicerin za dubinsku njegu i za\u0161titu povr\u0161inskog sloja ko\u017ee<br \/>\nSpecijalna njega za ko\u017eu sklonu iritacijama i suhim dijelovima koja se lako nadra\u017euje<br \/>\nKlini\u010dki i dermatolo\u0161ki testirano u EU (Italija) pod stru\u010dnim nadzorom<\/p>\n","protected":false},"featured_media":44224,"template":"","meta":{"_seopress_robots_primary_cat":"","_seopress_titles_title":"","_seopress_titles_desc":"","_seopress_robots_index":"","iawp_total_views":0},"product_brand":[803],"product_cat":[268,278],"product_tag":[],"class_list":{"0":"post-44223","1":"product","2":"type-product","3":"status-publish","4":"has-post-thumbnail","6":"product_brand-becutan","7":"product_cat-kozmetika-2","8":"product_cat-njega-tijela-268","10":"first","11":"instock","12":"shipping-taxable","13":"purchasable","14":"product-type-simple"},"_links":{"self":[{"href":"https:\/\/singuli.wpress.me\/index.php\/wp-json\/wp\/v2\/product\/44223","targetHints":{"allow":["GET"]}}],"collection":[{"href":"https:\/\/singuli.wpress.me\/index.php\/wp-json\/wp\/v2\/product"}],"about":[{"href":"https:\/\/singuli.wpress.me\/index.php\/wp-json\/wp\/v2\/types\/product"}],"version-history":[{"count":0,"href":"https:\/\/singuli.wpress.me\/index.php\/wp-json\/wp\/v2\/product\/44223\/revisions"}],"wp:featuredmedia":[{"embeddable":true,"href":"https:\/\/singuli.wpress.me\/index.php\/wp-json\/wp\/v2\/media\/44224"}],"wp:attachment":[{"href":"https:\/\/singuli.wpress.me\/index.php\/wp-json\/wp\/v2\/media?parent=44223"}],"wp:term":[{"taxonomy":"product_brand","embeddable":true,"href":"https:\/\/singuli.wpress.me\/index.php\/wp-json\/wp\/v2\/product_brand?post=44223"},{"taxonomy":"product_cat","embeddable":true,"href":"https:\/\/singuli.wpress.me\/index.php\/wp-json\/wp\/v2\/product_cat?post=44223"},{"taxonomy":"product_tag","embeddable":true,"href":"https:\/\/singuli.wpress.me\/index.php\/wp-json\/wp\/v2\/product_tag?post=44223"}],"curies":[{"name":"wp","href":"https:\/\/api.w.org\/{rel}","templated":true}]}}