{"id":44249,"date":"2026-04-20T00:35:31","date_gmt":"2026-04-20T00:35:31","guid":{"rendered":"https:\/\/singuli.wpress.me\/index.php\/proizvod\/oust-3u1-osvjezivac-prostora-400-ml\/"},"modified":"2026-04-20T12:33:54","modified_gmt":"2026-04-20T12:33:54","slug":"oust-3u1-osvjezivac-prostora-400-ml","status":"publish","type":"product","link":"https:\/\/singuli.wpress.me\/index.php\/proizvod\/oust-3u1-osvjezivac-prostora-400-ml\/","title":{"rendered":"OUST 3u1, osvje\u017eiva\u010d prostora, 400\u00a0ml"},"content":{"rendered":"<p>Oust\u00ae 3u1 sprej svojom formulom za trostruko djelovanje uklanja neugodne mirise u prostoru, uni\u0161tava bakterije na tvrdim neporoznim povr\u0161inama (radne plohe, kante za otpad, toalet, telefonske slu\u0161alice, kvake na vratima) i uni\u0161tava bakterije na mekanim povr\u0161inama (zavjese, pokriva\u010di). <\/p>\n<p>Oust\u00ae 3u1 sprej ubija 99,9 % bakterija na svim povr\u0161inama i uklanja neugodne mirise.<\/p>\n<p>Potrebno je dobro protresti prije svake upotrebe. <\/p>\n<p>Za dezinficiranje povr\u0161ina ostavite sredstvo da djeluje na povr\u0161ini 15 minuta.<\/p>\n","protected":false},"excerpt":{"rendered":"<p>Ubija 99,9 % bakterija na svim povr\u0161inama<br \/>\nUklanja neugodne mirise<br \/>\nZa dezinfekciju ostaviti sredstvo da djeluje 15 minuta<\/p>\n","protected":false},"featured_media":44250,"template":"","meta":{"_seopress_robots_primary_cat":"","_seopress_titles_title":"","_seopress_titles_desc":"","_seopress_robots_index":"","iawp_total_views":0},"product_brand":[898],"product_cat":[268,300],"product_tag":[],"class_list":{"0":"post-44249","1":"product","2":"type-product","3":"status-publish","4":"has-post-thumbnail","6":"product_brand-oust","7":"product_cat-kozmetika-2","8":"product_cat-njega-kose-268","10":"first","11":"outofstock","12":"shipping-taxable","13":"purchasable","14":"product-type-simple"},"_links":{"self":[{"href":"https:\/\/singuli.wpress.me\/index.php\/wp-json\/wp\/v2\/product\/44249","targetHints":{"allow":["GET"]}}],"collection":[{"href":"https:\/\/singuli.wpress.me\/index.php\/wp-json\/wp\/v2\/product"}],"about":[{"href":"https:\/\/singuli.wpress.me\/index.php\/wp-json\/wp\/v2\/types\/product"}],"version-history":[{"count":0,"href":"https:\/\/singuli.wpress.me\/index.php\/wp-json\/wp\/v2\/product\/44249\/revisions"}],"wp:featuredmedia":[{"embeddable":true,"href":"https:\/\/singuli.wpress.me\/index.php\/wp-json\/wp\/v2\/media\/44250"}],"wp:attachment":[{"href":"https:\/\/singuli.wpress.me\/index.php\/wp-json\/wp\/v2\/media?parent=44249"}],"wp:term":[{"taxonomy":"product_brand","embeddable":true,"href":"https:\/\/singuli.wpress.me\/index.php\/wp-json\/wp\/v2\/product_brand?post=44249"},{"taxonomy":"product_cat","embeddable":true,"href":"https:\/\/singuli.wpress.me\/index.php\/wp-json\/wp\/v2\/product_cat?post=44249"},{"taxonomy":"product_tag","embeddable":true,"href":"https:\/\/singuli.wpress.me\/index.php\/wp-json\/wp\/v2\/product_tag?post=44249"}],"curies":[{"name":"wp","href":"https:\/\/api.w.org\/{rel}","templated":true}]}}