{"id":44312,"date":"2026-04-20T00:36:00","date_gmt":"2026-04-20T00:36:00","guid":{"rendered":"https:\/\/singuli.wpress.me\/index.php\/proizvod\/desperados-pivo-24x0-5l\/"},"modified":"2026-04-20T00:36:00","modified_gmt":"2026-04-20T00:36:00","slug":"desperados-pivo-24x0-5l","status":"publish","type":"product","link":"https:\/\/singuli.wpress.me\/index.php\/proizvod\/desperados-pivo-24x0-5l\/","title":{"rendered":"DESPERADOS, pivo, 24&#215;0.5l"},"content":{"rendered":"<p>Desperados je prvo pivo s okusom tequile na svijetu. <\/p>\n<p>Prepoznatljiva kombinacija lagera punog tijela s da\u0161kom okusa tekile. <\/p>\n<p>Lagan i osvje\u017eavaju\u0107i profil okusa uravnote\u017een s notama za\u010dina i limuna za slatko\u0107u.<\/p>\n","protected":false},"excerpt":{"rendered":"<p>Prvo pivo s okusom tequile na svijetu<br \/>\nPrepoznatljiva kombinacija lagera punog tijela s da\u0161kom okusa tekile<br \/>\nAlkohol: 5.9% vol.<\/p>\n","protected":false},"featured_media":44313,"template":"","meta":{"_seopress_robots_primary_cat":"","_seopress_titles_title":"","_seopress_titles_desc":"","_seopress_robots_index":"","iawp_total_views":0},"product_brand":[899],"product_cat":[298,261],"product_tag":[],"class_list":{"0":"post-44312","1":"product","2":"type-product","3":"status-publish","4":"has-post-thumbnail","6":"product_brand-desperados","7":"product_cat-alkoholna-pica-261","8":"product_cat-hrana-i-pice","10":"first","11":"outofstock","12":"shipping-taxable","13":"purchasable","14":"product-type-simple"},"_links":{"self":[{"href":"https:\/\/singuli.wpress.me\/index.php\/wp-json\/wp\/v2\/product\/44312","targetHints":{"allow":["GET"]}}],"collection":[{"href":"https:\/\/singuli.wpress.me\/index.php\/wp-json\/wp\/v2\/product"}],"about":[{"href":"https:\/\/singuli.wpress.me\/index.php\/wp-json\/wp\/v2\/types\/product"}],"version-history":[{"count":0,"href":"https:\/\/singuli.wpress.me\/index.php\/wp-json\/wp\/v2\/product\/44312\/revisions"}],"wp:featuredmedia":[{"embeddable":true,"href":"https:\/\/singuli.wpress.me\/index.php\/wp-json\/wp\/v2\/media\/44313"}],"wp:attachment":[{"href":"https:\/\/singuli.wpress.me\/index.php\/wp-json\/wp\/v2\/media?parent=44312"}],"wp:term":[{"taxonomy":"product_brand","embeddable":true,"href":"https:\/\/singuli.wpress.me\/index.php\/wp-json\/wp\/v2\/product_brand?post=44312"},{"taxonomy":"product_cat","embeddable":true,"href":"https:\/\/singuli.wpress.me\/index.php\/wp-json\/wp\/v2\/product_cat?post=44312"},{"taxonomy":"product_tag","embeddable":true,"href":"https:\/\/singuli.wpress.me\/index.php\/wp-json\/wp\/v2\/product_tag?post=44312"}],"curies":[{"name":"wp","href":"https:\/\/api.w.org\/{rel}","templated":true}]}}