{"id":44314,"date":"2026-04-20T00:36:06","date_gmt":"2026-04-20T00:36:06","guid":{"rendered":"https:\/\/singuli.wpress.me\/index.php\/proizvod\/glade-aromatherapy-mirisni-stapici-naranca-i-cvijet-nerolij-80-ml-3\/"},"modified":"2026-04-20T00:36:06","modified_gmt":"2026-04-20T00:36:06","slug":"glade-aromatherapy-mirisni-stapici-naranca-i-cvijet-nerolij-80-ml-3","status":"publish","type":"product","link":"https:\/\/singuli.wpress.me\/index.php\/proizvod\/glade-aromatherapy-mirisni-stapici-naranca-i-cvijet-nerolij-80-ml-3\/","title":{"rendered":"GLADE Aromatherapy, mirisni \u0161tapi\u0107i, naran\u010da i cvijet nerolij, 80\u00a0ml"},"content":{"rendered":"<p>Glade\u00ae Mirsni \u0161tapi\u0107i s dvostrukom mje\u0161avinom esencijalnih ulja pru\u017eaju do 45 dana svje\u017eine. <\/p>\n<p>U pakiranju se nalazi 8 \u0161tapi\u0107a od prirdne trske. <\/p>\n<p>Ne sadr\u017ei parabene, ftalate, nitro mo\u0161us, boje ili umjetna bojila.<\/p>\n<p>Uljep\u0161ajte svoj dan i inspirirajte se uz pomo\u0107 \u017eivopisne mje\u0161avine brazilske naran\u010de i slatkog sjevernoafri\u010dkog cvijeta nerolija.<\/p>\n","protected":false},"excerpt":{"rendered":"<p>8 mirisnih \u0161tapi\u0107a od prirodne trske<br \/>\nOboga\u0107eno dvostrukom mje\u0161avinom esencijalnih ulja<br \/>\nDo 45 dana mirisa<\/p>\n","protected":false},"featured_media":44315,"template":"","meta":{"_seopress_robots_primary_cat":"","_seopress_titles_title":"","_seopress_titles_desc":"","_seopress_robots_index":"","iawp_total_views":0},"product_brand":[405],"product_cat":[294,238],"product_tag":[],"class_list":{"0":"post-44314","1":"product","2":"type-product","3":"status-publish","4":"has-post-thumbnail","6":"product_brand-glade","7":"product_cat-osvjezivaci-zraka-238","8":"product_cat-sve-za-dom","10":"first","11":"outofstock","12":"shipping-taxable","13":"purchasable","14":"product-type-simple"},"_links":{"self":[{"href":"https:\/\/singuli.wpress.me\/index.php\/wp-json\/wp\/v2\/product\/44314","targetHints":{"allow":["GET"]}}],"collection":[{"href":"https:\/\/singuli.wpress.me\/index.php\/wp-json\/wp\/v2\/product"}],"about":[{"href":"https:\/\/singuli.wpress.me\/index.php\/wp-json\/wp\/v2\/types\/product"}],"version-history":[{"count":0,"href":"https:\/\/singuli.wpress.me\/index.php\/wp-json\/wp\/v2\/product\/44314\/revisions"}],"wp:featuredmedia":[{"embeddable":true,"href":"https:\/\/singuli.wpress.me\/index.php\/wp-json\/wp\/v2\/media\/44315"}],"wp:attachment":[{"href":"https:\/\/singuli.wpress.me\/index.php\/wp-json\/wp\/v2\/media?parent=44314"}],"wp:term":[{"taxonomy":"product_brand","embeddable":true,"href":"https:\/\/singuli.wpress.me\/index.php\/wp-json\/wp\/v2\/product_brand?post=44314"},{"taxonomy":"product_cat","embeddable":true,"href":"https:\/\/singuli.wpress.me\/index.php\/wp-json\/wp\/v2\/product_cat?post=44314"},{"taxonomy":"product_tag","embeddable":true,"href":"https:\/\/singuli.wpress.me\/index.php\/wp-json\/wp\/v2\/product_tag?post=44314"}],"curies":[{"name":"wp","href":"https:\/\/api.w.org\/{rel}","templated":true}]}}