{"id":44343,"date":"2026-04-20T12:34:02","date_gmt":"2026-04-20T12:34:02","guid":{"rendered":"https:\/\/singuli.wpress.me\/index.php\/proizvod\/eraclea-13-tamna-s-narancom-i-cimetom-vruca-cokolada-15x30g-kutija\/"},"modified":"2026-04-20T12:34:02","modified_gmt":"2026-04-20T12:34:02","slug":"eraclea-13-tamna-s-narancom-i-cimetom-vruca-cokolada-15x30g-kutija","status":"publish","type":"product","link":"https:\/\/singuli.wpress.me\/index.php\/proizvod\/eraclea-13-tamna-s-narancom-i-cimetom-vruca-cokolada-15x30g-kutija\/","title":{"rendered":"ERACLEA 13 &#8211; tamna s naran\u010dom i cimetom, vru\u0107a \u010dokolada, 15x30g\/kutija"},"content":{"rendered":"<p>Eraclea vru\u0107a \u010dokolada &#8211; gusta, bar\u0161unasta i ukusna. Prava talijanska vru\u0107a \u010dokolada.<\/p>\n<p>Eraclea vru\u0107a \u010dokolada i usluge barista najbolje zadovoljavaju ukuse va\u0161ih kupaca i podr\u017eavaju va\u0161e poslovanje u prodaji Eraclea i Lavazza proizvoda.<\/p>\n<p>Eraclea elegantne, prakti\u010dne i ukusne tople \u010dokolade dolaze u pakiranju za jedno poslu\u017eivanje. Uravnote\u017eene slatko\u0107e, puna i obavijaju\u0107a, ovo je klasi\u010dna Eraclea topla \u010dokolada.<\/p>\n<p>Priprema: U lonac ulijte 125 ml mlijeka ili biljnog mlijeka. U mlijeko umije\u0161ajte vre\u0107icu pripravka od tople \u010dokolade. Zagrijte na posudi za paru na aparatu za espresso. Ulijte pi\u0107e u \u0161alicu.                                                                                                                                                                         Sastojci: \u0161e\u0107er, kakao 29,5%, kukuruzni \u0161krob, zgu\u0161njiva\u010d: E412; arome, za\u010dini 0,3% (klin\u010di\u0107i, cimet, rizom \u0111umbira), sol.<\/p>\n","protected":false},"excerpt":{"rendered":"<p>Klasi\u010dna tamna \u010dokolada sa slatkim i pikantnim notama naran\u010de i cimeta<br \/>\nEraclea topla \u010dokolada &#8211; gusta, bar\u0161unasta i ukusna.<br \/>\nPakiranje: 15 vre\u0107ica po 32g<\/p>\n","protected":false},"featured_media":44344,"template":"","meta":{"_seopress_robots_primary_cat":"","_seopress_titles_title":"","_seopress_titles_desc":"","_seopress_robots_index":"","iawp_total_views":0},"product_brand":[432],"product_cat":[261,275],"product_tag":[],"class_list":{"0":"post-44343","1":"product","2":"type-product","3":"status-publish","4":"has-post-thumbnail","6":"product_brand-eraclea","7":"product_cat-hrana-i-pice","8":"product_cat-kava-i-cajevi-261","10":"first","11":"instock","12":"shipping-taxable","13":"purchasable","14":"product-type-simple"},"_links":{"self":[{"href":"https:\/\/singuli.wpress.me\/index.php\/wp-json\/wp\/v2\/product\/44343","targetHints":{"allow":["GET"]}}],"collection":[{"href":"https:\/\/singuli.wpress.me\/index.php\/wp-json\/wp\/v2\/product"}],"about":[{"href":"https:\/\/singuli.wpress.me\/index.php\/wp-json\/wp\/v2\/types\/product"}],"version-history":[{"count":0,"href":"https:\/\/singuli.wpress.me\/index.php\/wp-json\/wp\/v2\/product\/44343\/revisions"}],"wp:featuredmedia":[{"embeddable":true,"href":"https:\/\/singuli.wpress.me\/index.php\/wp-json\/wp\/v2\/media\/44344"}],"wp:attachment":[{"href":"https:\/\/singuli.wpress.me\/index.php\/wp-json\/wp\/v2\/media?parent=44343"}],"wp:term":[{"taxonomy":"product_brand","embeddable":true,"href":"https:\/\/singuli.wpress.me\/index.php\/wp-json\/wp\/v2\/product_brand?post=44343"},{"taxonomy":"product_cat","embeddable":true,"href":"https:\/\/singuli.wpress.me\/index.php\/wp-json\/wp\/v2\/product_cat?post=44343"},{"taxonomy":"product_tag","embeddable":true,"href":"https:\/\/singuli.wpress.me\/index.php\/wp-json\/wp\/v2\/product_tag?post=44343"}],"curies":[{"name":"wp","href":"https:\/\/api.w.org\/{rel}","templated":true}]}}