{"id":44389,"date":"2026-04-20T12:34:13","date_gmt":"2026-04-20T12:34:13","guid":{"rendered":"https:\/\/singuli.wpress.me\/index.php\/proizvod\/domo-ice-maestro-do9247ib-ledomat\/"},"modified":"2026-04-20T12:34:13","modified_gmt":"2026-04-20T12:34:13","slug":"domo-ice-maestro-do9247ib-ledomat","status":"publish","type":"product","link":"https:\/\/singuli.wpress.me\/index.php\/proizvod\/domo-ice-maestro-do9247ib-ledomat\/","title":{"rendered":"DOMO Ice Maestro DO9247IB, ledomat"},"content":{"rendered":"<p>Ledomat Pro Ice Maestro DO9247IB u trenu napravi osvje\u017eavaju\u0107e kockice leda za hladne napitke. Spremnik za vodu ima 2,8 litara vode, a zahvaljuju\u0107i kompresoru, u ciklusu od 8 minuta napravi se 9 kockica leda, tako da sljede\u0107a zabava mo\u017ee do\u0107i. Spremnik za sakupljanje dr\u017ei 1,5 kg kocki leda i mo\u017ee se lako izvaditi. Mo\u017eete birati izme\u0111u malih ili velikih (cca 4 cm) kocki leda. Pro Ice Maestro ima drena\u017eni otvor na dnu ure\u0111aja koji mo\u017ee biti zatvoren. Program samo\u010di\u0161\u0107enja osigurava jednostavno odr\u017eavanje.<br \/>\nBilo da preferirate limunadu ili u\u017eivate u alkoholnim pi\u0107ima, ledomat \u0107e va\u0161e ljetno osvje\u017eenje dovesti do savr\u0161enstva. Ovo je sna\u017ean aparat za led, zahvaljuju\u0107i kojem \u0107e sva va\u0161a pi\u0107a biti lijepo ohla\u0111ena. Ure\u0111aj je opremljen vlastitim integriranim kompresorom koji mo\u017ee stvoriti do 15 kg leda u 24 sata (9 kocki svakih 8 minuta).<br \/>\nOsim toga, svakako \u0107ete cijeniti ovaj prakti\u010dni gadget s elegantnim dizajnom od nehr\u0111aju\u0107eg \u010delika, zahvaljuju\u0107i kojem \u0107e se ledomat lijepo uklopiti u svaku modernu kuhinju.<br \/>\nS ledomatom mo\u017eete izraditi kockice leda u dvije veli\u010dine po va\u0161em izboru. Sve \u0161to trebate u\u010diniti je uliti vodu u spremnik od 2,8 litara &#8211; ure\u0111ajem je tada vrlo jednostavno rukovati.<br \/>\nLedomat tako\u0111er nudi prakti\u010dnu funkciju samo\u010di\u0161\u0107enja i upozorava vas kada je spremnik za vodu prazan ili spremnik za led pun.<\/p>\n","protected":false},"excerpt":{"rendered":"<p>Pravi 9 kockica leda u ciklusu od 8 minuta<br \/>\n15 kg leda u 24 sata<br \/>\nBirajte izme\u0111u malih ili velikih sferi\u010dnih kocki leda<\/p>\n","protected":false},"featured_media":44390,"template":"","meta":{"_seopress_robots_primary_cat":"","_seopress_titles_title":"","_seopress_titles_desc":"","_seopress_robots_index":"","iawp_total_views":0},"product_brand":[255],"product_cat":[192,267],"product_tag":[],"class_list":{"0":"post-44389","1":"product","2":"type-product","3":"status-publish","4":"has-post-thumbnail","6":"product_brand-domo","7":"product_cat-aparati-za-osobnu-njegu","8":"product_cat-zdravstveni-uredaji-192","10":"first","11":"instock","12":"shipping-taxable","13":"purchasable","14":"product-type-simple"},"_links":{"self":[{"href":"https:\/\/singuli.wpress.me\/index.php\/wp-json\/wp\/v2\/product\/44389","targetHints":{"allow":["GET"]}}],"collection":[{"href":"https:\/\/singuli.wpress.me\/index.php\/wp-json\/wp\/v2\/product"}],"about":[{"href":"https:\/\/singuli.wpress.me\/index.php\/wp-json\/wp\/v2\/types\/product"}],"version-history":[{"count":0,"href":"https:\/\/singuli.wpress.me\/index.php\/wp-json\/wp\/v2\/product\/44389\/revisions"}],"wp:featuredmedia":[{"embeddable":true,"href":"https:\/\/singuli.wpress.me\/index.php\/wp-json\/wp\/v2\/media\/44390"}],"wp:attachment":[{"href":"https:\/\/singuli.wpress.me\/index.php\/wp-json\/wp\/v2\/media?parent=44389"}],"wp:term":[{"taxonomy":"product_brand","embeddable":true,"href":"https:\/\/singuli.wpress.me\/index.php\/wp-json\/wp\/v2\/product_brand?post=44389"},{"taxonomy":"product_cat","embeddable":true,"href":"https:\/\/singuli.wpress.me\/index.php\/wp-json\/wp\/v2\/product_cat?post=44389"},{"taxonomy":"product_tag","embeddable":true,"href":"https:\/\/singuli.wpress.me\/index.php\/wp-json\/wp\/v2\/product_tag?post=44389"}],"curies":[{"name":"wp","href":"https:\/\/api.w.org\/{rel}","templated":true}]}}