{"id":44461,"date":"2026-04-20T12:34:41","date_gmt":"2026-04-20T12:34:41","guid":{"rendered":"https:\/\/singuli.wpress.me\/index.php\/proizvod\/wahl-showpro-sisac-za-zivotinje\/"},"modified":"2026-04-20T12:34:41","modified_gmt":"2026-04-20T12:34:41","slug":"wahl-showpro-sisac-za-zivotinje","status":"publish","type":"product","link":"https:\/\/singuli.wpress.me\/index.php\/proizvod\/wahl-showpro-sisac-za-zivotinje\/","title":{"rendered":"WAHL Showpro, \u0161i\u0161a\u010d za \u017eivotinje"},"content":{"rendered":"<p>&#8211; Aparat za profesionalno \u0161i\u0161anje pasa<br \/>\n&#8211; Kabelski \u0161i\u0161a\u010d \u017eivotinjske dlake<br \/>\n&#8211; Precizno ispoliran set o\u0161trica od nehr\u0111aju\u0107eg \u010delika s visokim udjelom ugljika za razli\u010dite duljine podrezivanja, od 1 do 3,5 mm <\/p>\n","protected":false},"excerpt":{"rendered":"<p>Tiho \u0161i\u0161anje &#8211; savr\u0161eno za \u017eivotinje osjetljive na buku<br \/>\nIdealno za nju\u0161ke, \u0161ape i \u0161i\u0161anje dlake na cijelom tijelu<br \/>\nProizvedeno u SAD-u<\/p>\n","protected":false},"featured_media":44462,"template":"","meta":{"_seopress_robots_primary_cat":"","_seopress_titles_title":"","_seopress_titles_desc":"","_seopress_robots_index":"","iawp_total_views":0},"product_brand":[159],"product_cat":[192,279],"product_tag":[],"class_list":{"0":"post-44461","1":"product","2":"type-product","3":"status-publish","4":"has-post-thumbnail","6":"product_brand-wahl","7":"product_cat-aparati-za-osobnu-njegu","8":"product_cat-brijanje-i-sisanje-192","10":"first","11":"outofstock","12":"shipping-taxable","13":"purchasable","14":"product-type-simple"},"_links":{"self":[{"href":"https:\/\/singuli.wpress.me\/index.php\/wp-json\/wp\/v2\/product\/44461","targetHints":{"allow":["GET"]}}],"collection":[{"href":"https:\/\/singuli.wpress.me\/index.php\/wp-json\/wp\/v2\/product"}],"about":[{"href":"https:\/\/singuli.wpress.me\/index.php\/wp-json\/wp\/v2\/types\/product"}],"version-history":[{"count":0,"href":"https:\/\/singuli.wpress.me\/index.php\/wp-json\/wp\/v2\/product\/44461\/revisions"}],"wp:featuredmedia":[{"embeddable":true,"href":"https:\/\/singuli.wpress.me\/index.php\/wp-json\/wp\/v2\/media\/44462"}],"wp:attachment":[{"href":"https:\/\/singuli.wpress.me\/index.php\/wp-json\/wp\/v2\/media?parent=44461"}],"wp:term":[{"taxonomy":"product_brand","embeddable":true,"href":"https:\/\/singuli.wpress.me\/index.php\/wp-json\/wp\/v2\/product_brand?post=44461"},{"taxonomy":"product_cat","embeddable":true,"href":"https:\/\/singuli.wpress.me\/index.php\/wp-json\/wp\/v2\/product_cat?post=44461"},{"taxonomy":"product_tag","embeddable":true,"href":"https:\/\/singuli.wpress.me\/index.php\/wp-json\/wp\/v2\/product_tag?post=44461"}],"curies":[{"name":"wp","href":"https:\/\/api.w.org\/{rel}","templated":true}]}}