{"id":44471,"date":"2026-04-20T12:34:43","date_gmt":"2026-04-20T12:34:43","guid":{"rendered":"https:\/\/singuli.wpress.me\/index.php\/proizvod\/laica-tlakomjer-za-nadlakticu-bm2302\/"},"modified":"2026-04-20T12:34:44","modified_gmt":"2026-04-20T12:34:44","slug":"laica-tlakomjer-za-nadlakticu-bm2302","status":"publish","type":"product","link":"https:\/\/singuli.wpress.me\/index.php\/proizvod\/laica-tlakomjer-za-nadlakticu-bm2302\/","title":{"rendered":"LAICA, tlakomjer za nadlakticu, BM2302"},"content":{"rendered":"<p><span style=\"font-weight: bold\">Tlakomjer za nadlakticu<\/span> potpuno je automatski medicinski ure\u0111aj za ku\u0107nu upotrebu. <\/p>\n<p>Omogu\u0107uje brzo mjerenje arterijskog krvnog tlaka (sistoli\u010dkog i dijastoli\u010dkog), te otkucaja srca i ukazuje na bilo kakve aritmije.<\/p>\n<p>30 memorija za 4 osobe (120 memorija), kompaktan i opremljen korisnim ku\u010di\u0161tem. <\/p>\n<p>Pakiranje uklju\u010duje: tlakomjer, 4 x 1.5V baterije AAA (uklju\u010deno), man\u017eeta za tlakomjer<\/p>\n","protected":false},"excerpt":{"rendered":"<p>Automatski medicinski ure\u0111aj za ku\u0107nu upotrebu<br \/>\nBrzo mjerenje arterijskog krvnog tlaka, otkucaje srca i ukazuje na bilo kakve aritmije<br \/>\nKompaktan i opremljen korisnim ku\u010di\u0161tem<\/p>\n","protected":false},"featured_media":44472,"template":"","meta":{"_seopress_robots_primary_cat":"","_seopress_titles_title":"","_seopress_titles_desc":"","_seopress_robots_index":"","iawp_total_views":0},"product_brand":[148],"product_cat":[192,267],"product_tag":[],"class_list":{"0":"post-44471","1":"product","2":"type-product","3":"status-publish","4":"has-post-thumbnail","6":"product_brand-laica","7":"product_cat-aparati-za-osobnu-njegu","8":"product_cat-zdravstveni-uredaji-192","10":"first","11":"instock","12":"shipping-taxable","13":"purchasable","14":"product-type-simple"},"_links":{"self":[{"href":"https:\/\/singuli.wpress.me\/index.php\/wp-json\/wp\/v2\/product\/44471","targetHints":{"allow":["GET"]}}],"collection":[{"href":"https:\/\/singuli.wpress.me\/index.php\/wp-json\/wp\/v2\/product"}],"about":[{"href":"https:\/\/singuli.wpress.me\/index.php\/wp-json\/wp\/v2\/types\/product"}],"version-history":[{"count":0,"href":"https:\/\/singuli.wpress.me\/index.php\/wp-json\/wp\/v2\/product\/44471\/revisions"}],"wp:featuredmedia":[{"embeddable":true,"href":"https:\/\/singuli.wpress.me\/index.php\/wp-json\/wp\/v2\/media\/44472"}],"wp:attachment":[{"href":"https:\/\/singuli.wpress.me\/index.php\/wp-json\/wp\/v2\/media?parent=44471"}],"wp:term":[{"taxonomy":"product_brand","embeddable":true,"href":"https:\/\/singuli.wpress.me\/index.php\/wp-json\/wp\/v2\/product_brand?post=44471"},{"taxonomy":"product_cat","embeddable":true,"href":"https:\/\/singuli.wpress.me\/index.php\/wp-json\/wp\/v2\/product_cat?post=44471"},{"taxonomy":"product_tag","embeddable":true,"href":"https:\/\/singuli.wpress.me\/index.php\/wp-json\/wp\/v2\/product_tag?post=44471"}],"curies":[{"name":"wp","href":"https:\/\/api.w.org\/{rel}","templated":true}]}}