{"id":44533,"date":"2026-04-20T12:35:08","date_gmt":"2026-04-20T12:35:08","guid":{"rendered":"https:\/\/singuli.wpress.me\/index.php\/proizvod\/desperados-pivo-0-5-l\/"},"modified":"2026-04-21T00:27:27","modified_gmt":"2026-04-21T00:27:27","slug":"desperados-pivo-0-5-l","status":"publish","type":"product","link":"https:\/\/singuli.wpress.me\/index.php\/proizvod\/desperados-pivo-0-5-l\/","title":{"rendered":"DESPERADOS, pivo, 0.5\u00a0l"},"content":{"rendered":"<p>Desperados je prvo pivo s okusom tequile na svijetu. <\/p>\n<p>Prepoznatljiva kombinacija lagera punog tijela s da\u0161kom okusa tekile. <\/p>\n<p>Lagan i osvje\u017eavaju\u0107i profil okusa uravnote\u017een s notama za\u010dina i limuna za slatko\u0107u.<\/p>\n","protected":false},"excerpt":{"rendered":"<p>Prvo pivo s okusom tequile na svijetu<br \/>\nPrepoznatljiva kombinacija lagera punog tijela s da\u0161kom okusa tekile<br \/>\nAlkohol: 5.9% vol.<\/p>\n","protected":false},"featured_media":44534,"template":"","meta":{"_seopress_robots_primary_cat":"","_seopress_titles_title":"","_seopress_titles_desc":"","_seopress_robots_index":"","iawp_total_views":0},"product_brand":[899],"product_cat":[243,276],"product_tag":[],"class_list":{"0":"post-44533","1":"product","2":"type-product","3":"status-publish","4":"has-post-thumbnail","6":"product_brand-desperados","7":"product_cat-automobili-i-motori","8":"product_cat-industrijska-i-specijalna-ulja-243","10":"first","11":"outofstock","12":"shipping-taxable","13":"purchasable","14":"product-type-simple"},"_links":{"self":[{"href":"https:\/\/singuli.wpress.me\/index.php\/wp-json\/wp\/v2\/product\/44533","targetHints":{"allow":["GET"]}}],"collection":[{"href":"https:\/\/singuli.wpress.me\/index.php\/wp-json\/wp\/v2\/product"}],"about":[{"href":"https:\/\/singuli.wpress.me\/index.php\/wp-json\/wp\/v2\/types\/product"}],"version-history":[{"count":0,"href":"https:\/\/singuli.wpress.me\/index.php\/wp-json\/wp\/v2\/product\/44533\/revisions"}],"wp:featuredmedia":[{"embeddable":true,"href":"https:\/\/singuli.wpress.me\/index.php\/wp-json\/wp\/v2\/media\/44534"}],"wp:attachment":[{"href":"https:\/\/singuli.wpress.me\/index.php\/wp-json\/wp\/v2\/media?parent=44533"}],"wp:term":[{"taxonomy":"product_brand","embeddable":true,"href":"https:\/\/singuli.wpress.me\/index.php\/wp-json\/wp\/v2\/product_brand?post=44533"},{"taxonomy":"product_cat","embeddable":true,"href":"https:\/\/singuli.wpress.me\/index.php\/wp-json\/wp\/v2\/product_cat?post=44533"},{"taxonomy":"product_tag","embeddable":true,"href":"https:\/\/singuli.wpress.me\/index.php\/wp-json\/wp\/v2\/product_tag?post=44533"}],"curies":[{"name":"wp","href":"https:\/\/api.w.org\/{rel}","templated":true}]}}