{"id":44558,"date":"2026-04-20T12:35:19","date_gmt":"2026-04-20T12:35:19","guid":{"rendered":"https:\/\/singuli.wpress.me\/index.php\/proizvod\/dana-josip-liker-od-oraha-30-alk-0-04-l\/"},"modified":"2026-04-20T12:35:19","modified_gmt":"2026-04-20T12:35:19","slug":"dana-josip-liker-od-oraha-30-alk-0-04-l","status":"publish","type":"product","link":"https:\/\/singuli.wpress.me\/index.php\/proizvod\/dana-josip-liker-od-oraha-30-alk-0-04-l\/","title":{"rendered":"DANA Josip, liker, od oraha 30% alk., 0.04\u00a0l"},"content":{"rendered":"<p>Orah. Simbol plodnosti. Iznimno cijenjen u narodnoj medicini. Kvaliteta oraha oboga\u0107ena posebnom njegom daje likeru od oraha lagano sladak okus i miris koji podsje\u0107a na slovenska sela. Prirodan je, svje\u017e i mekan zbog \u010dega je prikladan za po\u010detak ili kraj dana ili kao iznena\u0111enje za va\u0161e najmilije.<\/p>\n","protected":false},"excerpt":{"rendered":"<p>Vrhunska kvaliteta<br \/>\nPrirodan, svje\u017e i mekan<br \/>\nLagano sladak okus i miris<\/p>\n","protected":false},"featured_media":44559,"template":"","meta":{"_seopress_robots_primary_cat":"","_seopress_titles_title":"","_seopress_titles_desc":"","_seopress_robots_index":"","iawp_total_views":0},"product_brand":[485],"product_cat":[298,261],"product_tag":[],"class_list":{"0":"post-44558","1":"product","2":"type-product","3":"status-publish","4":"has-post-thumbnail","6":"product_brand-dana","7":"product_cat-alkoholna-pica-261","8":"product_cat-hrana-i-pice","10":"first","11":"outofstock","12":"shipping-taxable","13":"purchasable","14":"product-type-simple"},"_links":{"self":[{"href":"https:\/\/singuli.wpress.me\/index.php\/wp-json\/wp\/v2\/product\/44558","targetHints":{"allow":["GET"]}}],"collection":[{"href":"https:\/\/singuli.wpress.me\/index.php\/wp-json\/wp\/v2\/product"}],"about":[{"href":"https:\/\/singuli.wpress.me\/index.php\/wp-json\/wp\/v2\/types\/product"}],"version-history":[{"count":0,"href":"https:\/\/singuli.wpress.me\/index.php\/wp-json\/wp\/v2\/product\/44558\/revisions"}],"wp:featuredmedia":[{"embeddable":true,"href":"https:\/\/singuli.wpress.me\/index.php\/wp-json\/wp\/v2\/media\/44559"}],"wp:attachment":[{"href":"https:\/\/singuli.wpress.me\/index.php\/wp-json\/wp\/v2\/media?parent=44558"}],"wp:term":[{"taxonomy":"product_brand","embeddable":true,"href":"https:\/\/singuli.wpress.me\/index.php\/wp-json\/wp\/v2\/product_brand?post=44558"},{"taxonomy":"product_cat","embeddable":true,"href":"https:\/\/singuli.wpress.me\/index.php\/wp-json\/wp\/v2\/product_cat?post=44558"},{"taxonomy":"product_tag","embeddable":true,"href":"https:\/\/singuli.wpress.me\/index.php\/wp-json\/wp\/v2\/product_tag?post=44558"}],"curies":[{"name":"wp","href":"https:\/\/api.w.org\/{rel}","templated":true}]}}