{"id":44582,"date":"2026-04-20T12:35:26","date_gmt":"2026-04-20T12:35:26","guid":{"rendered":"https:\/\/singuli.wpress.me\/index.php\/proizvod\/mr-proper-ultra-power-lemon-univerzalno-sredstvo-za-ciscenje-10x750ml\/"},"modified":"2026-04-20T12:35:26","modified_gmt":"2026-04-20T12:35:26","slug":"mr-proper-ultra-power-lemon-univerzalno-sredstvo-za-ciscenje-10x750ml","status":"publish","type":"product","link":"https:\/\/singuli.wpress.me\/index.php\/proizvod\/mr-proper-ultra-power-lemon-univerzalno-sredstvo-za-ciscenje-10x750ml\/","title":{"rendered":"MR. PROPER Ultra Power Lemon, univerzalno sredstvo za \u010di\u0161\u0107enje, 10x750ml"},"content":{"rendered":"<p>Univerzalni sprej za \u010di\u0161\u0107enje Mr. Proper Ultra Power Lemon uklanja do 100% pra\u0161ine, masno\u0107e i prljav\u0161tine (testirano na naj\u010de\u0161\u0107im povr\u0161inama i vrstama prljav\u0161tine). <\/p>\n<p>Zahvaljuju\u0107i uravnote\u017eenoj formuli, sprej je idealan za upotrebu u kuhinji, kupaonici i gotovo svim vrstama tvrdih povr\u0161ina u domu. <\/p>\n<p>U\u010dinkovito se nosi s tvrdokornim masnim mrljama na plo\u010dama od nehr\u0111aju\u0107eg \u010delika, keramike i stakla, uklanja ne\u010disto\u0107e sa sudopera i dvostruko br\u017ee \u010disti radne povr\u0161ine. <\/p>\n<p>Pogledajte pakiranje za potpune upute za uporabu. Nakon uporabe proizvoda, povr\u0161ine koje dolaze u izravan dodir s hranom potrebno je temeljito oprati vodom<\/p>\n","protected":false},"excerpt":{"rendered":"<p>Univerzalni sprej za \u010di\u0161\u0107enje<br \/>\nUravnote\u017eena formula<br \/>\nUklanja tvrdokorne masne mrlje<\/p>\n","protected":false},"featured_media":44583,"template":"","meta":{"_seopress_robots_primary_cat":"","_seopress_titles_title":"","_seopress_titles_desc":"","_seopress_robots_index":"","iawp_total_views":0},"product_brand":[521],"product_cat":[284,238],"product_tag":[],"class_list":{"0":"post-44582","1":"product","2":"type-product","3":"status-publish","4":"has-post-thumbnail","6":"product_brand-mr-proper","7":"product_cat-sredstva-za-ciscenje-238","8":"product_cat-sve-za-dom","10":"first","11":"outofstock","12":"shipping-taxable","13":"purchasable","14":"product-type-simple"},"_links":{"self":[{"href":"https:\/\/singuli.wpress.me\/index.php\/wp-json\/wp\/v2\/product\/44582","targetHints":{"allow":["GET"]}}],"collection":[{"href":"https:\/\/singuli.wpress.me\/index.php\/wp-json\/wp\/v2\/product"}],"about":[{"href":"https:\/\/singuli.wpress.me\/index.php\/wp-json\/wp\/v2\/types\/product"}],"version-history":[{"count":0,"href":"https:\/\/singuli.wpress.me\/index.php\/wp-json\/wp\/v2\/product\/44582\/revisions"}],"wp:featuredmedia":[{"embeddable":true,"href":"https:\/\/singuli.wpress.me\/index.php\/wp-json\/wp\/v2\/media\/44583"}],"wp:attachment":[{"href":"https:\/\/singuli.wpress.me\/index.php\/wp-json\/wp\/v2\/media?parent=44582"}],"wp:term":[{"taxonomy":"product_brand","embeddable":true,"href":"https:\/\/singuli.wpress.me\/index.php\/wp-json\/wp\/v2\/product_brand?post=44582"},{"taxonomy":"product_cat","embeddable":true,"href":"https:\/\/singuli.wpress.me\/index.php\/wp-json\/wp\/v2\/product_cat?post=44582"},{"taxonomy":"product_tag","embeddable":true,"href":"https:\/\/singuli.wpress.me\/index.php\/wp-json\/wp\/v2\/product_tag?post=44582"}],"curies":[{"name":"wp","href":"https:\/\/api.w.org\/{rel}","templated":true}]}}