{"id":44652,"date":"2026-04-20T12:35:52","date_gmt":"2026-04-20T12:35:52","guid":{"rendered":"https:\/\/singuli.wpress.me\/index.php\/proizvod\/wahl-easy-cut-sisac-za-zivotinje\/"},"modified":"2026-04-20T12:35:52","modified_gmt":"2026-04-20T12:35:52","slug":"wahl-easy-cut-sisac-za-zivotinje","status":"publish","type":"product","link":"https:\/\/singuli.wpress.me\/index.php\/proizvod\/wahl-easy-cut-sisac-za-zivotinje\/","title":{"rendered":"WAHL Easy Cut, \u0161i\u0161a\u010d za \u017eivotinje"},"content":{"rendered":"<p>&#8211; Wahl precizna o\u0161trica: samoo\u0161trenje, precizna bru\u0161ena o\u0161trica za profesionalno podrezivanje s jednakim rezultatima<br \/>\n&#8211; Wahl standardni motor: izdr\u017eljiv, dugotrajan elektromagnetski motor koji pru\u017ea vrhunsku snagu<br \/>\n&#8211; 4 vode\u0107a \u010de\u0161lja pru\u017eaju 4 duljine podrezivanja od 3 mm do 13 mm.<br \/>\n&#8211; Tihi rad &#8211; idealan za \u017eivotinje osjetljive na buku<\/p>\n","protected":false},"excerpt":{"rendered":"<p>precizno ispolirane o\u0161trice od nehrdajuceg celika s visokim udjelom ugljika.<br \/>\nSamoo\u0161tre\u0107e o\u0161trice za precizno i \u200b\u200b\u010disto \u0161i\u0161anje.<br \/>\nTiho \u0161i\u0161anje &#8211; savr\u0161eno za \u017eivotinje osjetljive na buku<\/p>\n","protected":false},"featured_media":44653,"template":"","meta":{"_seopress_robots_primary_cat":"","_seopress_titles_title":"","_seopress_titles_desc":"","_seopress_robots_index":"","iawp_total_views":0},"product_brand":[159],"product_cat":[192,279],"product_tag":[],"class_list":{"0":"post-44652","1":"product","2":"type-product","3":"status-publish","4":"has-post-thumbnail","6":"product_brand-wahl","7":"product_cat-aparati-za-osobnu-njegu","8":"product_cat-brijanje-i-sisanje-192","10":"first","11":"outofstock","12":"shipping-taxable","13":"purchasable","14":"product-type-simple"},"_links":{"self":[{"href":"https:\/\/singuli.wpress.me\/index.php\/wp-json\/wp\/v2\/product\/44652","targetHints":{"allow":["GET"]}}],"collection":[{"href":"https:\/\/singuli.wpress.me\/index.php\/wp-json\/wp\/v2\/product"}],"about":[{"href":"https:\/\/singuli.wpress.me\/index.php\/wp-json\/wp\/v2\/types\/product"}],"version-history":[{"count":0,"href":"https:\/\/singuli.wpress.me\/index.php\/wp-json\/wp\/v2\/product\/44652\/revisions"}],"wp:featuredmedia":[{"embeddable":true,"href":"https:\/\/singuli.wpress.me\/index.php\/wp-json\/wp\/v2\/media\/44653"}],"wp:attachment":[{"href":"https:\/\/singuli.wpress.me\/index.php\/wp-json\/wp\/v2\/media?parent=44652"}],"wp:term":[{"taxonomy":"product_brand","embeddable":true,"href":"https:\/\/singuli.wpress.me\/index.php\/wp-json\/wp\/v2\/product_brand?post=44652"},{"taxonomy":"product_cat","embeddable":true,"href":"https:\/\/singuli.wpress.me\/index.php\/wp-json\/wp\/v2\/product_cat?post=44652"},{"taxonomy":"product_tag","embeddable":true,"href":"https:\/\/singuli.wpress.me\/index.php\/wp-json\/wp\/v2\/product_tag?post=44652"}],"curies":[{"name":"wp","href":"https:\/\/api.w.org\/{rel}","templated":true}]}}