{"id":44751,"date":"2026-04-20T12:36:32","date_gmt":"2026-04-20T12:36:32","guid":{"rendered":"https:\/\/singuli.wpress.me\/index.php\/proizvod\/domo-do723k-mlinac-za-kavu\/"},"modified":"2026-04-20T12:36:32","modified_gmt":"2026-04-20T12:36:32","slug":"domo-do723k-mlinac-za-kavu","status":"publish","type":"product","link":"https:\/\/singuli.wpress.me\/index.php\/proizvod\/domo-do723k-mlinac-za-kavu\/","title":{"rendered":"DOMO DO723K, mlinac za kavu"},"content":{"rendered":"<p>Zapo\u010dnite dan \u0161alicom ukusne svje\u017ee mljevene kave. Zahvaljuju\u0107i Domo DO723K elektri\u010dnom mlincu za kavu u samo nekoliko sekundi dobivate izuzetno fina zrna kave. Pritiskom na gumb mo\u017eete samljeti do 110 grama zrna kave \u0160to dulje priti\u0161\u0107ete tipku, kava je finije mljevena. Mlin za kavu ima veliku brzinu zahvaljuju\u0107i snazi \u200b\u200bod 300 W. I ku\u0107i\u0161te i mlin izra\u0111eni su od visokokvalitetnog nehr\u0111aju\u0107eg \u010delika. Ure\u0111aj je jednostavan za pohranu zahvaljuju\u0107i kompaktnoj veli\u010dini i ugra\u0111enom prostoru za pohranu kabela.<\/p>\n","protected":false},"excerpt":{"rendered":"<p>Ku\u0107i\u0161te i o\u0161trica za mljevenje od nehr\u0111aju\u0107eg \u010delika<br \/>\nRezultat je iznimno fino mljevenje za savr\u0161enu, svje\u017eu \u0161alicu kave<br \/>\nZahvaljuju\u0107i velikoj brzini, dobivate mljevenu kavu u samo nekoliko sekundi<\/p>\n","protected":false},"featured_media":44752,"template":"","meta":{"_seopress_robots_primary_cat":"","_seopress_titles_title":"","_seopress_titles_desc":"","_seopress_robots_index":"","iawp_total_views":0},"product_brand":[255],"product_cat":[192,267],"product_tag":[],"class_list":{"0":"post-44751","1":"product","2":"type-product","3":"status-publish","4":"has-post-thumbnail","6":"product_brand-domo","7":"product_cat-aparati-za-osobnu-njegu","8":"product_cat-zdravstveni-uredaji-192","10":"first","11":"instock","12":"shipping-taxable","13":"purchasable","14":"product-type-simple"},"_links":{"self":[{"href":"https:\/\/singuli.wpress.me\/index.php\/wp-json\/wp\/v2\/product\/44751","targetHints":{"allow":["GET"]}}],"collection":[{"href":"https:\/\/singuli.wpress.me\/index.php\/wp-json\/wp\/v2\/product"}],"about":[{"href":"https:\/\/singuli.wpress.me\/index.php\/wp-json\/wp\/v2\/types\/product"}],"version-history":[{"count":0,"href":"https:\/\/singuli.wpress.me\/index.php\/wp-json\/wp\/v2\/product\/44751\/revisions"}],"wp:featuredmedia":[{"embeddable":true,"href":"https:\/\/singuli.wpress.me\/index.php\/wp-json\/wp\/v2\/media\/44752"}],"wp:attachment":[{"href":"https:\/\/singuli.wpress.me\/index.php\/wp-json\/wp\/v2\/media?parent=44751"}],"wp:term":[{"taxonomy":"product_brand","embeddable":true,"href":"https:\/\/singuli.wpress.me\/index.php\/wp-json\/wp\/v2\/product_brand?post=44751"},{"taxonomy":"product_cat","embeddable":true,"href":"https:\/\/singuli.wpress.me\/index.php\/wp-json\/wp\/v2\/product_cat?post=44751"},{"taxonomy":"product_tag","embeddable":true,"href":"https:\/\/singuli.wpress.me\/index.php\/wp-json\/wp\/v2\/product_tag?post=44751"}],"curies":[{"name":"wp","href":"https:\/\/api.w.org\/{rel}","templated":true}]}}