{"id":44779,"date":"2026-04-20T12:36:45","date_gmt":"2026-04-20T12:36:45","guid":{"rendered":"https:\/\/singuli.wpress.me\/index.php\/proizvod\/laica-digitalna-vaga-ps7005\/"},"modified":"2026-04-20T12:36:45","modified_gmt":"2026-04-20T12:36:45","slug":"laica-digitalna-vaga-ps7005","status":"publish","type":"product","link":"https:\/\/singuli.wpress.me\/index.php\/proizvod\/laica-digitalna-vaga-ps7005\/","title":{"rendered":"LAICA, digitalna vaga, PS7005"},"content":{"rendered":"<p><span style=\"font-weight: bold\">Karakteristike digitalne vage:<\/span><br \/>\n\u2022 Mjeri te\u017einu, izra\u010dunava % tjelesne masti, % vode u tijelu, % skeletne muskulature, bazalni metabolizam i indeks tjelesne mase<br \/>\n\u2022 Automatski \u0161alje podatke o sastavu tijela na va\u0161 pametni telefon. Podr\u017eava bluetooth 4.0 ili noviju tehnologiju<br \/>\n\u2022 180 kg maksimalne te\u017eine<br \/>\n\u2022 To\u010dnost do 100g<br \/>\n\u2022 LCD zaslon<br \/>\n\u2022 Veli\u010dina LCD zaslona: 7,3 x 2,6 cm;<br \/>\n\u2022 Kaljeno staklo<br \/>\n\u2022 Dimenzije skale: 1,36 kg x 28 x 28 x 2,8 cm;<br \/>\n\u2022 Radi s baterijom koja je uklju\u010dena u paket<\/p>\n","protected":false},"excerpt":{"rendered":"<p>Mjeri razne informacije<br \/>\nTo\u010dnost do 100g<br \/>\nKapacitet: 180 kg<\/p>\n","protected":false},"featured_media":44780,"template":"","meta":{"_seopress_robots_primary_cat":"","_seopress_titles_title":"","_seopress_titles_desc":"","_seopress_robots_index":"","iawp_total_views":0},"product_brand":[148],"product_cat":[160,308],"product_tag":[],"class_list":{"0":"post-44779","1":"product","2":"type-product","3":"status-publish","4":"has-post-thumbnail","6":"product_brand-laica","7":"product_cat-mali-kucanski-aparati","8":"product_cat-osobne-vage-160","10":"first","11":"instock","12":"shipping-taxable","13":"purchasable","14":"product-type-simple"},"_links":{"self":[{"href":"https:\/\/singuli.wpress.me\/index.php\/wp-json\/wp\/v2\/product\/44779","targetHints":{"allow":["GET"]}}],"collection":[{"href":"https:\/\/singuli.wpress.me\/index.php\/wp-json\/wp\/v2\/product"}],"about":[{"href":"https:\/\/singuli.wpress.me\/index.php\/wp-json\/wp\/v2\/types\/product"}],"version-history":[{"count":0,"href":"https:\/\/singuli.wpress.me\/index.php\/wp-json\/wp\/v2\/product\/44779\/revisions"}],"wp:featuredmedia":[{"embeddable":true,"href":"https:\/\/singuli.wpress.me\/index.php\/wp-json\/wp\/v2\/media\/44780"}],"wp:attachment":[{"href":"https:\/\/singuli.wpress.me\/index.php\/wp-json\/wp\/v2\/media?parent=44779"}],"wp:term":[{"taxonomy":"product_brand","embeddable":true,"href":"https:\/\/singuli.wpress.me\/index.php\/wp-json\/wp\/v2\/product_brand?post=44779"},{"taxonomy":"product_cat","embeddable":true,"href":"https:\/\/singuli.wpress.me\/index.php\/wp-json\/wp\/v2\/product_cat?post=44779"},{"taxonomy":"product_tag","embeddable":true,"href":"https:\/\/singuli.wpress.me\/index.php\/wp-json\/wp\/v2\/product_tag?post=44779"}],"curies":[{"name":"wp","href":"https:\/\/api.w.org\/{rel}","templated":true}]}}