{"id":44823,"date":"2026-04-20T12:37:01","date_gmt":"2026-04-20T12:37:01","guid":{"rendered":"https:\/\/singuli.wpress.me\/index.php\/proizvod\/heinz-ketchup-od-rajcice-blagi-342-g\/"},"modified":"2026-04-20T12:37:01","modified_gmt":"2026-04-20T12:37:01","slug":"heinz-ketchup-od-rajcice-blagi-342-g","status":"publish","type":"product","link":"https:\/\/singuli.wpress.me\/index.php\/proizvod\/heinz-ketchup-od-rajcice-blagi-342-g\/","title":{"rendered":"HEINZ, ketchup od raj\u010dice, blagi, 342\u00a0g"},"content":{"rendered":"<p>Heinz ketchup blagog okusa je <span style=\"font-weight: bold\">popularan proizvod koji se koristi \u0161irom svijeta.<\/span> Heinz je poznati brend koji proizvodi razne prehrambene proizvode, a ketchup je jedan od njih.<\/p>\n<p>Heinz blagi ketchup je specifi\u010dan po svom blagom i nje\u017enom okusu. Izra\u0111en je od pa\u017eljivo odabranih raj\u010dica, kojima se dodaju odre\u0111ene za\u010dinske biljke i za\u010dini kako bi se postigao jedinstveni okus. Ovaj ketchup nudi uravnote\u017eenu kombinaciju slatko\u0107e i kiselosti, \u0161to ga \u010dini pogodnim za razli\u010dite namirnice i jela.<\/p>\n<p>Ovaj ketchup je izvrstan dodatak jelima poput hamburgera, sendvi\u010da, pomfrita, pohanog povr\u0107a i mnogih drugih. Njegova blaga aroma ne dominira okusom hrane, ve\u0107 ga nadopunjuje i \u010dini jo\u0161 ukusnijim. Tako\u0111er, mo\u017ee se koristiti kao sastojak u umacima, marinadama i ostalim receptima koji zahtijevaju dodatak ketchupa.<\/p>\n<p>Dolazi u prikladnim plasti\u010dnim bocama koje su jednostavne za upotrebu i \u010duvanje. Bocu je lako stisnuti kako bi se dobila \u017eeljena koli\u010dina ke\u010dapa, a \u010dep omogu\u0107ava jednostavno zatvaranje i \u010duvanje proizvoda.<\/p>\n<p>Kao i ostali proizvodi Heinz, ketchup se proizvodi s visokim standardima kvalitete i sigurnosti hrane. Brend Heinz je poznat po svom dugogodi\u0161njem iskustvu i predanosti u proizvodnji vrhunskih prehrambenih proizvoda.<\/p>\n","protected":false},"excerpt":{"rendered":"<p>Poznat po svom blagom i nje\u017enom okusu<br \/>\nIzra\u0111en od pa\u017eljivo odabranih sastojaka<br \/>\nProizvodi se s visokim standardima kvalitete i sigurnosti hrane<\/p>\n","protected":false},"featured_media":44824,"template":"","meta":{"_seopress_robots_primary_cat":"","_seopress_titles_title":"","_seopress_titles_desc":"","_seopress_robots_index":"","iawp_total_views":0},"product_brand":[395],"product_cat":[266,265,160],"product_tag":[],"class_list":{"0":"post-44823","1":"product","2":"type-product","3":"status-publish","4":"has-post-thumbnail","6":"product_brand-heinz","7":"product_cat-aparati-za-kuhanje-265","8":"product_cat-kuhinjski-aparati-160","9":"product_cat-mali-kucanski-aparati","11":"first","12":"outofstock","13":"shipping-taxable","14":"purchasable","15":"product-type-simple"},"_links":{"self":[{"href":"https:\/\/singuli.wpress.me\/index.php\/wp-json\/wp\/v2\/product\/44823","targetHints":{"allow":["GET"]}}],"collection":[{"href":"https:\/\/singuli.wpress.me\/index.php\/wp-json\/wp\/v2\/product"}],"about":[{"href":"https:\/\/singuli.wpress.me\/index.php\/wp-json\/wp\/v2\/types\/product"}],"version-history":[{"count":0,"href":"https:\/\/singuli.wpress.me\/index.php\/wp-json\/wp\/v2\/product\/44823\/revisions"}],"wp:featuredmedia":[{"embeddable":true,"href":"https:\/\/singuli.wpress.me\/index.php\/wp-json\/wp\/v2\/media\/44824"}],"wp:attachment":[{"href":"https:\/\/singuli.wpress.me\/index.php\/wp-json\/wp\/v2\/media?parent=44823"}],"wp:term":[{"taxonomy":"product_brand","embeddable":true,"href":"https:\/\/singuli.wpress.me\/index.php\/wp-json\/wp\/v2\/product_brand?post=44823"},{"taxonomy":"product_cat","embeddable":true,"href":"https:\/\/singuli.wpress.me\/index.php\/wp-json\/wp\/v2\/product_cat?post=44823"},{"taxonomy":"product_tag","embeddable":true,"href":"https:\/\/singuli.wpress.me\/index.php\/wp-json\/wp\/v2\/product_tag?post=44823"}],"curies":[{"name":"wp","href":"https:\/\/api.w.org\/{rel}","templated":true}]}}