{"id":44930,"date":"2026-04-20T12:37:38","date_gmt":"2026-04-20T12:37:38","guid":{"rendered":"https:\/\/singuli.wpress.me\/index.php\/proizvod\/spy-gear-igracka-ninja-surikeni\/"},"modified":"2026-04-20T12:37:38","modified_gmt":"2026-04-20T12:37:38","slug":"spy-gear-igracka-ninja-surikeni","status":"publish","type":"product","link":"https:\/\/singuli.wpress.me\/index.php\/proizvod\/spy-gear-igracka-ninja-surikeni\/","title":{"rendered":"SPY GEAR, igra\u010dka, Ninja \u0161urikeni"},"content":{"rendered":"<p>Probudi Ninju u sebi!<\/p>\n<p>Pjenasti \u0161urikeni jedinstvenih zna\u010dajki neka budu zabava tebi i dru\u0161tvu!<\/p>\n<p>Dob 6+<\/p>\n","protected":false},"excerpt":{"rendered":"<p>Pjenasti \u0161urikeni jedinstvenih zna\u010dajki<br \/>\nZabavna igra<br \/>\nDob: 6+ god<\/p>\n","protected":false},"featured_media":44931,"template":"","meta":{"_seopress_robots_primary_cat":"","_seopress_titles_title":"","_seopress_titles_desc":"","_seopress_robots_index":"","iawp_total_views":0},"product_brand":[905],"product_cat":[221,263],"product_tag":[],"class_list":{"0":"post-44930","1":"product","2":"type-product","3":"status-publish","4":"has-post-thumbnail","6":"product_brand-spy-gear","7":"product_cat-igracke","8":"product_cat-tematske-igracke-221","10":"first","11":"outofstock","12":"shipping-taxable","13":"purchasable","14":"product-type-simple"},"_links":{"self":[{"href":"https:\/\/singuli.wpress.me\/index.php\/wp-json\/wp\/v2\/product\/44930","targetHints":{"allow":["GET"]}}],"collection":[{"href":"https:\/\/singuli.wpress.me\/index.php\/wp-json\/wp\/v2\/product"}],"about":[{"href":"https:\/\/singuli.wpress.me\/index.php\/wp-json\/wp\/v2\/types\/product"}],"version-history":[{"count":0,"href":"https:\/\/singuli.wpress.me\/index.php\/wp-json\/wp\/v2\/product\/44930\/revisions"}],"wp:featuredmedia":[{"embeddable":true,"href":"https:\/\/singuli.wpress.me\/index.php\/wp-json\/wp\/v2\/media\/44931"}],"wp:attachment":[{"href":"https:\/\/singuli.wpress.me\/index.php\/wp-json\/wp\/v2\/media?parent=44930"}],"wp:term":[{"taxonomy":"product_brand","embeddable":true,"href":"https:\/\/singuli.wpress.me\/index.php\/wp-json\/wp\/v2\/product_brand?post=44930"},{"taxonomy":"product_cat","embeddable":true,"href":"https:\/\/singuli.wpress.me\/index.php\/wp-json\/wp\/v2\/product_cat?post=44930"},{"taxonomy":"product_tag","embeddable":true,"href":"https:\/\/singuli.wpress.me\/index.php\/wp-json\/wp\/v2\/product_tag?post=44930"}],"curies":[{"name":"wp","href":"https:\/\/api.w.org\/{rel}","templated":true}]}}