{"id":44973,"date":"2026-04-20T12:37:54","date_gmt":"2026-04-20T12:37:54","guid":{"rendered":"https:\/\/singuli.wpress.me\/index.php\/proizvod\/domo-do9225g-multi-rostilj\/"},"modified":"2026-04-20T12:37:54","modified_gmt":"2026-04-20T12:37:54","slug":"domo-do9225g-multi-rostilj","status":"publish","type":"product","link":"https:\/\/singuli.wpress.me\/index.php\/proizvod\/domo-do9225g-multi-rostilj\/","title":{"rendered":"DOMO DO9225G Multi, ro\u0161tilj"},"content":{"rendered":"<p>Ro\u0161tilj DO9225G Multi, savr\u0161en za pe\u010denje sendvi\u010da, mesa, ribe, povr\u0107a i sl.<br \/>\nPovr\u0161ina za pe\u010denje: 29,5 x 26,5 cm<br \/>\nPodesivi poklopac koji se automatski prilago\u0111ava veli\u010dini namirnica<br \/>\nPodesivi termostat<br \/>\nIndikatorska svjetla za uklju\u010divanje\/isklju\u010divanje i \u201espreman za upotrebu\u201c<br \/>\nPosuda za uklanjanje vi\u0161ka masno\u0107e<\/p>\n","protected":false},"excerpt":{"rendered":"<p>Visokokvalitetni premaz protiv prijanjanja<br \/>\nKu\u0107i\u0161te od nehr\u0111aju\u0107eg \u010delika<br \/>\nMo\u017ee se pohraniti uspravno, \u0161tede\u0107i prostor<\/p>\n","protected":false},"featured_media":44974,"template":"","meta":{"_seopress_robots_primary_cat":"","_seopress_titles_title":"","_seopress_titles_desc":"","_seopress_robots_index":"","iawp_total_views":0},"product_brand":[255],"product_cat":[192,267],"product_tag":[],"class_list":{"0":"post-44973","1":"product","2":"type-product","3":"status-publish","4":"has-post-thumbnail","6":"product_brand-domo","7":"product_cat-aparati-za-osobnu-njegu","8":"product_cat-zdravstveni-uredaji-192","10":"first","11":"outofstock","12":"shipping-taxable","13":"purchasable","14":"product-type-simple"},"_links":{"self":[{"href":"https:\/\/singuli.wpress.me\/index.php\/wp-json\/wp\/v2\/product\/44973","targetHints":{"allow":["GET"]}}],"collection":[{"href":"https:\/\/singuli.wpress.me\/index.php\/wp-json\/wp\/v2\/product"}],"about":[{"href":"https:\/\/singuli.wpress.me\/index.php\/wp-json\/wp\/v2\/types\/product"}],"version-history":[{"count":0,"href":"https:\/\/singuli.wpress.me\/index.php\/wp-json\/wp\/v2\/product\/44973\/revisions"}],"wp:featuredmedia":[{"embeddable":true,"href":"https:\/\/singuli.wpress.me\/index.php\/wp-json\/wp\/v2\/media\/44974"}],"wp:attachment":[{"href":"https:\/\/singuli.wpress.me\/index.php\/wp-json\/wp\/v2\/media?parent=44973"}],"wp:term":[{"taxonomy":"product_brand","embeddable":true,"href":"https:\/\/singuli.wpress.me\/index.php\/wp-json\/wp\/v2\/product_brand?post=44973"},{"taxonomy":"product_cat","embeddable":true,"href":"https:\/\/singuli.wpress.me\/index.php\/wp-json\/wp\/v2\/product_cat?post=44973"},{"taxonomy":"product_tag","embeddable":true,"href":"https:\/\/singuli.wpress.me\/index.php\/wp-json\/wp\/v2\/product_tag?post=44973"}],"curies":[{"name":"wp","href":"https:\/\/api.w.org\/{rel}","templated":true}]}}