{"id":45013,"date":"2026-04-20T12:38:07","date_gmt":"2026-04-20T12:38:07","guid":{"rendered":"https:\/\/singuli.wpress.me\/index.php\/proizvod\/glade-lavanda-i-jasmin-punjenje-za-osvjezivac-zraka-duopack-2x10ml-20-ml\/"},"modified":"2026-04-21T00:27:28","modified_gmt":"2026-04-21T00:27:28","slug":"glade-lavanda-i-jasmin-punjenje-za-osvjezivac-zraka-duopack-2x10ml-20-ml","status":"publish","type":"product","link":"https:\/\/singuli.wpress.me\/index.php\/proizvod\/glade-lavanda-i-jasmin-punjenje-za-osvjezivac-zraka-duopack-2x10ml-20-ml\/","title":{"rendered":"GLADE Lavanda i Jasmin, punjenje za osvje\u017eiva\u010d zraka, duopack 2x10ml, 20\u00a0ml"},"content":{"rendered":"<h2>Glade&reg; Touch &amp; Fresh&reg; Duopack &ndash; Dvostruka Svje\u017eina<\/h2>\n<p>Prepustite se dvostrukoj koncentriranoj svje\u017eini i udvostru\u010dite eleganciju u svom domu uz <strong>Glade&reg; touch &amp; fresh&reg; Duopack<\/strong>. Ovaj set nudi Vam izbor izme\u0111u dva jedinstvena, diskretna mirisna iskustva:<\/p>\n<ol>\n<li><strong>Relaxing Zen:<\/strong> U\u017eivajte u ljepoti dana dok se osvje\u017eavaju\u0107 i poletan miris zumbula uz slatki miris so\u010dne kru\u0161ke stapaju s nje\u017enim mirisom \u0111ur\u0111ica i kremastog mo\u0161usa. Savr\u0161en spoj za mir i uravnote\u017eenost.<\/li>\n<li><strong>Soothing Lavender (Umiruju\u0107a Lavanda):<\/strong> Pustite da klasi\u010dni, umiruju\u0107i miris polja lavande ispuni Va\u0161 prostor, donose\u0107i osje\u0107aj \u010disto\u0107e, opu\u0161tenosti i spokoja.<\/li>\n<\/ol>\n<p>Svaki Glade&reg; touch &amp; fresh&reg; osvje\u017eiva\u010d pru\u017ea <strong>koncentriranu svje\u017einu u diskretnom i elegantnom dizajnu<\/strong>. Samo <strong>jedan dodir<\/strong> dovoljan je za trenutno osvje\u017eavanje prostorije.<\/p>\n<p>Glade&reg; touch &amp; fresh&reg; sustav je prenosiv, fleksibilan i jednostavan za kori\u0161tenje. Pogodan je za postavljanje na <strong>zid<\/strong>, na svaku <strong>ravnu povr\u0161inu<\/strong> ili za kori\u0161tenje <strong>u ruci<\/strong> za ciljanu svje\u017einu, omogu\u0107uju\u0107i Vam trenutnu transformaciju bilo kojeg kuta Va\u0161eg doma.<\/p>\n<h3>Izdvojene Karakteristike:<\/h3>\n<ul>\n<li><strong>DUOPACK PREDNOST:<\/strong> Uklju\u010duje dva razli\u010dita mirisa &ndash; Lavandu i Relaxing Zen &ndash; za dvostruki izbor i razli\u010dito raspolo\u017eenje u svakoj prostoriji.<\/li>\n<li><strong>TRENUTNA SVJE\u017dINA NA DODIR:<\/strong> Koncentrirana formula pru\u017ea sna\u017eno osvje\u017eenje samo jednim pritiskom.<\/li>\n<li><strong>UNIVERZALNA PRIMJENA:<\/strong> Prenosiv dizajn pogodan za zidnu monta\u017eu, postavljanje na ravne povr\u0161ine ili kori\u0161tenje u ruci.<\/li>\n<\/ul>\n<h3>Upute za uporabu:<\/h3>\n<ol>\n<li>Otvorite poklopac i umetnite punjenje u Glade&reg; touch &amp; fresh&reg; osvje\u017eiva\u010d, dok ne za\u010dujete &quot;klik&quot;.<\/li>\n<li>Ne usmjeravajte osvje\u017eiva\u010d prema o\u010dima. Zaklopite poklopac i pritisnite po sredini baze kako bi ispustili miris.<\/li>\n<\/ol>\n","protected":false},"excerpt":{"rendered":"<p>Uklju\u010duje dva razli\u010dita mirisa \u2013 Lavandu i Relaxing Zen \u2013 za dvostruki izbor i razli\u010dito raspolo\u017eenje u svakoj prostoriji<br \/>\nKoncentrirana formula pru\u017ea sna\u017eno osvje\u017eenje samo jednim pritiskom<\/p>\n","protected":false},"featured_media":45014,"template":"","meta":{"_seopress_robots_primary_cat":"","_seopress_titles_title":"","_seopress_titles_desc":"","_seopress_robots_index":"","iawp_total_views":0},"product_brand":[405],"product_cat":[243,272],"product_tag":[],"class_list":{"0":"post-45013","1":"product","2":"type-product","3":"status-publish","4":"has-post-thumbnail","6":"product_brand-glade","7":"product_cat-automobili-i-motori","8":"product_cat-motorna-ulja-243","10":"first","11":"instock","12":"shipping-taxable","13":"purchasable","14":"product-type-simple"},"_links":{"self":[{"href":"https:\/\/singuli.wpress.me\/index.php\/wp-json\/wp\/v2\/product\/45013","targetHints":{"allow":["GET"]}}],"collection":[{"href":"https:\/\/singuli.wpress.me\/index.php\/wp-json\/wp\/v2\/product"}],"about":[{"href":"https:\/\/singuli.wpress.me\/index.php\/wp-json\/wp\/v2\/types\/product"}],"version-history":[{"count":0,"href":"https:\/\/singuli.wpress.me\/index.php\/wp-json\/wp\/v2\/product\/45013\/revisions"}],"wp:featuredmedia":[{"embeddable":true,"href":"https:\/\/singuli.wpress.me\/index.php\/wp-json\/wp\/v2\/media\/45014"}],"wp:attachment":[{"href":"https:\/\/singuli.wpress.me\/index.php\/wp-json\/wp\/v2\/media?parent=45013"}],"wp:term":[{"taxonomy":"product_brand","embeddable":true,"href":"https:\/\/singuli.wpress.me\/index.php\/wp-json\/wp\/v2\/product_brand?post=45013"},{"taxonomy":"product_cat","embeddable":true,"href":"https:\/\/singuli.wpress.me\/index.php\/wp-json\/wp\/v2\/product_cat?post=45013"},{"taxonomy":"product_tag","embeddable":true,"href":"https:\/\/singuli.wpress.me\/index.php\/wp-json\/wp\/v2\/product_tag?post=45013"}],"curies":[{"name":"wp","href":"https:\/\/api.w.org\/{rel}","templated":true}]}}