{"id":45111,"date":"2026-04-20T12:38:45","date_gmt":"2026-04-20T12:38:45","guid":{"rendered":"https:\/\/singuli.wpress.me\/index.php\/proizvod\/ariel-extra-clean-power-praskasti-deterdzent-4-55kg-70-pranja\/"},"modified":"2026-04-21T00:27:29","modified_gmt":"2026-04-21T00:27:29","slug":"ariel-extra-clean-power-praskasti-deterdzent-4-55kg-70-pranja","status":"publish","type":"product","link":"https:\/\/singuli.wpress.me\/index.php\/proizvod\/ariel-extra-clean-power-praskasti-deterdzent-4-55kg-70-pranja\/","title":{"rendered":"ARIEL  +Extra Clean Power, pra\u0161kasti deterd\u017eent, 4.55kg, 70\u00a0pranja"},"content":{"rendered":"<p><span style=\"font-weight: bold\">Ariel +Extra Clean Power pra\u0161kasti deterd\u017eent<\/span>, s tehnologijom protiv tragova deterd\u017eenta podi\u017ee \u010di\u0161\u0107enje na novu razinu pri ni\u017eim temperaturama pranja: njegova formula sadr\u017ei dodatnu snagu za uklanjanje mrlja, pru\u017eaju\u0107i intenzivnu Arielovu snagu \u010di\u0161\u0107enja za dodatnu higijenu. Inovativna formula AquaPuder brzo se otapa u dodiru s vodom, aktivira se u trenu i prodire duboko u vlakna. <\/p>\n<p>Pra\u0161kasti deterd\u017eent Ariel +Extra Clean Power <span style=\"font-weight: bold\">toliko je sna\u017ean da uklanja \u010dak i tvrdokorne<\/span>, osu\u0161ene mrlje, pa i one od znoja i tjelesnih mirisa koje uzrokuju neugodne mirise. Njegova jedinstvena tehnologija protiv tragova deterd\u017eenta poma\u017ee sprije\u010diti zadr\u017eavanje tragova pra\u0161ka.<\/p>\n<p>Snizite temperaturu pranja na 30 \u00b0C i u\u0161tedite do 60% energije! (Potro\u0161nja energije perilice rublja, od 60 \u00b0C do 30 \u00b0C, normalni program pranja).<\/p>\n<p>Osim toga, Ariel +Extra Clean Power dolazi u pakiranju koje se mo\u017ee reciklirati, a dostupan je i kao teku\u0107i deterd\u017eent i u obliku kapsula.<\/p>\n","protected":false},"excerpt":{"rendered":"<p>Mo\u0107na OXI formula uklanja i tvrdokorne, osu\u0161ene mrlje<br \/>\nDodatna snaga uklanjanja mrlja za intenzivno \u010di\u0161\u0107enje i dodatnu higijenu<br \/>\nPreporu\u010dena marka deterd\u017eenta<\/p>\n","protected":false},"featured_media":45112,"template":"","meta":{"_seopress_robots_primary_cat":"","_seopress_titles_title":"","_seopress_titles_desc":"","_seopress_robots_index":"","iawp_total_views":0},"product_brand":[427],"product_cat":[283,238],"product_tag":[],"class_list":{"0":"post-45111","1":"product","2":"type-product","3":"status-publish","4":"has-post-thumbnail","6":"product_brand-ariel","7":"product_cat-pranje-rublja-238","8":"product_cat-sve-za-dom","10":"first","11":"outofstock","12":"shipping-taxable","13":"purchasable","14":"product-type-simple"},"_links":{"self":[{"href":"https:\/\/singuli.wpress.me\/index.php\/wp-json\/wp\/v2\/product\/45111","targetHints":{"allow":["GET"]}}],"collection":[{"href":"https:\/\/singuli.wpress.me\/index.php\/wp-json\/wp\/v2\/product"}],"about":[{"href":"https:\/\/singuli.wpress.me\/index.php\/wp-json\/wp\/v2\/types\/product"}],"version-history":[{"count":0,"href":"https:\/\/singuli.wpress.me\/index.php\/wp-json\/wp\/v2\/product\/45111\/revisions"}],"wp:featuredmedia":[{"embeddable":true,"href":"https:\/\/singuli.wpress.me\/index.php\/wp-json\/wp\/v2\/media\/45112"}],"wp:attachment":[{"href":"https:\/\/singuli.wpress.me\/index.php\/wp-json\/wp\/v2\/media?parent=45111"}],"wp:term":[{"taxonomy":"product_brand","embeddable":true,"href":"https:\/\/singuli.wpress.me\/index.php\/wp-json\/wp\/v2\/product_brand?post=45111"},{"taxonomy":"product_cat","embeddable":true,"href":"https:\/\/singuli.wpress.me\/index.php\/wp-json\/wp\/v2\/product_cat?post=45111"},{"taxonomy":"product_tag","embeddable":true,"href":"https:\/\/singuli.wpress.me\/index.php\/wp-json\/wp\/v2\/product_tag?post=45111"}],"curies":[{"name":"wp","href":"https:\/\/api.w.org\/{rel}","templated":true}]}}